-- http://www.phpmyadmin.net
--
-- Client: 127.0.0.1
-- Généré le: Mer 19 Février 2014 à 09:55
-- Version du serveur: 5.6.12-log
-- Version de PHP: 5.5.8




--
-- Base de données: `melimelo`
--
CREATE DATABASE IF NOT EXISTS `melimelo` DEFAULT CHARACTER SET latin1 COLLATE latin1_swedish_ci;
USE `melimelo`;

-- --------------------------------------------------------

--
-- Structure de la table `spip_articles`
--

CREATE TABLE IF NOT EXISTS `spip_articles` (
  `id_article` bigint(21) NOT NULL AUTO_INCREMENT,
  `surtitre` text NOT NULL,
  `titre` text NOT NULL,
  `soustitre` text NOT NULL,
  `id_rubrique` bigint(21) NOT NULL DEFAULT '0',
  `descriptif` text NOT NULL,
  `chapo` mediumtext NOT NULL,
  `texte` longtext NOT NULL,
  `ps` mediumtext NOT NULL,
  `date` datetime NOT NULL DEFAULT '0000-00-00 00:00:00',
  `statut` varchar(10) NOT NULL DEFAULT '0',
  `id_secteur` bigint(21) NOT NULL DEFAULT '0',
  `maj` timestamp NOT NULL DEFAULT CURRENT_TIMESTAMP ON UPDATE CURRENT_TIMESTAMP,
  `export` varchar(10) DEFAULT 'oui',
  `date_redac` datetime NOT NULL DEFAULT '0000-00-00 00:00:00',
  `visites` int(11) NOT NULL DEFAULT '0',
  `referers` int(11) NOT NULL DEFAULT '0',
  `popularite` double NOT NULL DEFAULT '0',
  `accepter_forum` char(3) NOT NULL DEFAULT '',
  `date_modif` datetime NOT NULL DEFAULT '0000-00-00 00:00:00',
  `lang` varchar(10) NOT NULL DEFAULT '',
  `langue_choisie` varchar(3) DEFAULT 'non',
  `id_trad` bigint(21) NOT NULL DEFAULT '0',
  `nom_site` tinytext NOT NULL,
  `url_site` varchar(255) NOT NULL DEFAULT '',
  `virtuel` varchar(255) NOT NULL DEFAULT '',
  `mosaique` varchar(255) NOT NULL DEFAULT '',
  PRIMARY KEY (`id_article`),
  KEY `id_rubrique` (`id_rubrique`),
  KEY `id_secteur` (`id_secteur`),
  KEY `id_trad` (`id_trad`),
  KEY `lang` (`lang`),
  KEY `statut` (`statut`,`date`)
) ENGINE=InnoDB  DEFAULT CHARSET=utf8 AUTO_INCREMENT=20 ;

--
-- Contenu de la table `spip_articles`
--

INSERT INTO `spip_articles` (`id_article`, `surtitre`, `titre`, `soustitre`, `id_rubrique`, `descriptif`, `chapo`, `texte`, `ps`, `date`, `statut`, `id_secteur`, `maj`, `export`, `date_redac`, `visites`, `referers`, `popularite`, `accepter_forum`, `date_modif`, `lang`, `langue_choisie`, `id_trad`, `nom_site`, `url_site`, `virtuel`, `mosaique`) VALUES
(1, '', 'pourquoi', '', 2, '', '', '', '', '2014-02-14 07:38:12', 'publie', 1, '2014-02-14 06:52:17', 'oui', '0000-00-00 00:00:00', 0, 0, 0, 'pos', '2014-02-14 07:52:17', 'fr', 'non', 0, '', '', '', ''),
(2, '', 'L''eau chez vous', '', 3, '', '', '', '', '2014-02-14 10:54:24', 'publie', 1, '2014-02-14 09:54:24', 'oui', '0000-00-00 00:00:00', 0, 0, 0, 'pos', '2014-02-14 10:54:10', 'fr', 'non', 0, '', '', '', ''),
(3, '', 'le prix de l''eau', '', 9, '', '', '', '', '2014-02-14 11:04:30', 'publie', 1, '2014-02-14 10:05:21', 'oui', '0000-00-00 00:00:00', 0, 0, 0, 'pos', '2014-02-14 11:05:21', 'fr', 'non', 0, '', '', 'rubrique8', ''),
(4, '', 'L’eau et la sante', '', 5, '', '', '', '', '2014-02-14 23:04:59', 'publie', 1, '2014-02-17 22:25:42', 'oui', '0000-00-00 00:00:00', 0, 0, 0, 'pos', '2014-02-17 23:25:42', 'fr', 'non', 0, '', '', '', ''),
(5, '', 'l’eau dans la ville', '', 4, '', '', '', '', '2014-02-14 23:04:57', 'publie', 1, '2014-02-14 22:04:57', 'oui', '0000-00-00 00:00:00', 0, 0, 0, 'pos', '2014-02-14 23:03:21', 'fr', 'non', 0, '', '', '', ''),
(6, '', 'l’eau dans la nature', '', 6, '', '', '', '', '2014-02-14 23:04:55', 'publie', 1, '2014-02-14 22:04:55', 'oui', '0000-00-00 00:00:00', 0, 0, 0, 'pos', '2014-02-14 23:03:56', 'fr', 'non', 0, '', '', '', ''),
(7, '', 'accueil', '', 10, 'Mot de bienvenue', '', '<p>\n	ceci est un mot de bienvenue</p>\n', '', '2014-02-14 23:04:53', 'publie', 1, '2014-02-17 21:58:14', 'oui', '0000-00-00 00:00:00', 0, 0, 0, 'pos', '2014-02-17 22:58:14', 'fr', 'non', 0, '', '', '', ''),
(8, '', ' la rarete de l''eau', '', 11, '', '', '', '', '2014-02-15 07:30:47', 'publie', 1, '2014-02-15 06:31:00', 'oui', '0000-00-00 00:00:00', 0, 0, 0, 'pos', '2014-02-15 07:31:00', 'fr', 'non', 0, '', '', 'rubrique8', ''),
(9, '', 'Les médicaments dans l''eau', '', 12, '', '', '', '', '2014-02-15 19:38:17', 'publie', 1, '2014-02-15 18:38:26', 'oui', '0000-00-00 00:00:00', 0, 0, 0, 'pos', '2014-02-15 19:38:26', 'fr', 'non', 0, '', '', 'rubrique8', ''),
(10, '', '1. slide1', '', 13, '', '', '<h1>\n	Snowflake is super responsive</h1>\n<h2>\n	Lightweight Bootstrap 960 grid</h2>\n<h2>\n	Looks great on tablets &amp; Smartphones</h2>\n', '', '2014-02-15 22:18:48', 'publie', 1, '2014-02-17 05:39:42', 'oui', '0000-00-00 00:00:00', 0, 0, 0, 'pos', '2014-02-17 06:39:42', 'fr', 'non', 0, '', '', '', ''),
(11, '', '2. slider2', '', 13, '', '', '<p>test</p>', '', '2014-02-17 20:21:00', 'publie', 1, '2014-02-19 02:39:08', 'oui', '0000-00-00 00:00:00', 0, 0, 0, 'non', '2014-02-17 20:20:55', 'fr', 'non', 0, '', '', '', ''),
(12, '', 'Le prix de l’eau', '', 8, '', '', '', '', '2014-02-17 23:41:28', 'publie', 1, '2014-02-19 06:56:39', 'oui', '0000-00-00 00:00:00', 0, 0, 0, 'pos', '2014-02-19 07:56:39', 'fr', 'non', 0, '', '', '', '9,7'),
(13, '', 'Contact', '', 14, '', '', '', '', '2014-02-18 16:14:51', 'publie', 1, '2014-02-18 15:14:51', 'oui', '0000-00-00 00:00:00', 0, 0, 0, 'pos', '2014-02-18 16:14:46', 'fr', 'non', 0, '', '', '', ''),
(14, '', 'Partenaire-Liens', '', 17, '', '', '', '', '2014-02-18 17:33:26', 'poubelle', 1, '2014-02-18 16:53:38', 'oui', '0000-00-00 00:00:00', 0, 0, 0, 'pos', '2014-02-18 17:46:09', 'fr', 'non', 0, '', '', '', ''),
(15, '', 'Mélimélo a démélé ', '', 17, '', '', '', '', '2014-02-18 17:34:33', 'poubelle', 1, '2014-02-18 16:53:15', 'oui', '0000-00-00 00:00:00', 0, 0, 0, 'pos', '2014-02-18 17:53:02', 'fr', 'non', 0, '', '', '', ''),
(16, '', 'Footer', '', 1, '', '', '', '', '2014-02-18 17:43:02', 'publie', 1, '2014-02-18 16:55:41', 'oui', '0000-00-00 00:00:00', 0, 0, 0, 'pos', '2014-02-18 17:55:41', 'fr', 'non', 0, '', '', '', ''),
(17, '', 'Social', '', 17, '', '', '', '', '2014-02-18 17:45:30', 'poubelle', 1, '2014-02-18 16:57:01', 'oui', '0000-00-00 00:00:00', 0, 0, 0, 'pos', '2014-02-18 17:57:01', 'fr', 'non', 0, '', '', '', ''),
(18, '', 'Plan du site', '', 18, '', '', '', '', '2014-02-19 03:22:14', 'publie', 1, '2014-02-19 02:22:14', 'oui', '0000-00-00 00:00:00', 0, 0, 0, 'pos', '2014-02-19 03:22:07', 'fr', 'non', 0, '', '', '', ''),
(19, '', 'Mentions légales', '', 19, '', '', '', '', '2014-02-19 03:23:14', 'publie', 1, '2014-02-19 02:23:14', 'oui', '0000-00-00 00:00:00', 0, 0, 0, 'pos', '2014-02-19 03:23:09', 'fr', 'non', 0, '', '', '', '');

-- --------------------------------------------------------

--
-- Structure de la table `spip_auteurs`
--

CREATE TABLE IF NOT EXISTS `spip_auteurs` (
  `id_auteur` bigint(21) NOT NULL AUTO_INCREMENT,
  `nom` text NOT NULL,
  `bio` text NOT NULL,
  `email` tinytext NOT NULL,
  `nom_site` tinytext NOT NULL,
  `url_site` text NOT NULL,
  `login` varchar(255) CHARACTER SET utf8 COLLATE utf8_bin DEFAULT NULL,
  `pass` tinytext NOT NULL,
  `low_sec` tinytext NOT NULL,
  `statut` varchar(255) NOT NULL DEFAULT '0',
  `webmestre` varchar(3) NOT NULL DEFAULT 'non',
  `maj` timestamp NOT NULL DEFAULT CURRENT_TIMESTAMP ON UPDATE CURRENT_TIMESTAMP,
  `pgp` text NOT NULL,
  `htpass` tinytext NOT NULL,
  `en_ligne` datetime NOT NULL DEFAULT '0000-00-00 00:00:00',
  `alea_actuel` tinytext,
  `alea_futur` tinytext,
  `prefs` tinytext,
  `cookie_oubli` tinytext,
  `source` varchar(10) NOT NULL DEFAULT 'spip',
  `lang` varchar(10) NOT NULL DEFAULT '',
  `imessage` varchar(3) DEFAULT NULL,
  `messagerie` varchar(3) DEFAULT NULL,
  PRIMARY KEY (`id_auteur`),
  KEY `login` (`login`),
  KEY `statut` (`statut`),
  KEY `en_ligne` (`en_ligne`)
) ENGINE=InnoDB  DEFAULT CHARSET=utf8 AUTO_INCREMENT=2 ;

--
-- Contenu de la table `spip_auteurs`
--

INSERT INTO `spip_auteurs` (`id_auteur`, `nom`, `bio`, `email`, `nom_site`, `url_site`, `login`, `pass`, `low_sec`, `statut`, `webmestre`, `maj`, `pgp`, `htpass`, `en_ligne`, `alea_actuel`, `alea_futur`, `prefs`, `cookie_oubli`, `source`, `lang`, `imessage`, `messagerie`) VALUES
(1, 'melimelo', '', 'melimelo@melimelo.com', '', '', 'melimelo', 'ecf5b0c7000c7a35c33396d66dc28adf8a96b7b226ba17f2a81b710b09ce5662', 'JHqifqLC', '0minirezo', 'oui', '2014-02-19 07:32:20', '', '$1$rauQAMLz$wiL9Aq5o7WVFqTKqnJRI41', '2014-02-19 08:32:20', '12314176485301a0274c3360.45655163', '19213902445302f278141876.51500817', 'a:5:{s:7:"couleur";i:1;s:7:"display";i:2;s:18:"display_navigation";s:22:"navigation_avec_icones";s:14:"display_outils";s:3:"oui";s:3:"cnx";s:5:"perma";}', NULL, 'spip', '', NULL, NULL);

-- --------------------------------------------------------

--
-- Structure de la table `spip_auteurs_liens`
--

CREATE TABLE IF NOT EXISTS `spip_auteurs_liens` (
  `id_auteur` bigint(21) NOT NULL DEFAULT '0',
  `id_objet` bigint(21) NOT NULL DEFAULT '0',
  `objet` varchar(25) NOT NULL DEFAULT '',
  `vu` varchar(6) NOT NULL DEFAULT 'non',
  PRIMARY KEY (`id_auteur`,`id_objet`,`objet`),
  KEY `id_auteur` (`id_auteur`),
  KEY `id_objet` (`id_objet`),
  KEY `objet` (`objet`)
) ENGINE=InnoDB DEFAULT CHARSET=utf8;

--
-- Contenu de la table `spip_auteurs_liens`
--

INSERT INTO `spip_auteurs_liens` (`id_auteur`, `id_objet`, `objet`, `vu`) VALUES
(1, 1, 'article', 'non'),
(1, 2, 'article', 'non'),
(1, 3, 'article', 'non'),
(1, 4, 'article', 'non'),
(1, 5, 'article', 'non'),
(1, 6, 'article', 'non'),
(1, 7, 'article', 'non'),
(1, 8, 'article', 'non'),
(1, 9, 'article', 'non'),
(1, 10, 'article', 'non'),
(1, 11, 'article', 'non'),
(1, 12, 'article', 'non'),
(1, 13, 'article', 'non'),
(1, 14, 'article', 'non'),
(1, 15, 'article', 'non'),
(1, 16, 'article', 'non'),
(1, 17, 'article', 'non'),
(1, 18, 'article', 'non'),
(1, 19, 'article', 'non');

-- --------------------------------------------------------

--
-- Structure de la table `spip_breves`
--

CREATE TABLE IF NOT EXISTS `spip_breves` (
  `id_breve` bigint(21) NOT NULL AUTO_INCREMENT,
  `date_heure` datetime NOT NULL DEFAULT '0000-00-00 00:00:00',
  `titre` text NOT NULL,
  `texte` longtext NOT NULL,
  `lien_titre` text NOT NULL,
  `lien_url` text NOT NULL,
  `statut` varchar(6) NOT NULL DEFAULT '0',
  `id_rubrique` bigint(21) NOT NULL DEFAULT '0',
  `lang` varchar(10) NOT NULL DEFAULT '',
  `langue_choisie` varchar(3) DEFAULT 'non',
  `maj` timestamp NOT NULL DEFAULT CURRENT_TIMESTAMP ON UPDATE CURRENT_TIMESTAMP,
  PRIMARY KEY (`id_breve`),
  KEY `id_rubrique` (`id_rubrique`)
) ENGINE=InnoDB DEFAULT CHARSET=utf8 AUTO_INCREMENT=1 ;

-- --------------------------------------------------------

--
-- Structure de la table `spip_depots`
--

CREATE TABLE IF NOT EXISTS `spip_depots` (
  `id_depot` bigint(21) NOT NULL AUTO_INCREMENT,
  `titre` text NOT NULL,
  `descriptif` text NOT NULL,
  `type` varchar(10) NOT NULL DEFAULT '',
  `url_serveur` varchar(255) NOT NULL DEFAULT '',
  `url_brouteur` varchar(255) NOT NULL DEFAULT '',
  `url_archives` varchar(255) NOT NULL DEFAULT '',
  `url_commits` varchar(255) NOT NULL DEFAULT '',
  `xml_paquets` varchar(255) NOT NULL DEFAULT '',
  `sha_paquets` varchar(40) NOT NULL DEFAULT '',
  `nbr_paquets` int(11) NOT NULL DEFAULT '0',
  `nbr_plugins` int(11) NOT NULL DEFAULT '0',
  `nbr_autres` int(11) NOT NULL DEFAULT '0',
  `maj` timestamp NOT NULL DEFAULT CURRENT_TIMESTAMP ON UPDATE CURRENT_TIMESTAMP,
  PRIMARY KEY (`id_depot`)
) ENGINE=InnoDB DEFAULT CHARSET=utf8 AUTO_INCREMENT=1 ;

-- --------------------------------------------------------

--
-- Structure de la table `spip_depots_plugins`
--

CREATE TABLE IF NOT EXISTS `spip_depots_plugins` (
  `id_depot` bigint(21) NOT NULL,
  `id_plugin` bigint(21) NOT NULL,
  PRIMARY KEY (`id_depot`,`id_plugin`)
) ENGINE=InnoDB DEFAULT CHARSET=utf8;

-- --------------------------------------------------------

--
-- Structure de la table `spip_documents`
--

CREATE TABLE IF NOT EXISTS `spip_documents` (
  `id_document` bigint(21) NOT NULL AUTO_INCREMENT,
  `id_vignette` bigint(21) NOT NULL DEFAULT '0',
  `extension` varchar(10) NOT NULL DEFAULT '',
  `titre` text NOT NULL,
  `date` datetime NOT NULL DEFAULT '0000-00-00 00:00:00',
  `descriptif` text NOT NULL,
  `fichier` text NOT NULL,
  `taille` bigint(20) DEFAULT NULL,
  `largeur` int(11) DEFAULT NULL,
  `hauteur` int(11) DEFAULT NULL,
  `media` varchar(10) NOT NULL DEFAULT 'file',
  `mode` varchar(10) NOT NULL DEFAULT 'document',
  `distant` varchar(3) DEFAULT 'non',
  `statut` varchar(10) NOT NULL DEFAULT '0',
  `credits` varchar(255) NOT NULL DEFAULT '',
  `date_publication` datetime NOT NULL DEFAULT '0000-00-00 00:00:00',
  `brise` tinyint(4) DEFAULT '0',
  `maj` timestamp NOT NULL DEFAULT CURRENT_TIMESTAMP ON UPDATE CURRENT_TIMESTAMP,
  `contenu` text NOT NULL,
  `extrait` varchar(3) NOT NULL DEFAULT 'non',
  PRIMARY KEY (`id_document`),
  KEY `id_vignette` (`id_vignette`),
  KEY `mode` (`mode`),
  KEY `extension` (`extension`)
) ENGINE=InnoDB  DEFAULT CHARSET=utf8 AUTO_INCREMENT=14 ;

--
-- Contenu de la table `spip_documents`
--

INSERT INTO `spip_documents` (`id_document`, `id_vignette`, `extension`, `titre`, `date`, `descriptif`, `fichier`, `taille`, `largeur`, `hauteur`, `media`, `mode`, `distant`, `statut`, `credits`, `date_publication`, `brise`, `maj`, `contenu`, `extrait`) VALUES
(1, 0, 'gif', '', '2014-02-14 07:43:36', '', 'gif/m_seul_logo.gif', 15599, 398, 477, 'image', 'image', 'non', 'prop', '', '0000-00-00 00:00:00', 0, '2014-02-14 06:43:36', '', 'non'),
(2, 0, 'png', '', '2014-02-14 07:52:17', '', 'png/m_melimelo_logo.png', 79166, 1020, 477, 'image', 'image', 'non', 'publie', '', '1970-01-01 01:00:00', 0, '2014-02-14 06:52:17', '', 'non'),
(3, 4, 'gif', '', '2014-02-17 06:39:41', '', 'gif/m_seul_logo-2.gif', 15599, 398, 477, 'image', 'document', 'non', 'publie', '', '1970-01-01 01:00:00', 0, '2014-02-17 05:50:40', '', 'non'),
(4, 0, 'png', '', '2014-02-17 06:40:52', '', 'png/m_melimelo_logo-2.png', 79166, 1020, 477, 'image', 'vignette', 'non', 'prop', '', '0000-00-00 00:00:00', 0, '2014-02-17 05:43:00', '', 'non'),
(5, 0, 'png', '', '2014-02-17 07:02:40', '', 'png/m_melimelo_logo-3.png', 79166, 1020, 477, 'image', 'image', 'non', 'publie', '', '1970-01-01 01:00:00', 0, '2014-02-17 06:02:40', '', 'non'),
(6, 0, 'png', '', '2014-02-17 07:02:51', '', 'png/m_melimelo_logo-4.png', 79166, 1020, 477, 'image', 'image', 'non', 'publie', '', '1970-01-01 01:00:00', 0, '2014-02-17 06:02:52', '', 'non'),
(7, 8, 'jpg', '', '2014-02-19 07:01:48', '', 'jpg/01_manque_eau.jpg', 345402, 1000, 1000, 'image', 'document', 'non', 'publie', '', '1970-01-01 01:00:00', 0, '2014-02-19 06:05:53', '', 'non'),
(8, 0, 'jpg', '', '2014-02-19 07:03:44', '', 'jpg/01_manque_eau-2.jpg', 345402, 1000, 1000, 'image', 'vignette', 'non', 'prop', '', '0000-00-00 00:00:00', 0, '2014-02-19 06:03:44', '', 'non'),
(9, 0, 'jpg', '', '2014-02-19 07:04:40', '', 'jpg/02_manque_eau.jpg', 212799, 1000, 1000, 'image', 'document', 'non', 'publie', '', '1970-01-01 01:00:00', 0, '2014-02-19 06:05:58', '', 'non'),
(10, 0, 'doc', '', '2014-02-19 07:10:12', '', 'doc/medicaments_13_septembre_2013_1_.doc', 592384, 0, 0, 'file', 'document', 'non', 'publie', '', '1970-01-01 01:00:00', 0, '2014-02-19 06:10:12', '', 'non'),
(11, 0, 'pdf', '', '2014-02-19 07:11:26', '', 'pdf/melimelo_presentation_janv14.pdf', 675826, 0, 0, 'file', 'document', 'non', 'publie', '', '1970-01-01 01:00:00', 0, '2014-02-19 06:11:26', '', 'non'),
(12, 0, 'jpg', '', '2014-02-19 07:11:53', '', 'jpg/17_nature_en_ville_2.jpg', 726470, 1000, 1000, 'image', 'image', 'non', 'publie', '', '1970-01-01 01:00:00', 0, '2014-02-19 06:11:54', '', 'non'),
(13, 0, 'html', 'Falling Snow on Vimeo', '2014-02-19 07:51:26', '', 'http://vimeo.com/8432525', 41857, NULL, NULL, 'file', 'document', 'oui', 'publie', '', '1970-01-01 01:00:00', 0, '2014-02-19 06:51:26', '', 'non');

-- --------------------------------------------------------

--
-- Structure de la table `spip_documents_liens`
--

CREATE TABLE IF NOT EXISTS `spip_documents_liens` (
  `id_document` bigint(21) NOT NULL DEFAULT '0',
  `id_objet` bigint(21) NOT NULL DEFAULT '0',
  `objet` varchar(25) NOT NULL DEFAULT '',
  `vu` enum('non','oui') NOT NULL DEFAULT 'non',
  PRIMARY KEY (`id_document`,`id_objet`,`objet`),
  KEY `id_document` (`id_document`),
  KEY `id_objet` (`id_objet`),
  KEY `objet` (`objet`)
) ENGINE=InnoDB DEFAULT CHARSET=utf8;

--
-- Contenu de la table `spip_documents_liens`
--

INSERT INTO `spip_documents_liens` (`id_document`, `id_objet`, `objet`, `vu`) VALUES
(2, 1, 'article', 'non'),
(3, 10, 'article', 'non'),
(5, 13, 'rubrique', 'non'),
(6, 13, 'rubrique', 'non'),
(7, 12, 'article', 'non'),
(9, 12, 'article', 'non'),
(10, 12, 'article', 'non'),
(11, 12, 'article', 'non'),
(12, 12, 'article', 'non'),
(13, 12, 'article', 'non');

-- --------------------------------------------------------

--
-- Structure de la table `spip_formulaires`
--

CREATE TABLE IF NOT EXISTS `spip_formulaires` (
  `id_formulaire` bigint(21) NOT NULL AUTO_INCREMENT,
  `identifiant` varchar(200) DEFAULT NULL,
  `titre` text NOT NULL,
  `descriptif` text,
  `message_retour` text NOT NULL,
  `saisies` longtext NOT NULL,
  `traitements` text NOT NULL,
  `public` enum('non','oui') NOT NULL DEFAULT 'non',
  `statut` varchar(10) NOT NULL DEFAULT '',
  `maj` timestamp NOT NULL DEFAULT CURRENT_TIMESTAMP ON UPDATE CURRENT_TIMESTAMP,
  `apres` varchar(12) NOT NULL DEFAULT '',
  `url_redirect` varchar(255) DEFAULT NULL,
  PRIMARY KEY (`id_formulaire`)
) ENGINE=InnoDB DEFAULT CHARSET=utf8 AUTO_INCREMENT=1 ;

-- --------------------------------------------------------

--
-- Structure de la table `spip_formulaires_liens`
--

CREATE TABLE IF NOT EXISTS `spip_formulaires_liens` (
  `id_formulaire` bigint(21) NOT NULL DEFAULT '0',
  `id_objet` bigint(21) NOT NULL DEFAULT '0',
  `objet` varchar(25) NOT NULL DEFAULT '',
  PRIMARY KEY (`id_formulaire`,`id_objet`,`objet`),
  KEY `id_formulaire` (`id_formulaire`)
) ENGINE=InnoDB DEFAULT CHARSET=utf8;

-- --------------------------------------------------------

--
-- Structure de la table `spip_formulaires_reponses`
--

CREATE TABLE IF NOT EXISTS `spip_formulaires_reponses` (
  `id_formulaires_reponse` bigint(21) NOT NULL AUTO_INCREMENT,
  `id_formulaire` bigint(21) NOT NULL DEFAULT '0',
  `date` datetime NOT NULL DEFAULT '0000-00-00 00:00:00',
  `ip` varchar(255) NOT NULL DEFAULT '',
  `id_auteur` bigint(21) NOT NULL DEFAULT '0',
  `cookie` varchar(255) NOT NULL DEFAULT '',
  `statut` varchar(10) NOT NULL DEFAULT '',
  `maj` timestamp NOT NULL DEFAULT CURRENT_TIMESTAMP ON UPDATE CURRENT_TIMESTAMP,
  PRIMARY KEY (`id_formulaires_reponse`),
  KEY `id_formulaire` (`id_formulaire`),
  KEY `id_auteur` (`id_auteur`),
  KEY `cookie` (`cookie`)
) ENGINE=InnoDB DEFAULT CHARSET=utf8 AUTO_INCREMENT=1 ;

-- --------------------------------------------------------

--
-- Structure de la table `spip_formulaires_reponses_champs`
--

CREATE TABLE IF NOT EXISTS `spip_formulaires_reponses_champs` (
  `id_formulaires_reponse` bigint(21) NOT NULL DEFAULT '0',
  `nom` varchar(255) NOT NULL DEFAULT '',
  `valeur` text NOT NULL,
  `maj` timestamp NOT NULL DEFAULT CURRENT_TIMESTAMP ON UPDATE CURRENT_TIMESTAMP,
  PRIMARY KEY (`id_formulaires_reponse`,`nom`),
  KEY `id_formulaires_reponse` (`id_formulaires_reponse`)
) ENGINE=InnoDB DEFAULT CHARSET=utf8;

-- --------------------------------------------------------

--
-- Structure de la table `spip_forum`
--

CREATE TABLE IF NOT EXISTS `spip_forum` (
  `id_forum` bigint(21) NOT NULL AUTO_INCREMENT,
  `id_objet` bigint(21) NOT NULL DEFAULT '0',
  `objet` varchar(25) NOT NULL DEFAULT '',
  `id_parent` bigint(21) NOT NULL DEFAULT '0',
  `id_thread` bigint(21) NOT NULL DEFAULT '0',
  `date_heure` datetime NOT NULL DEFAULT '0000-00-00 00:00:00',
  `date_thread` datetime NOT NULL DEFAULT '0000-00-00 00:00:00',
  `titre` text NOT NULL,
  `texte` mediumtext NOT NULL,
  `auteur` text NOT NULL,
  `email_auteur` text NOT NULL,
  `nom_site` text NOT NULL,
  `url_site` text NOT NULL,
  `statut` varchar(8) NOT NULL DEFAULT '0',
  `ip` varchar(40) NOT NULL DEFAULT '',
  `maj` timestamp NOT NULL DEFAULT CURRENT_TIMESTAMP ON UPDATE CURRENT_TIMESTAMP,
  `id_auteur` bigint(20) NOT NULL DEFAULT '0',
  PRIMARY KEY (`id_forum`),
  KEY `id_auteur` (`id_auteur`),
  KEY `id_parent` (`id_parent`),
  KEY `id_thread` (`id_thread`),
  KEY `optimal` (`statut`,`id_parent`,`id_objet`,`objet`,`date_heure`)
) ENGINE=InnoDB DEFAULT CHARSET=utf8 AUTO_INCREMENT=1 ;

-- --------------------------------------------------------

--
-- Structure de la table `spip_groupes_mots`
--

CREATE TABLE IF NOT EXISTS `spip_groupes_mots` (
  `id_groupe` bigint(21) NOT NULL AUTO_INCREMENT,
  `titre` text NOT NULL,
  `descriptif` text NOT NULL,
  `texte` longtext NOT NULL,
  `unseul` varchar(3) NOT NULL DEFAULT '',
  `obligatoire` varchar(3) NOT NULL DEFAULT '',
  `tables_liees` text NOT NULL,
  `minirezo` varchar(3) NOT NULL DEFAULT '',
  `comite` varchar(3) NOT NULL DEFAULT '',
  `forum` varchar(3) NOT NULL DEFAULT '',
  `maj` timestamp NOT NULL DEFAULT CURRENT_TIMESTAMP ON UPDATE CURRENT_TIMESTAMP,
  PRIMARY KEY (`id_groupe`)
) ENGINE=InnoDB  DEFAULT CHARSET=utf8 AUTO_INCREMENT=5 ;

--
-- Contenu de la table `spip_groupes_mots`
--

INSERT INTO `spip_groupes_mots` (`id_groupe`, `titre`, `descriptif`, `texte`, `unseul`, `obligatoire`, `tables_liees`, `minirezo`, `comite`, `forum`, `maj`) VALUES
(1, 'Types de page', 'Détermine le type de page', '', 'non', 'non', 'articles,rubriques', 'oui', 'oui', 'non', '2014-02-19 02:20:09'),
(2, 'Réseaux sociaux', '', 'Suivez-nous sur :', 'non', 'non', '', 'oui', 'oui', 'non', '2014-02-18 17:00:47'),
(3, 'Partenaire', 'Nos partenaires', '', 'non', 'non', '', 'oui', 'oui', 'non', '2014-02-18 16:57:46'),
(4, 'Affichage', '', '', 'non', 'non', '', 'oui', 'oui', 'non', '2014-02-18 17:02:46');

-- --------------------------------------------------------

--
-- Structure de la table `spip_jobs`
--

CREATE TABLE IF NOT EXISTS `spip_jobs` (
  `id_job` bigint(21) NOT NULL AUTO_INCREMENT,
  `descriptif` text NOT NULL,
  `fonction` varchar(255) NOT NULL,
  `args` longblob NOT NULL,
  `md5args` char(32) NOT NULL DEFAULT '',
  `inclure` varchar(255) NOT NULL,
  `priorite` smallint(6) NOT NULL DEFAULT '0',
  `date` datetime NOT NULL DEFAULT '0000-00-00 00:00:00',
  `status` tinyint(4) NOT NULL DEFAULT '1',
  PRIMARY KEY (`id_job`),
  KEY `date` (`date`),
  KEY `status` (`status`)
) ENGINE=InnoDB  DEFAULT CHARSET=utf8 AUTO_INCREMENT=402 ;

--
-- Contenu de la table `spip_jobs`
--

INSERT INTO `spip_jobs` (`id_job`, `descriptif`, `fonction`, `args`, `md5args`, `inclure`, `priorite`, `date`, `status`) VALUES
(292, 'Tâche CRON optimiser (toutes les 172800 s)', 'optimiser', 0x613a313a7b693a303b693a313339323638363233323b7d, '629e64c6f4737b6da57c82669eb9ae27', 'genie/', -4, '2014-02-20 02:17:12', 1),
(366, 'Tâche CRON mise_a_jour (toutes les 259200 s)', 'mise_a_jour', 0x613a313a7b693a303b693a313339323734383637313b7d, 'c2de4ab99ea99466d614755b4db98bf0', 'genie/', 0, '2014-02-21 19:37:51', 1),
(371, 'Tâche CRON svp_actualiser_depots (toutes les 21600 s)', 'svp_actualiser_depots', 0x613a313a7b693a303b693a313339323737353638333b7d, '08bf6fc31b87f1a3b0b5e3545e0562ea', 'genie/', 0, '2014-02-19 09:08:03', 1),
(381, 'Tâche CRON maintenance (toutes les 7200 s)', 'maintenance', 0x613a313a7b693a303b693a313339323739303430353b7d, 'c45c02657e4c58ff2010926842358c93', 'genie/', 0, '2014-02-19 09:13:25', 1),
(382, 'Tâche CRON queue_watch (toutes les 86400 s)', 'queue_watch', 0x613a313a7b693a303b693a313339323739303430363b7d, 'be798b6de5e48d73fff222d8cf491924', 'genie/', 0, '2014-02-20 07:13:26', 1),
(386, 'Tâche CRON optimiser_revisions (toutes les 86400 s)', 'optimiser_revisions', 0x613a313a7b693a303b693a313339323739323739313b7d, '805b1f9a92146fb1787c94915d82b47b', 'genie/', 0, '2014-02-20 07:53:11', 1),
(399, 'Tâche CRON syndic (toutes les 90 s)', 'syndic', 0x613a313a7b693a303b693a313339323739353135363b7d, '42ccc3b155823684c04716bee933af64', 'genie/', 0, '2014-02-19 08:34:06', 1),
(400, 'Tâche CRON fulltext_index_document (toutes les 600 s)', 'fulltext_index_document', 0x613a313a7b693a303b693a313339323739353135363b7d, '42ccc3b155823684c04716bee933af64', 'genie/', 0, '2014-02-19 08:42:36', 1),
(401, 'Tâche CRON invalideur (toutes les 600 s)', 'invalideur', 0x613a313a7b693a303b693a313339323739353135363b7d, '42ccc3b155823684c04716bee933af64', 'genie/', 0, '2014-02-19 08:42:36', 1);

-- --------------------------------------------------------

--
-- Structure de la table `spip_jobs_liens`
--

CREATE TABLE IF NOT EXISTS `spip_jobs_liens` (
  `id_job` bigint(21) NOT NULL DEFAULT '0',
  `id_objet` bigint(21) NOT NULL DEFAULT '0',
  `objet` varchar(25) NOT NULL DEFAULT '',
  PRIMARY KEY (`id_job`,`id_objet`,`objet`),
  KEY `id_job` (`id_job`)
) ENGINE=InnoDB DEFAULT CHARSET=utf8;

-- --------------------------------------------------------

--
-- Structure de la table `spip_mailsubscribers`
--

CREATE TABLE IF NOT EXISTS `spip_mailsubscribers` (
  `id_mailsubscriber` bigint(21) NOT NULL AUTO_INCREMENT,
  `email` varchar(255) NOT NULL DEFAULT '',
  `nom` text NOT NULL,
  `listes` text NOT NULL,
  `optin` text NOT NULL,
  `date` datetime NOT NULL DEFAULT '0000-00-00 00:00:00',
  `statut` varchar(20) NOT NULL DEFAULT 'prepa',
  `jeton` char(25) NOT NULL DEFAULT '',
  `lang` varchar(10) NOT NULL DEFAULT '',
  `maj` timestamp NOT NULL DEFAULT CURRENT_TIMESTAMP ON UPDATE CURRENT_TIMESTAMP,
  PRIMARY KEY (`id_mailsubscriber`),
  UNIQUE KEY `email` (`email`),
  KEY `lang` (`lang`),
  KEY `statut` (`statut`)
) ENGINE=InnoDB DEFAULT CHARSET=utf8 AUTO_INCREMENT=1 ;

-- --------------------------------------------------------

--
-- Structure de la table `spip_messages`
--

CREATE TABLE IF NOT EXISTS `spip_messages` (
  `id_message` bigint(21) NOT NULL AUTO_INCREMENT,
  `titre` text NOT NULL,
  `texte` longtext NOT NULL,
  `type` varchar(6) NOT NULL DEFAULT '',
  `date_heure` datetime NOT NULL DEFAULT '0000-00-00 00:00:00',
  `date_fin` datetime NOT NULL DEFAULT '0000-00-00 00:00:00',
  `rv` varchar(3) NOT NULL DEFAULT '',
  `statut` varchar(6) NOT NULL DEFAULT '0',
  `id_auteur` bigint(21) NOT NULL DEFAULT '0',
  `destinataires` text NOT NULL,
  `maj` timestamp NOT NULL DEFAULT CURRENT_TIMESTAMP ON UPDATE CURRENT_TIMESTAMP,
  PRIMARY KEY (`id_message`),
  KEY `id_auteur` (`id_auteur`)
) ENGINE=InnoDB DEFAULT CHARSET=utf8 AUTO_INCREMENT=1 ;

-- --------------------------------------------------------

--
-- Structure de la table `spip_meta`
--

CREATE TABLE IF NOT EXISTS `spip_meta` (
  `nom` varchar(255) NOT NULL,
  `valeur` text,
  `impt` enum('non','oui') NOT NULL DEFAULT 'oui',
  `maj` timestamp NOT NULL DEFAULT CURRENT_TIMESTAMP ON UPDATE CURRENT_TIMESTAMP,
  PRIMARY KEY (`nom`)
) ENGINE=InnoDB DEFAULT CHARSET=utf8;

--
-- Contenu de la table `spip_meta`
--

INSERT INTO `spip_meta` (`nom`, `valeur`, `impt`, `maj`) VALUES
('accepter_inscriptions', 'non', 'oui', '2014-02-12 16:59:55'),
('accepter_visiteurs', 'non', 'oui', '2014-02-12 16:59:55'),
('activer_breves', 'non', 'oui', '2014-02-12 16:59:56'),
('activer_captures_referers', 'non', 'oui', '2014-02-12 16:59:56'),
('activer_logos', 'oui', 'oui', '2014-02-12 16:59:54'),
('activer_logos_survol', 'non', 'oui', '2014-02-12 16:59:54'),
('activer_sites', 'non', 'oui', '2014-02-12 16:59:56'),
('activer_statistiques', 'non', 'oui', '2014-02-12 16:59:56'),
('activer_syndic', 'oui', 'oui', '2014-02-12 16:59:56'),
('adresse_neuf', '', 'oui', '2014-02-12 16:59:55'),
('adresse_site', 'http://localhost/melimelo', 'non', '2014-02-12 16:59:57'),
('adresse_suivi', '', 'oui', '2014-02-12 16:59:55'),
('adresse_suivi_inscription', '', 'oui', '2014-02-12 16:59:55'),
('alea_ephemere', '77db9947a876cf155c6edde1133f9b4b', 'non', '2014-02-19 03:07:19'),
('alea_ephemere_ancien', '3bf88ac86d24cf2065fbce74458b0b67', 'non', '2014-02-19 03:07:19'),
('alea_ephemere_date', '1392779239', 'non', '2014-02-19 03:07:19'),
('articles_chapeau', 'non', 'oui', '2014-02-12 16:59:54'),
('articles_descriptif', 'oui', 'oui', '2014-02-17 21:56:06'),
('articles_modif', 'non', 'oui', '2014-02-12 16:59:54'),
('articles_mots', 'oui', 'oui', '2014-02-17 19:51:21'),
('articles_ps', 'non', 'oui', '2014-02-12 16:59:54'),
('articles_redac', 'non', 'oui', '2014-02-12 16:59:54'),
('articles_redirection', 'oui', 'oui', '2014-02-14 09:52:58'),
('articles_soustitre', 'non', 'oui', '2014-02-12 16:59:54'),
('articles_surtitre', 'non', 'oui', '2014-02-12 16:59:54'),
('articles_texte', 'oui', 'oui', '2014-02-12 16:59:54'),
('articles_urlref', 'non', 'oui', '2014-02-12 16:59:54'),
('auto_compress_closure', 'non', 'oui', '2014-02-12 16:59:56'),
('auto_compress_css', 'non', 'oui', '2014-02-12 16:59:56'),
('auto_compress_http', 'non', 'oui', '2014-02-12 16:59:55'),
('auto_compress_js', 'non', 'oui', '2014-02-12 16:59:56'),
('barre_outils_public', 'oui', 'oui', '2014-02-12 16:59:56'),
('breves_base_version', '1.0.0', 'oui', '2014-02-12 17:00:15'),
('cache_inhib', '1392751109', 'oui', '2014-02-17 19:18:29'),
('charset', 'utf-8', 'oui', '2014-02-12 16:59:44'),
('charset_collation_sql_base', 'utf8_general_ci', 'non', '2014-02-12 16:59:18'),
('charset_sql_base', 'utf8', 'non', '2014-02-12 16:59:18'),
('charset_sql_connexion', 'utf8', 'non', '2014-02-12 16:59:18'),
('ckeditor', 'a:3:{s:4:"tags";a:3:{s:3:"doc";a:6:{s:8:"intitule";s:8:"Document";s:4:"info";s:8:"Document";s:4:"type";s:15:"num-obligatoire";s:6:"nombre";s:9:"documents";s:4:"noms";a:1:{i:0;s:10:"alignement";}s:7:"valeurs";a:1:{i:0;s:47:"left|à gauche;;right|à droite;;center|centré";}}s:3:"emb";a:6:{s:8:"intitule";s:10:"Incorporé";s:4:"info";s:10:"Incorporé";s:4:"type";s:15:"num-obligatoire";s:6:"nombre";s:9:"documents";s:4:"noms";a:1:{i:0;s:10:"alignement";}s:7:"valeurs";a:1:{i:0;s:47:"left|à gauche;;right|à droite;;center|centré";}}s:3:"img";a:6:{s:8:"intitule";s:5:"Image";s:4:"info";s:5:"Image";s:4:"type";s:15:"num-obligatoire";s:6:"nombre";s:9:"documents";s:4:"noms";a:1:{i:0;s:10:"alignement";}s:7:"valeurs";a:1:{i:0;s:47:"left|à gauche;;right|à droite;;center|centré";}}}s:9:"insertall";b:0;s:13:"protectedtags";s:17:"docXX;embXX;imgXX";}', 'oui', '2014-02-13 10:46:14'),
('ckeditor_base_version', '1.0.0', 'oui', '2014-02-13 10:46:12'),
('compagnon', 'a:1:{s:6:"config";a:1:{s:7:"activer";s:3:"oui";}}', 'oui', '2014-02-12 16:59:57'),
('compagnon_base_version', '1.0.0', 'oui', '2014-02-12 16:59:58'),
('config_precise_groupes', 'non', 'oui', '2014-02-12 16:59:56'),
('creer_preview', 'non', 'non', '2014-02-12 16:59:57'),
('date_calcul_rubriques', '1392776594', 'non', '2014-02-19 03:07:47'),
('derniere_modif', '1392793000', 'non', '2014-02-19 06:56:40'),
('derniere_modif_article', '1392793000', 'oui', '2014-02-19 06:56:40'),
('derniere_modif_document', '1392792686', 'oui', '2014-02-19 06:51:26'),
('derniere_modif_mot', '1392777124', 'oui', '2014-02-19 02:32:04'),
('derniere_modif_rubrique', '1392776570', 'oui', '2014-02-19 02:22:50'),
('descriptif_site', '', 'oui', '2014-02-12 16:59:54'),
('dir_img', 'IMG/', 'oui', '2014-02-12 16:59:55'),
('documents_date', 'non', 'oui', '2014-02-12 16:59:56'),
('documents_objets', 'spip_articles,spip_rubriques,', 'oui', '2014-02-17 05:48:53'),
('email_envoi', '', 'oui', '2014-02-12 16:59:55'),
('email_webmaster', 'melimelo@melimelo.com', 'oui', '2014-02-12 16:59:45'),
('facteur_adresse_envoi', 'non', 'oui', '2014-02-12 17:04:44'),
('facteur_base_version', '1.1', 'oui', '2014-02-12 17:04:45'),
('facteur_filtre_css', '0', 'oui', '2014-02-12 17:04:44'),
('facteur_filtre_images', '1', 'oui', '2014-02-12 17:04:44'),
('facteur_filtre_iso_8859', '0', 'oui', '2014-02-12 17:04:44'),
('facteur_smtp', 'non', 'oui', '2014-02-12 17:04:44'),
('facteur_smtp_auth', 'non', 'oui', '2014-02-12 17:04:44'),
('facteur_smtp_secure', 'non', 'oui', '2014-02-12 17:04:44'),
('facteur_smtp_sender', '', 'oui', '2014-02-12 17:04:44'),
('formats_documents_forum', '', 'oui', '2014-02-12 16:59:55'),
('formats_graphiques', 'gif,jpg,png', 'non', '2014-02-19 03:07:47'),
('formidable_base_version', '0.5.2', 'oui', '2014-02-12 17:04:51'),
('forums_afficher_barre', 'oui', 'oui', '2014-02-12 16:59:55'),
('forums_publics', 'non', 'oui', '2014-02-19 02:35:12'),
('forums_texte', 'oui', 'oui', '2014-02-12 16:59:55'),
('forums_titre', 'oui', 'oui', '2014-02-12 16:59:55'),
('forums_urlref', 'non', 'oui', '2014-02-12 16:59:55'),
('forum_base_version', '1.2.1', 'oui', '2014-02-12 16:59:58'),
('forum_prive', 'non', 'oui', '2014-02-19 02:36:25'),
('forum_prive_admin', 'non', 'oui', '2014-02-12 16:59:56'),
('forum_prive_objets', 'non', 'oui', '2014-02-19 02:36:25'),
('fulltext_base_version', '0.2', 'oui', '2014-02-12 17:04:43'),
('gd_formats', 'gif,jpg,png', 'non', '2014-02-19 03:07:47'),
('gd_formats_read', 'gif,jpg,png', 'non', '2014-02-19 03:07:47'),
('gerer_trad', 'non', 'oui', '2014-02-12 16:59:55'),
('iecompat', 'non', 'oui', '2014-02-12 16:59:56'),
('iextras_base_version', '1.0.0', 'oui', '2014-02-12 17:04:53'),
('image_process', 'gd2', 'non', '2014-02-19 03:07:47'),
('info_maj_spip', '', 'oui', '2014-02-12 17:17:16'),
('jours_neuf', '', 'oui', '2014-02-12 16:59:55'),
('langues_multilingue', '', 'oui', '2014-02-12 16:59:55'),
('langues_proposees', 'ar,ast,ay,bg,br,bs,ca,co,cpf,cpf_hat,cs,da,de,en,eo,es,eu,fa,fon,fr,gl,he,hu,id,it,it_fem,ja,km,lb,my,nl,oc_auv,oc_gsc,oc_lms,oc_lnc,oc_ni,oc_ni_la,oc_prv,oc_va,pl,pt,pt_br,ro,ru,sk,sv,tr,vi,zh', 'non', '2014-02-18 05:41:02'),
('langues_utilisees', 'fr', 'oui', '2014-02-12 16:59:56'),
('langue_site', 'fr', 'non', '2014-02-12 16:59:54'),
('mailsubscribers_base_version', '0.2.0', 'oui', '2014-02-12 17:04:47'),
('max_taille_vignettes', '8100000', 'oui', '2014-02-19 02:37:23'),
('medias_base_version', '1.2.5', 'oui', '2014-02-12 17:00:19'),
('messagerie_agenda', 'oui', 'oui', '2014-02-12 16:59:56'),
('moderation_sites', 'non', 'oui', '2014-02-12 16:59:56'),
('mosaique_base_version', '0.0.1', 'oui', '2014-02-19 03:07:48'),
('mots_base_version', '2.1.1', 'oui', '2014-02-12 17:00:00'),
('mots_cles_forums', 'non', 'oui', '2014-02-12 16:59:55'),
('multi_rubriques', 'non', 'oui', '2014-02-12 16:59:55'),
('multi_secteurs', 'non', 'oui', '2014-02-12 16:59:55'),
('netpbm_formats', '', 'non', '2014-02-19 03:07:47'),
('nom_site', 'Mélimélo', 'oui', '2014-02-18 16:01:04'),
('nouvelle_install', '1', 'non', '2014-02-12 16:59:18'),
('objets_versions', 'a:0:{}', 'oui', '2014-02-12 17:00:04'),
('optimiser_table', '4', 'non', '2014-02-19 03:07:47'),
('organiseur_base_version', '1.1.1', 'oui', '2014-02-12 17:00:02'),
('pcre_u', 'u', 'oui', '2014-02-12 16:59:43'),
('petitions_base_version', '1.1.6', 'oui', '2014-02-12 17:00:04'),
('plugin', 'a:39:{s:4:"SPIP";a:5:{s:3:"nom";s:4:"SPIP";s:4:"etat";s:6:"stable";s:7:"version";s:6:"3.0.14";s:8:"dir_type";s:14:"_DIR_RESTREINT";s:3:"dir";s:0:"";}s:9:"COMPAGNON";a:5:{s:3:"nom";s:9:"Compagnon";s:4:"etat";s:6:"stable";s:7:"version";s:5:"1.4.1";s:3:"dir";s:9:"compagnon";s:8:"dir_type";s:17:"_DIR_PLUGINS_DIST";}s:4:"DUMP";a:5:{s:3:"nom";s:4:"Dump";s:4:"etat";s:6:"stable";s:7:"version";s:5:"1.6.7";s:3:"dir";s:4:"dump";s:8:"dir_type";s:17:"_DIR_PLUGINS_DIST";}s:6:"IMAGES";a:5:{s:3:"nom";s:6:"Images";s:4:"etat";s:6:"stable";s:7:"version";s:5:"1.1.7";s:3:"dir";s:14:"filtres_images";s:8:"dir_type";s:17:"_DIR_PLUGINS_DIST";}s:5:"FORUM";a:5:{s:3:"nom";s:5:"Forum";s:4:"etat";s:6:"stable";s:7:"version";s:6:"1.8.30";s:3:"dir";s:5:"forum";s:8:"dir_type";s:17:"_DIR_PLUGINS_DIST";}s:8:"JQUERYUI";a:5:{s:3:"nom";s:9:"jQuery UI";s:4:"etat";s:6:"stable";s:7:"version";s:6:"1.8.21";s:3:"dir";s:9:"jquery_ui";s:8:"dir_type";s:17:"_DIR_PLUGINS_DIST";}s:8:"MEDIABOX";a:5:{s:3:"nom";s:8:"MediaBox";s:4:"etat";s:6:"stable";s:7:"version";s:5:"0.8.4";s:3:"dir";s:8:"mediabox";s:8:"dir_type";s:17:"_DIR_PLUGINS_DIST";}s:4:"MOTS";a:5:{s:3:"nom";s:4:"Mots";s:4:"etat";s:6:"stable";s:7:"version";s:6:"2.4.10";s:3:"dir";s:4:"mots";s:8:"dir_type";s:17:"_DIR_PLUGINS_DIST";}s:11:"MSIE_COMPAT";a:5:{s:3:"nom";s:25:"Support vieux navigateurs";s:4:"etat";s:6:"stable";s:7:"version";s:5:"1.2.0";s:3:"dir";s:11:"msie_compat";s:8:"dir_type";s:17:"_DIR_PLUGINS_DIST";}s:10:"ORGANISEUR";a:5:{s:3:"nom";s:10:"Organiseur";s:4:"etat";s:6:"stable";s:7:"version";s:6:"0.8.10";s:3:"dir";s:10:"organiseur";s:8:"dir_type";s:17:"_DIR_PLUGINS_DIST";}s:9:"PETITIONS";a:5:{s:3:"nom";s:10:"Pétitions";s:4:"etat";s:6:"stable";s:7:"version";s:5:"1.4.4";s:3:"dir";s:9:"petitions";s:8:"dir_type";s:17:"_DIR_PLUGINS_DIST";}s:11:"PORTE_PLUME";a:5:{s:3:"nom";s:11:"Porte plume";s:4:"etat";s:6:"stable";s:7:"version";s:6:"1.12.4";s:3:"dir";s:11:"porte_plume";s:8:"dir_type";s:17:"_DIR_PLUGINS_DIST";}s:9:"REVISIONS";a:5:{s:3:"nom";s:10:"Révisions";s:4:"etat";s:6:"stable";s:7:"version";s:5:"1.7.7";s:3:"dir";s:9:"revisions";s:8:"dir_type";s:17:"_DIR_PLUGINS_DIST";}s:8:"SAFEHTML";a:5:{s:3:"nom";s:8:"SafeHTML";s:4:"etat";s:6:"stable";s:7:"version";s:5:"1.4.1";s:3:"dir";s:8:"safehtml";s:8:"dir_type";s:17:"_DIR_PLUGINS_DIST";}s:5:"SITES";a:5:{s:3:"nom";s:5:"Sites";s:4:"etat";s:6:"stable";s:7:"version";s:6:"1.7.12";s:3:"dir";s:5:"sites";s:8:"dir_type";s:17:"_DIR_PLUGINS_DIST";}s:23:"SQUELETTES_PAR_RUBRIQUE";a:5:{s:3:"nom";s:23:"Squelettes par Rubrique";s:4:"etat";s:6:"stable";s:7:"version";s:5:"1.1.1";s:3:"dir";s:23:"squelettes_par_rubrique";s:8:"dir_type";s:17:"_DIR_PLUGINS_DIST";}s:5:"STATS";a:5:{s:3:"nom";s:12:"Statistiques";s:4:"etat";s:6:"stable";s:7:"version";s:6:"0.4.22";s:3:"dir";s:12:"statistiques";s:8:"dir_type";s:17:"_DIR_PLUGINS_DIST";}s:3:"SVP";a:5:{s:3:"nom";s:3:"SVP";s:4:"etat";s:6:"stable";s:7:"version";s:7:"0.80.18";s:3:"dir";s:3:"svp";s:8:"dir_type";s:17:"_DIR_PLUGINS_DIST";}s:4:"URLS";a:5:{s:3:"nom";s:13:"Urls Etendues";s:4:"etat";s:6:"stable";s:7:"version";s:6:"1.4.15";s:3:"dir";s:13:"urls_etendues";s:8:"dir_type";s:17:"_DIR_PLUGINS_DIST";}s:9:"VERTEBRES";a:5:{s:3:"nom";s:10:"Vertèbres";s:4:"etat";s:6:"stable";s:7:"version";s:5:"1.2.2";s:3:"dir";s:9:"vertebres";s:8:"dir_type";s:17:"_DIR_PLUGINS_DIST";}s:8:"MELIMELO";a:5:{s:3:"nom";s:8:"melimelo";s:4:"etat";s:6:"stable";s:7:"version";s:5:"1.0.1";s:3:"dir";s:8:"melimelo";s:8:"dir_type";s:12:"_DIR_PLUGINS";}s:4:"YAML";a:5:{s:3:"nom";s:4:"YAML";s:4:"etat";s:6:"stable";s:7:"version";s:5:"1.5.1";s:3:"dir";s:4:"yaml";s:8:"dir_type";s:12:"_DIR_PLUGINS";}s:10:"SPIP_BONUX";a:5:{s:3:"nom";s:10:"SPIP Bonux";s:4:"etat";s:6:"stable";s:7:"version";s:5:"3.0.5";s:3:"dir";s:12:"spip-bonux-3";s:8:"dir_type";s:12:"_DIR_PLUGINS";}s:8:"FULLTEXT";a:5:{s:3:"nom";s:8:"Fulltext";s:4:"etat";s:4:"test";s:7:"version";s:5:"0.7.1";s:3:"dir";s:8:"fulltext";s:8:"dir_type";s:12:"_DIR_PLUGINS";}s:7:"FACTEUR";a:5:{s:3:"nom";s:7:"Facteur";s:4:"etat";s:6:"stable";s:7:"version";s:5:"3.0.7";s:3:"dir";s:7:"facteur";s:8:"dir_type";s:12:"_DIR_PLUGINS";}s:15:"MAILSUBSCRIBERS";a:5:{s:3:"nom";s:15:"MailSubscribers";s:4:"etat";s:6:"stable";s:7:"version";s:5:"1.4.2";s:3:"dir";s:18:"mailsubscribers-v1";s:8:"dir_type";s:12:"_DIR_PLUGINS";}s:8:"VERIFIER";a:5:{s:3:"nom";s:20:"API de vérification";s:4:"etat";s:4:"test";s:7:"version";s:5:"1.0.4";s:3:"dir";s:8:"verifier";s:8:"dir_type";s:12:"_DIR_PLUGINS";}s:7:"SAISIES";a:5:{s:3:"nom";s:7:"Saisies";s:4:"etat";s:4:"test";s:7:"version";s:6:"1.38.4";s:3:"dir";s:7:"saisies";s:8:"dir_type";s:12:"_DIR_PLUGINS";}s:10:"FORMIDABLE";a:5:{s:3:"nom";s:10:"Formidable";s:4:"etat";s:4:"test";s:7:"version";s:5:"1.8.4";s:3:"dir";s:14:"formidable_1_0";s:8:"dir_type";s:12:"_DIR_PLUGINS";}s:7:"CEXTRAS";a:5:{s:3:"nom";s:13:"Champs Extras";s:4:"etat";s:6:"stable";s:7:"version";s:5:"3.2.7";s:3:"dir";s:14:"champs_extras3";s:8:"dir_type";s:12:"_DIR_PLUGINS";}s:7:"IEXTRAS";a:5:{s:3:"nom";s:25:"Champs Extras (Interface)";s:4:"etat";s:6:"stable";s:7:"version";s:5:"3.1.0";s:3:"dir";s:24:"champs_extras3_interface";s:8:"dir_type";s:12:"_DIR_PLUGINS";}s:9:"RSSCONFIG";a:5:{s:3:"nom";s:21:"Flux RSS configurable";s:4:"etat";s:6:"stable";s:7:"version";s:5:"2.0.1";s:3:"dir";s:19:"rss_configurable_v2";s:8:"dir_type";s:12:"_DIR_PLUGINS";}s:8:"MOSAIQUE";a:5:{s:3:"nom";s:9:"Mosaïque";s:4:"etat";s:4:"test";s:7:"version";s:5:"0.3.3";s:3:"dir";s:8:"mosaique";s:8:"dir_type";s:12:"_DIR_PLUGINS";}s:10:"ITERATEURS";a:5:{s:3:"nom";s:10:"iterateurs";s:7:"version";s:5:"0.6.1";s:4:"etat";s:1:"?";s:8:"dir_type";s:14:"_DIR_RESTREINT";s:3:"dir";s:0:"";}s:5:"QUEUE";a:5:{s:3:"nom";s:5:"queue";s:7:"version";s:5:"0.6.6";s:4:"etat";s:1:"?";s:8:"dir_type";s:14:"_DIR_RESTREINT";s:3:"dir";s:0:"";}s:6:"BREVES";a:5:{s:3:"nom";s:7:"Brèves";s:4:"etat";s:6:"stable";s:7:"version";s:5:"1.3.6";s:3:"dir";s:6:"breves";s:8:"dir_type";s:17:"_DIR_PLUGINS_DIST";}s:11:"COMPRESSEUR";a:5:{s:3:"nom";s:11:"Compresseur";s:4:"etat";s:6:"stable";s:7:"version";s:5:"1.8.7";s:3:"dir";s:11:"compresseur";s:8:"dir_type";s:17:"_DIR_PLUGINS_DIST";}s:6:"MEDIAS";a:5:{s:3:"nom";s:6:"Medias";s:4:"etat";s:6:"stable";s:7:"version";s:6:"2.7.56";s:3:"dir";s:6:"medias";s:8:"dir_type";s:17:"_DIR_PLUGINS_DIST";}s:2:"TW";a:5:{s:3:"nom";s:19:"TextWheel pour SPIP";s:4:"etat";s:6:"stable";s:7:"version";s:6:"0.8.21";s:3:"dir";s:9:"textwheel";s:8:"dir_type";s:17:"_DIR_PLUGINS_DIST";}}', 'non', '2014-02-19 06:49:25'),
('plugins_interessants', 'a:38:{s:4:"yaml";i:30;s:6:"breves";i:30;s:9:"compagnon";i:30;s:11:"compresseur";i:30;s:4:"dump";i:30;s:14:"filtres_images";i:30;s:5:"forum";i:30;s:9:"jquery_ui";i:30;s:8:"mediabox";i:30;s:6:"medias";i:30;s:4:"mots";i:30;s:11:"msie_compat";i:30;s:10:"organiseur";i:30;s:9:"petitions";i:30;s:11:"porte_plume";i:30;s:9:"revisions";i:30;s:8:"safehtml";i:30;s:5:"sites";i:30;s:23:"squelettes_par_rubrique";i:30;s:12:"statistiques";i:30;s:3:"svp";i:30;s:9:"textwheel";i:30;s:13:"urls_etendues";i:30;s:9:"vertebres";i:30;s:12:"spip-bonux-3";i:30;s:7:"saisies";i:30;s:8:"fulltext";i:30;s:7:"facteur";i:30;s:18:"mailsubscribers-v1";i:30;s:8:"verifier";i:30;s:14:"formidable_1_0";i:30;s:14:"champs_extras3";i:30;s:24:"champs_extras3_interface";i:30;s:8:"videos_3";i:30;s:8:"melimelo";i:30;s:20:"ckeditor-spip-plugin";i:14;s:19:"rss_configurable_v2";i:28;s:8:"mosaique";i:29;}', 'oui', '2014-02-19 03:07:46'),
('plugin_attente', 'a:0:{}', 'oui', '2014-02-12 16:59:44'),
('plugin_header', 'spip(3.0.14),compagnon(1.4.1),dump(1.6.7),images(1.1.7),forum(1.8.30),jqueryui(1.8.21),mediabox(0.8.4),mots(2.4.10),msie_compat(1.2.0),organiseur(0.8.10),petitions(1.4.4),porte_plume(1.12.4),revisions(1.7.7),safehtml(1.4.1),sites(1.7.12),squelettes_par_rubrique(1.1.1),stats(0.4.22),svp(0.80.18),urls(1.4.15),vertebres(1.2.2),melimelo(1.0.1),yaml(1.5.1),spip_bonux(3.0.5),fulltext(0.7.1),facteur(3.0.7),mailsubscribers(1.4.2),verifier(1.0.4),saisies(1.38.4),formidable(1.8.4),cextras(3.2.7),iextras(3.1.0),rssconfig(2.0.1),mosaique(0.3.3),iterateurs(0.6.1),queue(0.6.6),breves(1.3.6),compresseur(1.8.7),medias(2.7.56),tw(0.8.21)', 'non', '2014-02-19 06:49:25'),
('plugin_installes', 'a:19:{i:0;s:9:"compagnon";i:1;s:5:"forum";i:2;s:4:"mots";i:3;s:10:"organiseur";i:4;s:9:"petitions";i:5;s:9:"revisions";i:6;s:5:"sites";i:7;s:12:"statistiques";i:8;s:3:"svp";i:9;s:13:"urls_etendues";i:10;s:8:"melimelo";i:11;s:8:"fulltext";i:12;s:7:"facteur";i:13;s:18:"mailsubscribers-v1";i:14;s:14:"formidable_1_0";i:15;s:24:"champs_extras3_interface";i:16;s:8:"mosaique";i:17;s:6:"breves";i:18;s:6:"medias";}', 'non', '2014-02-19 06:49:28'),
('post_dates', 'non', 'oui', '2014-02-12 16:59:54'),
('prevenir_auteurs', 'non', 'oui', '2014-02-12 16:59:55'),
('preview', ',0minirezo,1comite,', 'oui', '2014-02-12 16:59:55'),
('proposer_sites', '0', 'oui', '2014-02-12 16:59:56'),
('quoi_de_neuf', 'non', 'oui', '2014-02-12 16:59:55'),
('revisions_base_version', '1.1.4', 'oui', '2014-02-12 17:00:05'),
('rssconfig', 'a:10:{s:7:"activer";s:3:"oui";s:6:"nb_art";s:2:"10";s:7:"age_art";s:1:"3";s:9:"age_modif";s:1:"0";s:21:"syndication_integrale";s:3:"oui";s:17:"diffuser_rubrique";s:3:"oui";s:13:"diffuser_mots";s:3:"oui";s:18:"diffuser_documents";s:3:"oui";s:19:"rubriques_a_inclure";a:2:{i:0;s:0:"";i:1;s:10:"rubrique|4";}s:7:"creator";s:7:"auteurs";}', 'oui', '2014-02-19 07:22:34'),
('rubriques_descriptif', 'oui', 'oui', '2014-02-14 09:53:03'),
('rubriques_texte', 'oui', 'oui', '2014-02-12 16:59:55'),
('secret_du_site', '6daf776ac3c14b62828b8fc07ffc928a1c41934c38b9abee0defb9c8161ac515', 'oui', '2014-02-12 17:03:41'),
('sites_base_version', '1.0.0', 'oui', '2014-02-12 17:00:06'),
('slogan_site', 'Démêlons les fils de l''eau', 'oui', '2014-02-18 15:59:08'),
('stats_base_version', '1.0.0', 'oui', '2014-02-12 17:00:10'),
('suivi_edito', 'non', 'oui', '2014-02-12 16:59:55'),
('svp_base_version', '0.4.0', 'oui', '2014-02-12 17:00:13'),
('syndication_integrale', 'oui', 'oui', '2014-02-12 16:59:55'),
('taille_preview', '150', 'non', '2014-02-12 16:59:57'),
('tour_quota_cache', '11', 'oui', '2014-02-19 07:32:36'),
('type_urls', 'page', 'oui', '2014-02-12 16:59:55'),
('urls_base_version', '1.1.3', 'oui', '2014-02-12 17:00:15'),
('version_html_max', 'html4', 'oui', '2014-02-12 16:59:55'),
('version_installee', '19268', 'non', '2014-02-12 16:59:18');

-- --------------------------------------------------------

--
-- Structure de la table `spip_mots`
--

CREATE TABLE IF NOT EXISTS `spip_mots` (
  `id_mot` bigint(21) NOT NULL AUTO_INCREMENT,
  `titre` text NOT NULL,
  `descriptif` text NOT NULL,
  `texte` longtext NOT NULL,
  `id_groupe` bigint(21) NOT NULL DEFAULT '0',
  `type` text NOT NULL,
  `maj` timestamp NOT NULL DEFAULT CURRENT_TIMESTAMP ON UPDATE CURRENT_TIMESTAMP,
  PRIMARY KEY (`id_mot`),
  KEY `id_groupe` (`id_groupe`)
) ENGINE=InnoDB  DEFAULT CHARSET=utf8 AUTO_INCREMENT=24 ;

--
-- Contenu de la table `spip_mots`
--

INSERT INTO `spip_mots` (`id_mot`, `titre`, `descriptif`, `texte`, `id_groupe`, `type`, `maj`) VALUES
(2, 'accueil', '', '', 1, 'Types de page', '2014-02-18 15:39:17'),
(3, 'theme', '', '', 1, 'Types de page', '2014-02-18 15:39:17'),
(4, 'question', '', '', 1, 'Types de page', '2014-02-18 15:39:17'),
(5, 'contact', '', '', 1, 'Types de page', '2014-02-18 15:39:17'),
(6, 'pourquoi', '', '', 1, 'Types de page', '2014-02-18 15:39:17'),
(7, 'slider', '', '', 1, 'Types de page', '2014-02-18 15:39:17'),
(8, 'questions', '', '', 1, 'Types de page', '2014-02-18 15:39:17'),
(10, 'rss', '#', 'Notre rss', 2, 'Réseaux sociaux', '2014-02-18 15:58:25'),
(11, 'facebook', '#', 'Suivez-nous sur Facebook', 2, 'Réseaux sociaux', '2014-02-18 16:02:39'),
(12, 'youtube', '', 'Suivez-nous sur Youtube', 2, 'Réseaux sociaux', '2014-02-18 16:03:03'),
(17, '1. INSA', 'INSA de Lyon', '', 3, 'Partenaire', '2014-02-18 17:05:13'),
(18, '2. Grand Lyon', '', '', 3, 'Partenaire', '2014-02-18 16:59:17'),
(19, 'footer', '', '', 1, 'Types de page', '2014-02-18 17:02:23'),
(20, 'newsletter', '', '', 4, 'Affichage', '2014-02-18 17:04:14'),
(21, 'sitemap', '', '', 1, 'Types de page', '2014-02-19 02:17:03'),
(22, 'mentions', '', '', 1, 'Types de page', '2014-02-19 02:17:41'),
(23, 'copyright', '', 'Copyright © 2014 Mélimélo / All rights reserved.', 4, 'Affichage', '2014-02-19 02:32:04');

-- --------------------------------------------------------

--
-- Structure de la table `spip_mots_liens`
--

CREATE TABLE IF NOT EXISTS `spip_mots_liens` (
  `id_mot` bigint(21) NOT NULL DEFAULT '0',
  `id_objet` bigint(21) NOT NULL DEFAULT '0',
  `objet` varchar(25) NOT NULL DEFAULT '',
  PRIMARY KEY (`id_mot`,`id_objet`,`objet`),
  KEY `id_mot` (`id_mot`),
  KEY `id_objet` (`id_objet`),
  KEY `objet` (`objet`)
) ENGINE=InnoDB DEFAULT CHARSET=utf8;

--
-- Contenu de la table `spip_mots_liens`
--

INSERT INTO `spip_mots_liens` (`id_mot`, `id_objet`, `objet`) VALUES
(2, 10, 'rubrique'),
(3, 3, 'rubrique'),
(3, 4, 'rubrique'),
(3, 5, 'rubrique'),
(3, 6, 'rubrique'),
(4, 8, 'rubrique'),
(5, 14, 'rubrique'),
(6, 2, 'rubrique'),
(7, 13, 'rubrique'),
(8, 7, 'rubrique'),
(21, 18, 'rubrique'),
(22, 19, 'rubrique');

-- --------------------------------------------------------

--
-- Structure de la table `spip_paquets`
--

CREATE TABLE IF NOT EXISTS `spip_paquets` (
  `id_paquet` bigint(21) NOT NULL AUTO_INCREMENT,
  `id_plugin` bigint(21) NOT NULL,
  `prefixe` varchar(30) NOT NULL DEFAULT '',
  `logo` varchar(255) NOT NULL DEFAULT '',
  `version` varchar(24) NOT NULL DEFAULT '',
  `version_base` varchar(24) NOT NULL DEFAULT '',
  `compatibilite_spip` varchar(24) NOT NULL DEFAULT '',
  `branches_spip` varchar(255) NOT NULL DEFAULT '',
  `description` text NOT NULL,
  `auteur` text NOT NULL,
  `credit` text NOT NULL,
  `licence` text NOT NULL,
  `copyright` text NOT NULL,
  `lien_doc` text NOT NULL,
  `lien_demo` text NOT NULL,
  `lien_dev` text NOT NULL,
  `etat` varchar(16) NOT NULL DEFAULT '',
  `etatnum` int(1) NOT NULL DEFAULT '0',
  `dependances` text NOT NULL,
  `date_crea` datetime NOT NULL DEFAULT '0000-00-00 00:00:00',
  `date_modif` datetime NOT NULL DEFAULT '0000-00-00 00:00:00',
  `id_depot` bigint(21) NOT NULL DEFAULT '0',
  `nom_archive` varchar(255) NOT NULL DEFAULT '',
  `nbo_archive` int(11) NOT NULL DEFAULT '0',
  `maj_archive` datetime NOT NULL DEFAULT '0000-00-00 00:00:00',
  `src_archive` varchar(255) NOT NULL DEFAULT '',
  `traductions` text NOT NULL,
  `actif` varchar(3) NOT NULL DEFAULT 'non',
  `installe` varchar(3) NOT NULL DEFAULT 'non',
  `recent` int(2) NOT NULL DEFAULT '0',
  `maj_version` varchar(255) NOT NULL DEFAULT '',
  `superieur` varchar(3) NOT NULL DEFAULT 'non',
  `obsolete` varchar(3) NOT NULL DEFAULT 'non',
  `attente` varchar(3) NOT NULL DEFAULT 'non',
  `constante` varchar(30) NOT NULL DEFAULT '',
  `signature` varchar(32) NOT NULL DEFAULT '',
  PRIMARY KEY (`id_paquet`),
  KEY `id_plugin` (`id_plugin`)
) ENGINE=InnoDB  DEFAULT CHARSET=utf8 AUTO_INCREMENT=103 ;

--
-- Contenu de la table `spip_paquets`
--

INSERT INTO `spip_paquets` (`id_paquet`, `id_plugin`, `prefixe`, `logo`, `version`, `version_base`, `compatibilite_spip`, `branches_spip`, `description`, `auteur`, `credit`, `licence`, `copyright`, `lien_doc`, `lien_demo`, `lien_dev`, `etat`, `etatnum`, `dependances`, `date_crea`, `date_modif`, `id_depot`, `nom_archive`, `nbo_archive`, `maj_archive`, `src_archive`, `traductions`, `actif`, `installe`, `recent`, `maj_version`, `superieur`, `obsolete`, `attente`, `constante`, `signature`) VALUES
(35, 35, 'MELIMELO', 'img/melimelo.jpg', '001.000.001', '', '[v3;]', '1.9,2.0,2.1,3.0,3.1', '', 'a:1:{i:1;a:3:{s:3:"nom";s:8:"melimelo";s:3:"url";s:8:"melimelo";s:4:"mail";s:0:"";}}', '', '', '', '', '', '', 'stable', 4, 'a:3:{s:9:"necessite";a:0:{}s:9:"librairie";a:0:{}s:7:"utilise";a:0:{}}', '0000-00-00 00:00:00', '0000-00-00 00:00:00', 0, '', 0, '0000-00-00 00:00:00', 'melimelo', '', 'oui', 'oui', 1, '', 'non', 'non', 'non', '_DIR_PLUGINS', '2705544c46e8e6aa5c5270a8088f3746'),
(65, 65, 'CEXTRAS', 'images/cextras-64.png', '003.002.007', '', '[3.0.0;3.0.*]', '3.0', '<multi>[en]Provides a simple API to create new fields on the editorial objects.\nIt is the base for other plugins including "Extras Fields Interface" which provides\na graphical interface to manage these new fields.[es]Ofrece una API simple permitiendo crear nuevos campos en los objetos editoriales. \nEs pues la base para otros plugins, especialmente para «Campos Extras Interfaz», que da una interfaz gráfica de gestión de estos nuevos campos.[fr]Offre une API simple permettant de créer de nouveaux champs dans les objets éditoriaux.\n					Il est donc le socle pour d’autres plugins notamment pour « Champs Extras Interface » qui donne\n					une interface graphique de gestion de ces nouveaux champs.[nl]Biedt een API voor het beheer van nieuw velden in redactionele objecten.\n					Het is het fundament voor andere plugins zoals « Champs Extras Interface » wat een\n					grafische interface biedt voor het beheer van deze nieuwe velden.[ru]Добавляет API для создания новых полей к существующим объектам.\n\nЭто базовый плагин для многих других, в том числе для "Интерфейс для Champs Extras". Он обеспечивает интерфейс для добавления новых полей в административной панели сайта.[sk]Ponúka jednoduchú aplikáciu, ktorá umožňuje vytvárať nové polia v redakčných objektoch.\n					Je základom pre iné zásuvné moduly, vrátane  "Rozhrania doplnkových polí", ktoré poskytuje\n					grafické rozhranie na riadenie týchto nových polí.</multi>', 'a:2:{i:1;a:3:{s:3:"nom";s:19:"Matthieu Marcillaud";s:3:"url";s:0:"";s:4:"mail";s:0:"";}i:2;a:3:{s:3:"nom";s:3:"Fil";s:3:"url";s:0:"";s:4:"mail";s:0:"";}}', '', 'a:1:{i:1;a:2:{s:3:"nom";s:7:"GNU/GPL";s:3:"url";s:0:"";}}', '', 'http://www.spip-contrib.net/?article4068', '', '', 'stable', 4, 'a:3:{s:9:"necessite";a:1:{i:0;a:1:{s:7:"saisies";a:2:{s:3:"nom";s:7:"saisies";s:13:"compatibilite";s:9:"[1.21.0;]";}}}s:9:"librairie";a:0:{}s:7:"utilise";a:1:{i:0;a:1:{s:8:"verifier";a:2:{s:3:"nom";s:8:"verifier";s:13:"compatibilite";s:9:"[0.1.12;]";}}}}', '0000-00-00 00:00:00', '0000-00-00 00:00:00', 0, '', 0, '0000-00-00 00:00:00', 'champs_extras3', '', 'oui', 'non', 1, '', 'non', 'non', 'non', '_DIR_PLUGINS', '084916b14914f1d71b6ce18a8aa23f16'),
(66, 66, 'IEXTRAS', 'images/iextras-64.png', '003.001.000', '1.0.0', '[3.0.0;3.0.*]', '3.0', '<multi>[en]Adds in the private space a complete interface to manage additional fields on editorial objects.[es]Añadir en el espacio privado una interfaz completa de gestión de campos adicionales dentro de los objetos editoriales.[fr]Ajoute dans l’espace privé une interface complète de gestion de champs supplémentaires\n							dans les objets éditoriaux.[ru]Полноценный интерфейс для добавлениях новых полей к статьям, разделам и прочим объектам а административной части сайта.[sk]Do súkromnej zóny pridá kompletné rozhranie na riadenie doplnkových polí\n							v redakčných objektoch.</multi>', 'a:2:{i:1;a:3:{s:3:"nom";s:19:"Matthieu Marcillaud";s:3:"url";s:0:"";s:4:"mail";s:0:"";}i:2;a:3:{s:3:"nom";s:3:"Fil";s:3:"url";s:0:"";s:4:"mail";s:0:"";}}', '', 'a:1:{i:1;a:2:{s:3:"nom";s:7:"GNU/GPL";s:3:"url";s:0:"";}}', '', 'http://www.spip-contrib.net/?article4028', '', '', 'stable', 4, 'a:3:{s:9:"necessite";a:1:{i:0;a:4:{s:7:"cextras";a:2:{s:3:"nom";s:7:"cextras";s:13:"compatibilite";s:8:"[3.0.4;]";}s:7:"saisies";a:2:{s:3:"nom";s:7:"saisies";s:13:"compatibilite";s:9:"[1.21.0;]";}s:8:"verifier";a:2:{s:3:"nom";s:8:"verifier";s:13:"compatibilite";s:9:"[0.1.12;]";}s:4:"yaml";a:2:{s:3:"nom";s:4:"yaml";s:13:"compatibilite";s:8:"[1.5.0;]";}}}s:9:"librairie";a:0:{}s:7:"utilise";a:0:{}}', '0000-00-00 00:00:00', '0000-00-00 00:00:00', 0, '', 0, '0000-00-00 00:00:00', 'champs_extras3_interface', '', 'oui', 'oui', 1, '', 'non', 'non', 'non', '_DIR_PLUGINS', '008b82c710d0b6c9278e662609d4d99b'),
(67, 67, 'CKEDITOR', 'images/ckspip-logo.png', '000.016.015', '1.0.0', '[2.0.9;3.0.*]', '2.0,2.1,3.0', '<multi>[fr]Utiliser l''éditeur CKeditor avec SPIP3</multi>', 'a:3:{i:1;a:3:{s:3:"nom";s:18:"Frédéric Bonnaud";s:3:"url";s:0:"";s:4:"mail";s:23:"fredlefred AT gmail.com";}i:2;a:3:{s:3:"nom";s:24:"Mehdi Cherifi (Superyms)";s:3:"url";s:0:"";s:4:"mail";s:21:"superyms AT gmail.com";}i:3;a:3:{s:3:"nom";s:16:"Emmanuel Dreyfus";s:3:"url";s:0:"";s:4:"mail";s:17:"manu AT netbsd.or";}}', 'a:2:{i:1;a:2:{s:3:"nom";s:55:"Alex (http://contrib.spip.net/CKeditor-3-0#forum459606)";s:3:"url";s:0:"";}i:2;a:2:{s:3:"nom";s:126:"Les icones des onglets de configuration sont créées par Patricia Clausnitzer (http://pc.de/icons/pc.de-berlin-icon-pack.zip)";s:3:"url";s:0:"";}}', 'a:1:{i:1;a:2:{s:3:"nom";s:10:"GNU/GPL v2";s:3:"url";s:40:"http://www.gnu.org/licenses/gpl-2.0.html";}}', 'a:1:{i:1;s:9:"2009-2013";}', 'http://contrib.spip.net/CKeditor-3-0', '', '', 'dev', 2, 'a:3:{s:9:"necessite";a:1:{i:0;a:2:{s:7:"saisies";a:2:{s:3:"nom";s:7:"saisies";s:13:"compatibilite";s:9:"[1.27.0;]";}s:4:"yaml";a:2:{s:3:"nom";s:4:"yaml";s:13:"compatibilite";s:8:"[1.5.0;]";}}}s:9:"librairie";a:1:{i:0;a:1:{s:8:"ckeditor";a:2:{s:3:"nom";s:8:"ckeditor";s:4:"lien";s:86:"http://download.cksource.com/CKEditor/CKEditor/CKEditor%203.6.6.1/ckeditor_3.6.6.1.zip";}}}s:7:"utilise";a:0:{}}', '0000-00-00 00:00:00', '0000-00-00 00:00:00', 0, '', 0, '0000-00-00 00:00:00', 'ckeditor-spip-plugin', '', 'non', 'non', 27, '', 'non', 'non', 'non', '_DIR_PLUGINS', 'dc0267fff75ae2c1c63e3e2cad7817e9'),
(68, 68, 'FACTEUR', 'prive/themes/spip/images/facteur-32.png', '003.000.007', '1.1', '[3.0.0;3.0.*]', '3.0', '<multi>[de]Der Briefträger befördert Emails im HTML-Format, im Nur-Text-Format oder in beiden, egal ob per SMTP oder nicht.[en]Postman delivers emails in HTML, text or mixed format; via SMTP or not[es]"Cartero" se ocupa de la distribución de correos electrónicos en formato HTML, texto o mixto; vía SMTP o no[fr]Facteur s’occupe de la distribution des courriels au format HTML, texte ou mixte ; via SMTP ou non[nl]Postbode (Facteur) houdt zich bezig met de distributie van email in HTML, tekst of gemengd formaat; al dan niet via SMTP[ru]Плагин отправляет письма в текстовом, HTML или смешанном формате; при помощи SMTP или функции mail[sk]Poštár slúži na doručovanie e-mailov vo formáte HTML, v textovej alebo v zmiešanej podobe či už cez SMTP, alebo nie</multi>', 'a:1:{i:1;a:3:{s:3:"nom";s:14:"Collectif SPIP";s:3:"url";s:0:"";s:4:"mail";s:0:"";}}', '', '', '', 'http://www.spip-contrib.net/Facteur', '', '', 'stable', 4, 'a:3:{s:9:"necessite";a:0:{}s:9:"librairie";a:0:{}s:7:"utilise";a:0:{}}', '0000-00-00 00:00:00', '0000-00-00 00:00:00', 0, '', 0, '0000-00-00 00:00:00', 'facteur', '', 'oui', 'oui', 1, '', 'non', 'non', 'non', '_DIR_PLUGINS', 'e66cdd16b00d2105d883ad9503fe0aa6'),
(69, 69, 'FORMIDABLE', 'images/formidable-64.png', '001.008.004', '0.5.2', '[3.0.0;3.0.*]', '3.0', '<multi>[fr]Création de formulaires avec une interface graphique et configuration des traitements associés (envoyer par courriel, enregistrer les réponses, etc).</multi>', 'a:2:{i:1;a:3:{s:3:"nom";s:13:"RastaPopoulos";s:3:"url";s:0:"";s:4:"mail";s:0:"";}i:2;a:3:{s:3:"nom";s:28:"Les Développements Durables";s:3:"url";s:17:"http://www.ldd.fr";s:4:"mail";s:0:"";}}', '', 'a:1:{i:1;a:2:{s:3:"nom";s:5:"GPL 3";s:3:"url";s:40:"http://www.gnu.org/licenses/gpl-3.0.html";}}', '', 'http://www.spip-contrib.net/Formidable-le-generateur-de', '', '', 'test', 3, 'a:3:{s:9:"necessite";a:1:{i:0;a:5:{s:10:"spip_bonux";a:2:{s:3:"nom";s:10:"spip_bonux";s:13:"compatibilite";s:8:"[1.9.3;[";}s:7:"saisies";a:2:{s:3:"nom";s:7:"saisies";s:13:"compatibilite";s:9:"[1.34.2;[";}s:8:"verifier";a:2:{s:3:"nom";s:8:"verifier";s:13:"compatibilite";s:6:"[0.1;[";}s:4:"yaml";a:2:{s:3:"nom";s:4:"yaml";s:13:"compatibilite";s:6:"[1.1;[";}s:7:"facteur";a:2:{s:3:"nom";s:7:"facteur";s:13:"compatibilite";s:8:"[3.0.3;[";}}}s:9:"librairie";a:0:{}s:7:"utilise";a:0:{}}', '0000-00-00 00:00:00', '0000-00-00 00:00:00', 0, '', 0, '0000-00-00 00:00:00', 'formidable_1_0', '', 'oui', 'oui', 1, '', 'non', 'non', 'non', '_DIR_PLUGINS', 'e9063b5eddb6bd346458143029037cf6'),
(70, 70, 'FULLTEXT', 'images/fulltext-32.png', '000.007.001', '0.2', '[2.0.0;3.0.*]', '2.0,2.1,3.0', '<multi>[ar]يتيح هذا الملحق من جهة استغلال بحث فول تكست (FULLTEXT اي النص الكامل) في قاعدة MySQL  وتحسين البحث بشكل كبير مقارنة بمحرك بحث SPIP القياسي ومن جهة اخرى، فهرسة محتوى المستندات.\n_ لأفضل أداء، يتطلب الملحق بعض البرامج الإضافية على الخادم والتي يجب إعدادها في ملف <code>mes_options.php</code> او من خلال لوحة الاإعداد في المجال الخاص.\nـ راجع دليل استخدام الملحق لمزيد من المعلومات.[de]Dieses Plugin ermöglicht einerseits, die Volltextsuche von MySQL zu nutzen, andererseits den Inhalt mancher Dokumente zu indexieren.\n_ Um den gesamten Funktionsumfang auzuschöpfen, sind Zusatzprogramme erforderlich, die auf dem Server installiert und in  <code>mes_options.php</code> oder dem Einstellungsmenü konfiguriert werden.\n_ Detaillierte Informationen stehen in der Dokumentation des Plugins.[en]This plugin allows on one hand to use the FULLTEXT search mode  of MySQL and thereby greatly improve the search engine compared to the native search engine of SPIP, and on the other hand to index the contents of some documents.\n_ For an optimum use, you need to install additional programs on the server and setting up  their use in <code>mes_options.php</code> or via the plugin control panel.\n_ See the plugin documentation for more details.[es]Este plugin permite por un lado explotar el modo de búsqueda FULLTEXT de MySQL y mejorar así en gran medida las búsquedas por informe en el funcionamiento original de SPIP, y por otro lado indexar el contenido de ciertos documentos.\n_ Para un funcionamiento óptimo, ciertos programas complementarios son necesarios en el servidor y deben estar parametrados en <code>mes_options.php</code> o a través del panel de configuración.\n_ Ver la documentación del plugin para más detalles.[fr]Ce plugin permet d’une part d’exploiter le mode de recherche FULLTEXT de MySQL et d’améliorer ainsi énormément les recherches par rapport au fonctionnement natif de SPIP, et d’autre part d’indexer le contenu de certains documents.\n_ Pour un fonctionnement optimal, certains programmes complémentaires sont nécessaires sur le serveur et doivent être paramétrés dans <code>mes_options.php</code> ou via le panneau de configuration.\n_ Voir la documentation du plugin pour plus de détails.[nl]Deze plugin introduceert de FULLTEXT zoekmethode van MySQL en verbetert zo de oorspronkelijke zoekfunctionaliteit van SPIP aanzienlijk. Maar het indexeert ook de inhoud van bepaalde types documenten.\n_ Voor een optimaal functioneren zijn enkele aanvullende programma’s op de server nodig waarvan de parameters in <code>mes_options.php</code> worden geplaatst of via het configuratiepaneel moeten worden ingesteld.\n_ Bekijk de documentatie van de plugin voor meer details.[sk]Tento poskytuje pomoc pri  FULLTEXTOVOM vyhľadávaní  MySQL a veľmi vylepšuje vyhľadávanie vo vzťahu k fungovaniu SPIPu ako takého a po druhé pri indexovaní obsahu niektorých súborov. \n_ Na optimálne fungovanie potrebujete na serveri niektoré ďalšie programy a tie musia byť nastavené v súbore <code>mes_options.php</code> alebo cez ovládací panel.\n _ Viac podrobností nájdete v dokumentácii k zásuvnému modulu.</multi>', 'a:2:{i:1;a:3:{s:3:"nom";s:3:"Fil";s:3:"url";s:0:"";s:4:"mail";s:0:"";}i:2;a:3:{s:3:"nom";s:13:"Gael Chareyre";s:3:"url";s:0:"";s:4:"mail";s:0:"";}}', '', 'a:1:{i:1;a:2:{s:3:"nom";s:5:"GPL 3";s:3:"url";s:40:"http://www.gnu.org/licenses/gpl-3.0.html";}}', 'a:1:{i:1;s:9:"2009-2012";}', 'http://www.spip-contrib.net/Fulltext', '', '', 'test', 3, 'a:3:{s:9:"necessite";a:0:{}s:9:"librairie";a:0:{}s:7:"utilise";a:0:{}}', '0000-00-00 00:00:00', '0000-00-00 00:00:00', 0, '', 0, '0000-00-00 00:00:00', 'fulltext', '', 'oui', 'oui', 1, '', 'non', 'non', 'non', '_DIR_PLUGINS', '0f3c6f0130158e96a0bdc49298aeea4e'),
(71, 71, 'MAILSUBSCRIBERS', 'prive/themes/spip/images/mailsubscriber-32.png', '001.004.002', '0.2.0', '[3.0.0;3.0.*]', '3.0', '<multi>[de]E-Mail Newsletter-Anmeldung[en]Subscribe to e-mail distribution[fr]Inscription à la diffusion par courriel[nl]Aanmelden e-mail distributie</multi>', 'a:1:{i:1;a:3:{s:3:"nom";s:13:"Cédric Morin";s:3:"url";s:17:"http://nursit.com";s:4:"mail";s:0:"";}}', '', 'a:1:{i:1;a:2:{s:3:"nom";s:10:"GNU/GPL v3";s:3:"url";s:0:"";}}', '', 'http://contrib.spip.net/mailsubscribers', '', '', 'stable', 4, 'a:3:{s:9:"necessite";a:1:{i:0;a:1:{s:7:"facteur";a:2:{s:3:"nom";s:7:"facteur";s:13:"compatibilite";s:8:"[2.4.5;]";}}}s:9:"librairie";a:0:{}s:7:"utilise";a:0:{}}', '0000-00-00 00:00:00', '0000-00-00 00:00:00', 0, '', 0, '0000-00-00 00:00:00', 'mailsubscribers-v1', '', 'oui', 'oui', 1, '', 'non', 'non', 'non', '_DIR_PLUGINS', 'c79f3c50fa8c72605d1199c26707597f'),
(72, 72, 'SAISIES', 'images/logo_saisie_48.png', '001.038.004', '', '[2.0.0;3.0.*]', '2.0,2.1,3.0', '<multi>[ar]يسهّل هذا الملحق إنشاء حقول للاستمارات من خلال توفيره علامة SAISIE#. تتوافق علامات HTML الناتجة مع تسمية الاستمارات \r\n		المقترحة في SPIP بإصداراته الأحدث من ٢.٠ ومع ملحق الاعدادات CFG.[de]Dieses Plugin erleichtert die Erstellung von Eingabefeldern für Formulare und bietet einen Tag #SAISIE. Das erzeugte HTML ist mit der Nomenklatur der von SPIP > 2.0 und dem Plugin CFG kompatibel.[en]This plugin makes it easier to write form fields by providing a #SAISIE tag. \r\n		The generated HTML is compatible with the classification of forms\r\n		proposed by SPIP > 2.0 and with the configuration plugin CFG.[es]Este plugin permite facilitar la redacción de campos de formularios proponiendo una etiqueta #SAISIE. El HTML generado es compatible con la nomenclatura de los formularios propuestos por SPIP > 2.0 y con el plugin de configuración CFG.[fr]Ce plugin permet de faciliter l’écriture de champs de formulaires en proposant une\r\n		balise #SAISIE. Le HTML généré est compatible avec la nomenclature des formulaires\r\n		proposée par SPIP > 2.0 et avec le plugin de configuration CFG.[nl]Deze plugin vereenvoudigt het maken van formuliervelden danzij een code #SAISIE. De gegenereerde HTML is compatibel met die van SPIP formulieren vanaf versie 2.0 en met de configuratie plugin CFG.[ru]Этот плагин облегчает работу по созданию форм. Вам предоставляется возможность создавать поля (input,textarea) в форме при помощи тега #SAISIE. Полученная форма полностью совместима со стандартом  SPIP 2.0+ и c плагином CFG.[sk]Tento zásuvný modul uľahčuje zápis polí formulára ponúknutím tagu #INPUT. Vytvorený kód HTML je kompatibilný s klasifikáciou formulárov, ktorú ponúka SPIP > 2.0 a so zásuvným modulom na konfiguráciu – CFG.</multi>', 'a:4:{i:1;a:3:{s:3:"nom";s:19:"Matthieu Marcillaud";s:3:"url";s:43:"http://contrib.spip.net/Matthieu-Marcillaud";s:4:"mail";s:0:"";}i:2;a:3:{s:3:"nom";s:13:"RastaPopoulos";s:3:"url";s:37:"http://contrib.spip.net/RastaPopoulos";s:4:"mail";s:0:"";}i:3;a:3:{s:3:"nom";s:6:"Joseph";s:3:"url";s:30:"http://contrib.spip.net/Joseph";s:4:"mail";s:0:"";}i:4;a:3:{s:3:"nom";s:28:"Les Développements Durables";s:3:"url";s:17:"http://www.ldd.fr";s:4:"mail";s:0:"";}}', '', 'a:1:{i:1;a:2:{s:3:"nom";s:7:"GNU/GPL";s:3:"url";s:0:"";}}', '', 'http://www.spip-contrib.net/Saisies', '', '', 'test', 3, 'a:3:{s:9:"necessite";a:0:{}s:9:"librairie";a:0:{}s:7:"utilise";a:1:{i:0;a:2:{s:8:"verifier";a:1:{s:3:"nom";s:8:"verifier";}s:10:"spip_bonux";a:1:{s:3:"nom";s:10:"spip_bonux";}}}}', '0000-00-00 00:00:00', '0000-00-00 00:00:00', 0, '', 0, '0000-00-00 00:00:00', 'saisies', '', 'oui', 'non', 1, '', 'non', 'non', 'non', '_DIR_PLUGINS', '4a6a43113709bcd8f36af8c5f1701d4e'),
(73, 73, 'SPIP_BONUX', 'img_pack/spip-bonux.png', '003.000.005', '', '[3.0.0;3.1.*]', '3.0,3.1', '<multi>[ar]الملحق الذي يجعل SPIP أكثر بياضاً من SPIP، ويقدم هدايا ممتعة!\r\nجداول، عدادات، الخ.[de]Der Plug-in, der SPIPer wäscht als SPIP, mit tollen Geschenken drin!\r\n	Tabellen, Zähler, usw.[en]The plugin that make SPIP better than SPIP, with nice gifts inside !\r\n	arrays, counter, etc.[es]El plugin que lava más SPIP que SPIP, ¡con bonitos regalos dentro!\r\n	Tableros, contador, etcétera.[fr]Le plugin qui lave plus SPIP que SPIP, avec des chouettes cadeaux dedans !\r\n	Tableaux, compteur, etc.[nl]De plugin die SPIP nog SPIPper maakt met leuke extraatjes!\r\n	Tabellen, teller, enz.[ru]SPIP Bonux необходим для работы многих других плагинов. Он существенно расширяет возможности SPIP, делая его лучше чем SPIP :)))[sk]Zásuvný modul, ktorý prečistí SPIP ako SPIP s peknými darčekmi vnútri!\r\n	Tabuľky, počítadlo, a i.</multi>', 'a:3:{i:1;a:3:{s:3:"nom";s:12:"Cedric Morin";s:3:"url";s:0:"";s:4:"mail";s:0:"";}i:2;a:3:{s:3:"nom";s:19:"Matthieu Marcillaud";s:3:"url";s:0:"";s:4:"mail";s:0:"";}i:3;a:3:{s:3:"nom";s:14:"romy.tetue.net";s:3:"url";s:0:"";s:4:"mail";s:0:"";}}', '', 'a:1:{i:1;a:2:{s:3:"nom";s:3:"GPL";s:3:"url";s:40:"http://www.gnu.org/licenses/gpl-3.0.html";}}', 'a:1:{i:1;s:9:"2008-2013";}', 'http://www.spip-contrib.net/SPIP-Bonux', '', '', 'stable', 4, 'a:3:{s:9:"necessite";a:0:{}s:9:"librairie";a:0:{}s:7:"utilise";a:0:{}}', '0000-00-00 00:00:00', '0000-00-00 00:00:00', 0, '', 0, '0000-00-00 00:00:00', 'spip-bonux-3', '', 'oui', 'non', 1, '', 'non', 'non', 'non', '_DIR_PLUGINS', '50a754f07c433de4b0d7ce93402ea264'),
(74, 74, 'VERIFIER', 'images/verifier-128.png', '001.000.004', '', '[2.0.10;3.0.*]', '2.0,2.1,3.0', '<multi>[de]Stellt die Funktion<code>verifier($wert, $typ, $optionen, $normalisierter_wert)</code>bereit, mit der ein Werts auf Gültigkeit geprüft werden kann.[en]Provides a unique function <code>verifier($value, $type, $options,&$valeur_normalisee)</code> to test the validity of a value.[es]Proporciona una función única <code>verifier($valeur, $type, $options, &$valeur_normalisee)</code> para probar la validez de un valor[fr]Fournit une fonction unique <code>verifier($valeur, $type, $options, &$valeur_normalisee)</code> permettant de tester la validité d’une valeur.[ru]Позволяет использовать функцию <code>verifier($valeur, $type, $options, &$valeur_normalisee)</code> для проверки данных на соответствие заданному формату.[sk]Poskytuje jedinečnú funkciu <code>verifier($hodnota, $typ, $podmienky),</code> ktorá umožňuje otestovať platnosť hodnoty.</multi>', 'a:1:{i:1;a:3:{s:3:"nom";s:28:"Les Développements Durables";s:3:"url";s:17:"http://www.ldd.fr";s:4:"mail";s:0:"";}}', '', 'a:1:{i:1;a:2:{s:3:"nom";s:5:"GPL 3";s:3:"url";s:40:"http://www.gnu.org/licenses/gpl-3.0.html";}}', '', 'http://www.spip-contrib.net/Verifier,1505', '', '', 'test', 3, 'a:3:{s:9:"necessite";a:0:{}s:9:"librairie";a:0:{}s:7:"utilise";a:1:{i:0;a:1:{s:4:"yaml";a:1:{s:3:"nom";s:4:"yaml";}}}}', '0000-00-00 00:00:00', '0000-00-00 00:00:00', 0, '', 0, '0000-00-00 00:00:00', 'verifier', '', 'oui', 'non', 1, '', 'non', 'non', 'non', '_DIR_PLUGINS', '66439221f8cc0abf3a26399c30bab7a2'),
(76, 76, 'YAML', 'yaml.png', '001.005.001', '', '[2.0.10;3.0.*]', '2.0,2.1,3.0', '<multi>[en]This plugin provides the functions for reading/writing YAML format:\r\n<code>yaml_decode()</code> and <code>yaml_encode()</code>. It also provides the yaml format for the (DATA) loop.[es]Este plugin proporciona las funciones de lectura/escritura del formato YAML: <code>yaml_decode()</code> y <code>yaml_encode()</code>. También proporciona el formato yaml para el bucle (DATA).[fa]اين پلاگين كاركردهاي خواندن/نوشتن فرمت يا.اي.ام.ال را فراهم مي‌آورد: <code>yaml_decode()</code> و<code>yaml_encode()</code>. همچنين فرمت يا.اي.ام.ال را براي حلقه‌ي (DATA) فراهم مي‌سازد.[fr]Ce plugin fournit les fonctions de lecture/écriture du format YAML :\r\n	<code>yaml_decode()</code> et <code>yaml_encode()</code>. Il fournit aussi le format yaml pour la boucle (DATA).[ru]Плагин позволяет использовать функции чтения/записи в формате YAML:\r\n	<code>yaml_decode()</code> и <code>yaml_encode()</code>. И позволяет использовать YAML в запросе BOUCLE(DATA).[sk]Tento zásuvný modul ponúka funkcie čítanie/zápisu formátu YAML:\r\n	<code>yaml_decode()</code> a <code>yaml_encode()</code>. Poskytuje formát yaml aj pre cyklus (DATA).</multi>', '', 'a:3:{i:1;a:2:{s:3:"nom";s:8:"yaml.org";s:3:"url";s:16:"http://yaml.org/";}i:2;a:2:{s:3:"nom";s:4:"Spyc";s:3:"url";s:30:"http://code.google.com/p/spyc/";}i:3;a:2:{s:3:"nom";s:31:"Symfony YAML - Fabien Potencier";s:3:"url";s:43:"http://components.symfony-project.org/yaml/";}}', 'a:1:{i:1;a:2:{s:3:"nom";s:3:"MIT";s:3:"url";s:46:"http://opensource.org/licenses/mit-license.php";}}', '', 'http://www.spip-contrib.net/Le-plugin-YAML', '', '', 'stable', 4, 'a:3:{s:9:"necessite";a:0:{}s:9:"librairie";a:0:{}s:7:"utilise";a:0:{}}', '0000-00-00 00:00:00', '0000-00-00 00:00:00', 0, '', 0, '0000-00-00 00:00:00', 'yaml', '', 'oui', 'non', 1, '', 'non', 'non', 'non', '_DIR_PLUGINS', '4e6842799711f0d2bbe2b7edab7cc54b'),
(77, 77, 'BREVES', 'prive/themes/spip/images/breve-32.png', '001.003.006', '1.0.0', '[3.0.0;3.0.*]', '3.0', '<multi>[ar]الأخبار هي معلومات قصيرة بدون مؤلف.[de]Meldungen sind kurze Informationen, deren Autor nicht gespeichert wird.[en]News items are short informations, without authors.[eo]La fulm-informoj estas mallongaj enhavo, sen aŭtoro.[es]Los breves son informaciones cortas sin autor.[fa]اين خبرها اطلاعات كوتاه و بدون مؤلف هستند[fr]Les brèves sont des informations courtes, sans auteur.[fr_fem]Les brèves sont des informations courtes, sans auteure.[fr_tu]Les brèves sont des informations courtes, sans auteur.[it]Le brevi sono piccole fonti di informazioni, senza autori.[lb]Kuerzmeldunge si kléng Informatiounen ouni Auteur.[nl]Nieuwsberichten zijn kort nieuws zonder auteur.[pt]As notícias são informações curtas, sem autor.[pt_br]As notas são informações curtas, sem autor.[ru]Новость - это краткая статья без указания автора.[sk]Novinky sú krátke informácie bez autora.</multi>', 'a:1:{i:1;a:3:{s:3:"nom";s:14:"Collectif SPIP";s:3:"url";s:0:"";s:4:"mail";s:0:"";}}', '', '', '', '', '', '', 'stable', 4, 'a:3:{s:9:"necessite";a:0:{}s:9:"librairie";a:0:{}s:7:"utilise";a:1:{i:0;a:1:{s:4:"mots";a:1:{s:3:"nom";s:4:"mots";}}}}', '0000-00-00 00:00:00', '0000-00-00 00:00:00', 0, '', 0, '0000-00-00 00:00:00', 'breves', '', 'oui', 'oui', 1, '', 'non', 'non', 'non', '_DIR_PLUGINS_DIST', '958340691dc2858476dacb75ce719ad8'),
(78, 78, 'COMPAGNON', 'prive/themes/spip/images/compagnon-32.png', '001.004.001', '1.0.0', '[3.0.0;3.0.*]', '3.0', '<multi>[ar]يقدم الرفيق مساعدة للمستخدمين\n		لدى أول زيارة لهم الى المجال الخاص في SPIP.[de]Der Begleiter hilft neuen Benutzern bei ihren ersten Schritten im SPIP Redaktionssystem.[en]The companion provides assistance to users\nduring their first visit to the backoffice of SPIP.[eo]La kompano proponas helpon por uzantoj dum liaj unuaj vizitoj al SPIP privata spaco.[es]El compañero ofrece ayuda a los usuarios durante su primera visita al espacio privado de SPIP.[fa]همراه به كاربران در جريان نخستين ازديدشان از قسمت خصوصي اسپيپ كمك ارايه مي‌كند.[fr]Le compagnon offre une aide aux utilisateurs\n		lors de leur première visite dans l’espace privé de SPIP.[fr_fem]Le compagnon offre une aide aux utilisatrices\n		lors de leur première visite dans l’espace privé de SPIP.[it]L’assistente fornisce una guida agli utenti durante la loro prima visita all’area riservata di SPIP.[lb]De Compagnon bitt de Benotzer Hëllef beim éischte Benotze vum privaten Deel vu SPIP.[nl]De metgezel helpt de gebruikers tijdens\n		hun eerste bezoek in het privé-ruimte van SPIP[pt]O guia oferece assistência as utilizadores durante a sua primeira visita à área privada de SPIP.[pt_br]O Companheiro oferece ajuda aos usuários, na primeira visita à área privada do SPIP.[ru]Плагин выводит справку о системе управления при первом входе пользователя в админку.[sk]Compagnon ponúka pomoc používateľom \n		pri ich prvej návšteve v súkromnej zóne SPIPu.</multi>', 'a:1:{i:1;a:3:{s:3:"nom";s:19:"Matthieu Marcillaud";s:3:"url";s:20:"http://magraine.net/";s:4:"mail";s:0:"";}}', 'a:1:{i:1;a:2:{s:3:"nom";s:26:"Paul Viluda (Logo, icones)";s:3:"url";s:52:"http://www.cruzine.com/2010/10/06/animals-icon-sets/";}}', 'a:1:{i:1;a:2:{s:3:"nom";s:7:"GNU/GPL";s:3:"url";s:0:"";}}', '', '', '', '', 'stable', 4, 'a:3:{s:9:"necessite";a:0:{}s:9:"librairie";a:0:{}s:7:"utilise";a:0:{}}', '0000-00-00 00:00:00', '0000-00-00 00:00:00', 0, '', 0, '0000-00-00 00:00:00', 'compagnon', '', 'oui', 'oui', 1, '', 'non', 'non', 'non', '_DIR_PLUGINS_DIST', 'b11d065d36befbd475d84a1b73f2c6a8'),
(79, 79, 'COMPRESSEUR', 'images/compresseur-32.png', '001.008.007', '', '[3.0.0;3.1.*]', '3.0,3.1', '<multi>[ar]ضغط أوراق الأنماط ورموز جافاسكريبت في ترويسة الصفحات في <code>ecrire/</code> و/او الموقع العمومي[de]Kompression von CSS und Javascript-Code im Kopf der Seiten unter <code>ecrire/</code> und/oder auf der öffentlichen Website[en]Compression of css and javascript in the header of the HTML pages of <code>ecrire/</code> and/or of the public site[eo]Densigo de la css kaj javascript en la kaplinio de HTML-paĝoj pri <code>ecrire/</code> kaj / aŭ de la publika retejo[es]Compresión de css y javascript en los encabezados de las páginas HTML de <code>ecrire/</code> y/o del sitio público[fa]و/يا سايت همگاني <code>ecrire/</code> فشرده‌سازي سي.اس.اس‌ها و جاوا اسكريپت در سرصفحه‌ي صفحات اچ.تي.ام.ال‌[fr]Compression des css et javascript dans l’en-tête des pages html de <code>ecrire/</code> et/ou du site public[fr_fem]Compression des css et javascript dans l’en-tête des pages html de <code>ecrire/</code> et/ou du site public[it]Compressione di CSS e javascript \nnell’intestazione delle pagine html di <code>ecrire/</code> e/o del sito pubblico pubblico.[lb]Compressioun vun CSS a Javascript am Header vun den HTML-Säiten vun <code>ecrire/</code> an/oder dem ëffentleche Site[nl]Compressie van de css en javascript in de hoofding van html paginas uit <code>ecrire/</code> en/of van het publiek site.[pt]Compressão de css e javascript no cabeçalho das páginas HTML de <code>ecrire/</code> e/ou do sítio público.[pt_br]Compressão dos css e javascript nos cabeçalhos das páginas html de <code>ecrire/</code> e/ou do site público[ru]Сжимает css и javascript файлы для уменьшения времени загрузки. Используется как на основном сайте, так и в его администраторской части <code>ecrire/</code>[sk]Kompresia css a javascriptu v hlavičke html stránok <code>ecrire/</code> a/lebo na verejne prístupnej stránke</multi>', 'a:1:{i:1;a:3:{s:3:"nom";s:14:"Collectif SPIP";s:3:"url";s:0:"";s:4:"mail";s:0:"";}}', '', 'a:1:{i:1;a:2:{s:3:"nom";s:3:"GPL";s:3:"url";s:40:"http://www.gnu.org/licenses/gpl-3.0.html";}}', '', '', '', '', 'stable', 4, 'a:3:{s:9:"necessite";a:0:{}s:9:"librairie";a:0:{}s:7:"utilise";a:1:{i:0;a:1:{s:11:"porte_plume";a:2:{s:3:"nom";s:11:"porte_plume";s:13:"compatibilite";s:8:"[1.6.3;[";}}}}', '0000-00-00 00:00:00', '0000-00-00 00:00:00', 0, '', 0, '0000-00-00 00:00:00', 'compresseur', '', 'oui', 'non', 1, '', 'non', 'non', 'non', '_DIR_PLUGINS_DIST', '54db412bb9c05be584db4eb4c1868b52'),
(80, 80, 'DUMP', 'prive/themes/spip/images/base-backup-32.png', '001.006.007', '', '[3.0.0;3.0.*]', '3.0', '<multi>[ar]نسخ احتياطي لقاعدة البيانات بتنسيق SQLite واسترجاعها[de]Sicherung und Wiederherstellung der Datenbank im SQLite-Format[en]Backup and restoration of the database in SQLite format[eo]Savkopio de la datumbazo en SQLite kaj restaŭro[es]Copia de seguridad en SQLite y recuperación[fa]بك‌آپ و ذخيره‌سازي پايگاه داده‌ها در فرمت اس.كيو.لايت[fr]Sauvegarde de la base en SQLite et restauration[fr_fem]Sauvegarde de la base de données en SQLite et restauration[it]Backup e ripristino della base dati SQLite[lb]Backup vun der Datebank als SQLite an Zeréckspillen[nl]Backup van de database in SQLite en restauratie[pt]Cópia de segurança e restauro da base de dados em SQLite[pt_br]Cópia de segurança da base em SQLite e restauro[ru]Резервная копия в SQLite[sk]Záloha databázy v SQLite a jej obnovenie</multi>', 'a:1:{i:1;a:3:{s:3:"nom";s:14:"Collectif SPIP";s:3:"url";s:0:"";s:4:"mail";s:0:"";}}', '', 'a:1:{i:1;a:2:{s:3:"nom";s:3:"GPL";s:3:"url";s:40:"http://www.gnu.org/licenses/gpl-3.0.html";}}', '', '', '', '', 'stable', 4, 'a:3:{s:9:"necessite";a:0:{}s:9:"librairie";a:0:{}s:7:"utilise";a:0:{}}', '0000-00-00 00:00:00', '0000-00-00 00:00:00', 0, '', 0, '0000-00-00 00:00:00', 'dump', '', 'oui', 'non', 1, '', 'non', 'non', 'non', '_DIR_PLUGINS_DIST', '6217eb559386c28ed09cdc38408f0e07'),
(81, 81, 'IMAGES', 'images/image_filtre-32.png', '001.001.007', '', '[3.0.0;3.0.*]', '3.0', '<multi>[ar]مرشحات معالجة الصور والألوان[de]Bild- und Farbfilter[en]Images processing and colors filters[es]Filtros de transformación de imágenes y de colores[fa]فيلتر‌هاي پردازش تصوير‌ها و رنگ‌ها[fr]Filtres de transformation d’images et de couleurs[fr_fem]Filtres de transformation d’images et de couleurs[it]Filtri di trasformazione delle immagini e dei colori[lb]Ännerungs-Filteren fir d’Biller an d’Faarwen[nl]Beeld en kleur transformatie filters[pt]Processamento de imagens e filtros de cores[pt_br]Filtros de transformação de imagens e de cores[ru]Набор фильтров по работе с изображениями[sk]Filtre na transformáciu obrázkov a farieb</multi>', 'a:1:{i:1;a:3:{s:3:"nom";s:14:"Collectif SPIP";s:3:"url";s:0:"";s:4:"mail";s:0:"";}}', '', 'a:1:{i:1;a:2:{s:3:"nom";s:3:"GPL";s:3:"url";s:40:"http://www.gnu.org/licenses/gpl-3.0.html";}}', '', '', '', '', 'stable', 4, 'a:3:{s:9:"necessite";a:0:{}s:9:"librairie";a:0:{}s:7:"utilise";a:0:{}}', '0000-00-00 00:00:00', '0000-00-00 00:00:00', 0, '', 0, '0000-00-00 00:00:00', 'filtres_images', '', 'oui', 'non', 1, '', 'non', 'non', 'non', '_DIR_PLUGINS_DIST', '24a0a58db24115fd1083340a4cb8b8d1'),
(82, 82, 'FORUM', 'prive/themes/spip/images/forum-32.png', '001.008.030', '1.2.1', '[3.0.0;3.0.*]', '3.0', '<multi>[ar]منتدى SPIP (الخاص والعمومي)[de]Foren in SPIP (Redaktionsbereich und öffentliche Website)[en]SPIP’s forum (private and public)[es]Foros de SPIP (privado y público)[fa]سخنگاه اسپيپ (خصوصي همگاني)؟[fr]Forum de SPIP (privé et public)[fr_fem]Forum de SPIP (privé et public)[it]Forum di SPIP (privati e pubblici)[lb]SPIP-Forum (privat an ëffentlech)[nl]Forum van SPIP (private en openbaar)[pt]Fórum de SPIP (privado e público)[pt_br]Fórum do SPIP (privado e público)[ru]Форумы и комментарии в SPIP[sk]Diskusné fóra SPIPu (súkromné a verejné)</multi>', 'a:1:{i:1;a:3:{s:3:"nom";s:14:"Collectif SPIP";s:3:"url";s:0:"";s:4:"mail";s:0:"";}}', '', '', '', '', '', '', 'stable', 4, 'a:3:{s:9:"necessite";a:0:{}s:9:"librairie";a:0:{}s:7:"utilise";a:0:{}}', '0000-00-00 00:00:00', '0000-00-00 00:00:00', 0, '', 0, '0000-00-00 00:00:00', 'forum', '', 'oui', 'oui', 1, '', 'non', 'non', 'non', '_DIR_PLUGINS_DIST', '0ddfb6a6abd1fe66731cf62f91627f08'),
(83, 83, 'JQUERYUI', 'images/jqueryui-128.png', '001.008.021', '', '[3.0.0;3.0.*]', '3.0', '<multi>[ar]يثبت هذا الملحق مكتبة jQuery UI في SPIP مما يتيح إنشاء مكونات رسومية ديناميكية: ألسنة صفحات، السحب والرمي، شريط سير تنفيذ العمليات الخ.\nوتنقسم وظائف هذه المكتبة الى ثلاث فئات:\n\n-* {{التفاعلية}}: تتيح إضفاء خصائص شيقة على عناصر HTML كإمكان مسكها ونقلها من مكان الى آخر بواسطة الفأرة (السحب والرمي) او تغيير أحجامها كالإطارات والنوافذ او حتى اختيارها كأيقونات توضع على سطح مكتب نظام التشغيل.\n-* {{الأدوات}}: انها عناصر قائمة بنفسها تقدم وظائف متطورة مثل منتقي التواريخ (DatePicker) الذي يعرض روزنامة لاختيار تاريخ منها.\n-* {{المؤثرات}}: تأتي لإغناء المؤثرات القياسية التي يوفرها jQuery (كالتلاشي والإزاحة الى الأعلى او الأسفل...). وبفضل jQuery UI، يصبح من الممكن مثلاً إضفاء الحركة على خصائص الأنماط (CSS) مثل لون الخلفية من خلال خاصية ().animate او إضافة مؤثرات انتقال في خصائص addClass وremoveClass...[de]Dieses Plugin implementiert die Bibliothel jQuery UI in SPIP und ermöglicht so die Nutzung dynamischer Grafiken für Reiter, Ziehen und Ablegen, Fortschrittsbalken, u.v.m.\nDie Bibliothek enthält drei Kategorien von Funktionen:\n-* {{Interaktionen}} ermöglichen HTML-Elementen mit zusätzlichen Eigenschaften auszustatten, etwa dem Verschieben mit der Maus, der Größenänderung von Fenstern oder einer Auswahl wie bei Desktop-Icons.\n-* {{Widgets}} sind gebrauchsfertige komplexe Objekte wie z.B. der DatePicker, welcher einen Kalender zur Datumsauswahl einblendet.\n-* {{Effekte}} erweitern die Standardeffekte (fadeIn, slideUp...) von jQuery. Mit jQuery UI kann z.B. die Eigenschaft CSS background-color mit .animate() dynamisiert werden, oder Übergänge bei addClass/removeClass eingefügt werden.[en]This plugin implements the jQuery UI library in SPIP allowing the creation of dynamic graphical components: tabs, drag & drop, progress bars...\nThe features of this library are divided into three categories:\n-* {{The interactions}}. They can provide very interesting properties to HTML elements, such as being able to be grabbed and moved with the mouse (drag & drop), to be resized as a window, or to be selected as icons on the desktop of your OS.\n-* {{The Widgets}}. They are "turnkey" objects offering high-level features such as DatePicker for example, which displays a calendar to select a date.\n-* {{The effects}}. They enrich the effects offered by default by jQuery (fadeIn, slideUp...). Thanks to jQuery UI, it’s possible for example to animate the CSS property background-color with .animate() or to add transitions for the actions addClass/removeClass...[es]Este plugin implementa en SPIP la la librería complementaria jQuery UI autorizando la creación de componentes gráficos dinámicos: péstañas, drag & drop, barras de progresión...\nLas funcionalidades de esta librería se dividen en tres categorías:\n-* {{Les interacciones}}. permiten dar propiedades muy interesantes a elementos HTML, como el hecho de poder ser agarrado y desplazado con el mouse (drag & drop), de ser redimensionados como una ventana, o de ser seleccionados como iconos en el escritorio del entorno de ventanas.\n-* {{Los Widgets}}. Son objetos «llave en mano» qie proponen funcionalidades de alto nivel como el DatePicker por ejemplo, qu muestra un calendario en el que se puede seleccionar una fecha.\n-* {{Los efectos}}. Enriquecen los efectos por omisión propuestos por jQuery (fadeIn, slideUp...). Gracias a jQuery UI, es posible, por ejemplo, animar la propiedad CSS background-color con .animate() o o también de agregar transiciones a los addClass/removeClass...[fr]Ce plugin implémente dans SPIP la bibliothèque complémentaire jQuery UI autorisant la création de composants graphiques dynamiques : onglets, drag & drop, barres de progression...\nLes fonctionnalités de cette bibliothèque se divisent en 3 catégories :\n-* {{Les interactions}}. Elles permettent de donner des propriétés très intéressantes à des éléments HTML, comme le fait de pouvoir être attrapés et déplacés avec la souris (drag & drop), d’être redimensionnés comme une fenêtre, ou encore d’être sélectionnés comme des icônes sur le bureau de votre OS.\n-* {{Les Widgets}}. Ce sont des objets « clé en main » qui proposent des fonctionnalités de haut niveau comme le DatePicker par exemple, qui affiche un calendrier permettant de sélectionner une date.\n-* {{Les effects}}. Ils enrichissement les effets par défaut proposés par jQuery (fadeIn, slideUp...). Grâce à jQuery UI, il est par exemple possible d’animer la propriété CSS background-color avec .animate() ou encore d’ajouter des transitions lors des addClass/removeClass...[fr_fem]Ce plugin implémente dans SPIP la bibliothèque complémentaire jQuery UI autorisant la création de composants graphiques dynamiques : onglets, drag & drop, barres de progression...\nLes fonctionnalités de cette bibliothèque se divisent en 3 catégories :\n-* {{Les interactions}}. Elles permettent de donner des propriétés très intéressantes à des éléments HTML, comme le fait de pouvoir être attrapés et déplacés avec la souris (drag & drop), d’être redimensionnés comme une fenêtre, ou encore d’être sélectionnés comme des icônes sur le bureau de votre OS.\n-* {{Les Widgets}}. Ce sont des objets « clé en main » qui proposent des fonctionnalités de haut niveau comme le DatePicker par exemple, qui affiche un calendrier permettant de sélectionner une date.\n-* {{Les effects}}. Ils enrichissement les effets par défaut proposés par jQuery (fadeIn, slideUp...). Grâce à jQuery UI, il est par exemple possible d’animer la propriété CSS background-color avec .animate() ou encore d’ajouter des transitions lors des addClass/removeClass...[it]Questo plugin implementa la libreria jQuery UI all’interno di SPIP consentendo la creazione di componenti grafiche dinamiche: tab, drag & drop, barre di progresso ...\nLe funzionalità di questa libreria sono divise in tre categorie:\n-* {{Le interazioni}}. Queste aggiungono interessanti proprietà agli elementi HTML, come la possibilità di essere prese e trascinate con il mouse (drag & drop), di essere ridimensionate come una finestra, oppure di essere selezionate come le icone del desktop del vostro sistema operativo.\n-* {{I Widgets}}. Questi sono oggetti che offrono caratteristiche di alto livello come il DatePicker per esempio, che mostra un calendario per selezionare le date.\n-* {{Gli Effetti}}. Questi arrichiscono gli effetti già offerti da jQuery (fadeIn, slideUp). Grazie a jQuery UI, è possibile per esempio animare la propriety CSS background-color con .animate() oppure aggiungere una transizione per l’azione addClass/removeClass...[lb]Dëse Plugin installéiert d’jQuery UI Library am SPIP. Si erlaabt dynamesch grafesch Erstelle vun Tabs, Drag&Drop, Progression-Bars, asw.\nD’Funktioune vun dëser Library ginn a 3 Kategorien opgedeelt:\n-* {{Interaktiounen}}. Si erlaben HTML-Elementer interessant Méiglechkeeten ze ginn, z.B. kënne mat der Maus gepaakt a geréckelt ginn (Drag & Drop), an der Gréisst wéi eng Fenster geännert ginn, oder wéi Ikone um Büro vun ärem Operating System ausgewielt ginn.\n-* {{Widgets}}. Dat sinn "schlësselfäerdeg" Objekter déi Funktioune vun héigem Niveau erméiglechen, z.B DatePicker deen e Kalenner weist wou e kann en Datum auswielen.\n-* {{Effekter}}. Si beräicheren d’Default-Effekter vun jQuery (fadeIn, slideUp, asw.). Mat jQuery UI ass et z.B. méiglech d’CSS-Proprietéit background-color mat .animate() ze änneren oder Transitiounen mat  addClass/removeClass ze erméiglechen.[nl]Deze plugin implementeert het extra bibliotheek jQuery UI in SPIP waardoor de creatie van dynamische grafische tabs, drag & drop, vooruitgang bars mogelijk wordt...\nKenmerken van dit bibliotheek bestaan uit drie categorieën:\n-* {{Interacties}}. Zij kunnen zeer interessante eigenschappen aan HTML-elementen geven, zoals de mogelijkheid om ze te kunnen grijpen en verplaatsen met de muis (drag & drop), aanpassen als een venster, of nog geselecteerd te worden als pictogrammen op het bureau van uw OS.\n-* {{Widgets}}. Het zijn objecten "klaar om te gebruiken" die hoog niveau functionaliteit aanbieden, zoals bijvoorbeeld  datepicker die een kalender aanmaakt om het selecteren van een datum te toelaten.\n-* {{De effecten}}. Ze verrijken  de effecten aangeboden door jQuery (FadeIn, slideUp ...). Dankzij jQuery UI is het bijvoorbeeld mogelijk om de CSS background-color met .animate() te animeren of nog overgangen tijdens addClass / removeClass toe te voegen ...[pt]Este plugin implementa em SPIP a biblioteca complementar jQuery UI, permitindo a criação de componentes gráficos dinâmicos: guias, drag & drop, barras de progresso...\nAs funcionalidades desta biblioteca dividem-se em três categorias:\n-* {{As interacções}}. Podem conferir interessantes propriedades aos elementos HTML, como a capacidade de ser arrastados e movidos com o rato (drag & drop), de ser redimensionados como uma janela, ou de serem seleccionados como ícones no ambiente de trabalho do seu Sistema Operativo.\n-* {{Os Widgets}}. São os objectos « chave na mão » que oferecem funções de alto nível como por exemplo DatePicker,  que exibe um calendário para seleccionar uma data.\n-* {{Os efeitos}}. Enriquecem os efeitos oferecidos por defeito por jQuery (fadeIn, slideUp...). Graças a jQuery UI, é possível por exemplo animar a propriedade CSS cor de fundo, com .animate() ou adicionar transições para as acções addClass/removeClass...[ru]Данный плагин подключает к сайту функционал библиотеки JQuery UI.[sk]Tento zásuvný modul do SPIPu zavádza doplnkovú knižnicu  jQuery UI umožňujúcu vytváranie dynamických grafických prvkov: tabulátory, drag & drop, grafy zobrazujúce postup pri dokončení niečoho atď.\nFunkcie tejto knižnice sa rozdeľujú do 3 kategórií:\n-* {{Interakcie:}} dávajú vašim HTML objektom zaujímavé vlastnosti, napríklad môžete na objekty kliknúť myšou, a tak ich presúvať (drag&drop), dá sa meniť ich veľkosť tak ako veľkosť okna, alebo si ich môžete zvoliť ako ikony na pracovnú plochu svojho operačného systému.\n-* {{Widgety:}} to sú objekty s "prepínačmi", ktoré ponúkajú funkcie vysokej úrovne, ako napríklad DatePicker, ktorý zobrazí kalendár umožňujúci zadanie dátumu.\n-* {{Efekty:}} obohacujú predvolené efekty, ktoré ponúka jQuery (fadeIn, slideUp...). Napríklad vďaka jQuery UI je možné doplniť vlastnosť CSS background-color o .animate() alebo pridať prechody k addClass/removeClass, atď.</multi>', 'a:1:{i:1;a:3:{s:3:"nom";s:14:"Collectif SPIP";s:3:"url";s:0:"";s:4:"mail";s:0:"";}}', 'a:1:{i:1;a:2:{s:3:"nom";s:14:"jQuery UI Team";s:3:"url";s:25:"http://jqueryui.com/about";}}', '', '', '', '', '', 'stable', 4, 'a:3:{s:9:"necessite";a:0:{}s:9:"librairie";a:0:{}s:7:"utilise";a:0:{}}', '0000-00-00 00:00:00', '0000-00-00 00:00:00', 0, '', 0, '0000-00-00 00:00:00', 'jquery_ui', '', 'oui', 'non', 1, '', 'non', 'non', 'non', '_DIR_PLUGINS_DIST', '3e6662c24d32ec02728f33566eec1d9b');
INSERT INTO `spip_paquets` (`id_paquet`, `id_plugin`, `prefixe`, `logo`, `version`, `version_base`, `compatibilite_spip`, `branches_spip`, `description`, `auteur`, `credit`, `licence`, `copyright`, `lien_doc`, `lien_demo`, `lien_dev`, `etat`, `etatnum`, `dependances`, `date_crea`, `date_modif`, `id_depot`, `nom_archive`, `nbo_archive`, `maj_archive`, `src_archive`, `traductions`, `actif`, `installe`, `recent`, `maj_version`, `superieur`, `obsolete`, `attente`, `constante`, `signature`) VALUES
(84, 84, 'MEDIABOX', 'prive/themes/spip/images/mediabox-32.png', '000.008.004', '', '[3.0.0;3.0.*]', '3.0', '<multi>[ar]افتراضياً، يتم إضفاء صندوق الفرجة على كل الوصلات الى الصور (لها نوع خاصية يصف mime/type الصورة) إضافة الى الوصلات المزودة بنمط &lt;code&gt;.mediabox&lt;/code&gt;.\n\n\n\nمن الممكن إعداد كل وصلة على حدة من خلال أنماط إضافية:\n\n-* يتيح &lt;code&gt;boxIframe&lt;/code&gt;  فتح الوصلة في إطار iframe\n\n-* يتيج &lt;code&gt;boxWidth-350px&lt;/code&gt; تحديد عرض ٣٥٠ نقطة للإطار\n\n-* يتيح &lt;code&gt;boxHeight-90pc&lt;/code&gt; تحديد ارتفاع ٩٠٪ للإطار\n\n\n\nوتتيح لوحة تحكم تعديل الإعدادات العامة حسب الرغبة كما تتيح اختيار شكل الصندوق من بين الأشكال المتاحة.\n\nيعمل هذا الملحق في الصفحات النموذجية التي تحتوي على علامة <code>#INSERT_HEAD</code>[de]Alle Links zu Bildern (mit einem mime/type für Bilder) sowie Links mit der Klasse <code>.mediabox</code>werden in einer Multimedia-Box angezeigt.\n\nJeder Link kann einzeln um folgende Klassen ergänzt werden:\n\n-* <code>boxIframe</code> öffnet den Link als iFrame in einer Box;\n\n-* <code>boxWidth-350px</code>öffnet eine 350px breite Box;\n\n-* <code>boxHeight-90pc</code> öffnet eine 90% hohe Box;\n\nSie können die Voreinstellungen in einem Konfigurationsdialog einstellen, und das Standarddesign der Boxen auswählen.\n\nDieses Plugin benötigt den Tag <code>#INSERT_HEAD</code> im Kopf des Skeletts.[en]By default, all links to pictures (with a type attribute describing the mime/type of the picture) and\nlinks with the CSS class <code>.mediabox</code> are enriched by multimedia box.\n\nYou can configure each link on a case by case basis with additional classes:\n-* <code>boxIframe</code> enables to open link in iframe box; \n-* <code>boxWidth-350px</code> enables to specify a width of 350px for the box;\n-* <code>boxHeight-90pc</code> enables to specify a height of 90% for the box\n\nA configuration panel lets you edit the general settings to your liking, and the appearance of the box among the available skins.\n\nThis plugin works on skeletons which have the <code>#INSERT_HEAD</code> tag.[es]Por defecto, todos los enlaces definidos sobre imágenes (con un atributo tipo que describa el mime/type de la imafen) así como los enlaces con la clase <code>.mediabox</code> son enriquecidos por la caja multimedia.\n	\nEs posible configurar cada enlace, caso por caso, con clases adicionales:\n\n-* <code>boxIframe</code> permite abrir el enlace en una caja en un iframe ;\n\n-* <code>boxWidth-350px</code> permite definir un ancho de 350px para la caja;\n\n-* <code>boxHeight-90pc</code> perite definir un alto de 90% para la caja.\n\nUn panel de configuración permite modificar tanto las especificaciones generales como el aspecto de la caja, a partir de un conjunto de opciones disponibles. \n	\nEste plugin funciona en los esqueletos que incluyen la baliza <code>#INSERT_HEAD</code>[fr]Par défaut, tous les liens vers des images (avec un attribut type décrivant le mime/type de l’image) ainsi que les liens avec la classe <code>.mediabox</code> sont enrichis par la boîte multimédia.\n	\n	Il est possible de configurer chaque lien au cas par cas avec des classes supplémentaires :\n\n-* <code>boxIframe</code> permet de demander à ouvrir le lien dans une boîte en iframe ;\n\n-* <code>boxWidth-350px</code> permet de spécifier une largeur de 350px pour la boîte ;\n\n-* <code>boxHeight-90pc</code> permet de spécifier une hauteur de 90% pour la boîte.\n\n	Un panneau de configuration vous permet de modifier les réglages généraux à votre convenance, ainsi que l’aspect de la boîte parmi les habillages disponibles.\n	\n	Ce plugin fonctionne sur les squelettes disposant de la balise <code>#INSERT_HEAD</code>[fr_fem]Par défaut, tous les liens vers des images (avec un attribut type décrivant le mime/type de l’image) ainsi que les liens avec la classe <code>.mediabox</code> sont enrichis par la boîte multimédia.\n	\n	Il est possible de configurer chaque lien au cas par cas avec des classes supplémentaires :\n\n-* <code>boxIframe</code> permet de demander à ouvrir le lien dans une boîte en iframe ;\n\n-* <code>boxWidth-350px</code> permet de spécifier une largeur de 350px pour la boîte ;\n\n-* <code>boxHeight-90pc</code> permet de spécifier une hauteur de 90% pour la boîte.\n\n	Un panneau de configuration vous permet de modifier les réglages généraux à votre convenance, ainsi que l’aspect de la boîte parmi les habillages disponibles.\n	\n	Ce plugin fonctionne sur les squelettes disposant de la balise <code>#INSERT_HEAD</code>[it]Per impostazione predefinita, tutti i collegamenti alle immagini (con un attributo che descrive il tipo mime/tipo di foto) e\ncollegamenti con il <code> classe CSS. mediabox </ code> sono arricchite da box multimediale.\n	\nÈ possibile configurare ogni collegamento in una caso per caso con le classi aggiuntive:\n- * <code> BoxIframe </ code> permette di aprire il collegamento nella casella iframe;\n- * <code> Boxwidth-350 pixel </ code> consente di specificare una larghezza di 350 pixel per il box;\n- * <code> BoxHeight-90pc </ code> consente di specificare una altezza di 90% per il box\n\nUn pannello di configurazione permette di modificare le impostazioni generali a proprio piacimento, e l’aspetto tra le skin disponibili.\n\nQuesto plugin funziona su scheletri che hanno la <code> INSERT_HEAD # </ code> tag.[lb]Par défaut hunn all Linken op Biller (mat Attribut mime/type) a Linke mat der Klass <code>.mediabox</code> Zougrëff op d’Mediabox.\n\nAll Link ka mat zousätzleche Klassen agestallt ginn:\n-* <code>boxIframe</code> de Link soll an engem Iframe opgemach ginn;\n-* <code>boxWidth-350px</code> d’Box soll eng Breet vun 350 Pixel hun;\n-* <code>boxHeight-90pc</code> d’Box soll eng Héicht vun 90% hun.\n\nD’Astellung erlaabt de generelle Layout festzeleen, op Basis vun e puer Virlagen.\nDëse Plugin fonktionnéiert mat Skeletter déi den Tag <code>#INSERT_HEAD</code> hun.[nl]Standaard worden alle links naar beelden (met een type attribuut beschrijving van de beeld mime/type) en de links met een class <code>.mediabox </ code> verrijkt door de mediabox.\n\nHet is mogelijk om elke link telkens met extra klassen te configureren :\n\n- * <code>boxIframe</code> om de link in een iframe doos te tonen;\n\n- * <code>boxWidth-350px</code> om een boxbreedte van 350px te specificeren;\n\n- <code>boxHeight-90pc</code>  om een hoogte van 90% voor de box te specificeren.\n\nIn een configuratiepaneel kunt u de algemene instellingen voor uw gemak bewerken, en ook het uiterlijk van de doos vervangen uit de beschikbare skins.\n\nDeze plugin werkt op de skeletten die de <code>#INSERT_HEAD</ code> SPIP tag gebruiken.[pt]Por defeito, todas as ligações a imagens (com um atributo tipo que descreva o mime/type da imagem) e as ligações com a classe CSS <code>.mediabox</code> são enriquecidas pela caixa multimédia.\n	\n	É possível configurar cada ligação, caso a caso, com classes adicionais:\n\n-* <code>boxIframe</code> permite abrir uma ligação numa caixa iframe ;\n\n-* <code>boxWidth-350px</code> permite especificar uma largura de 350px para a caixa ;\n\n-* <code>boxHeight-90pc</code> permite especificar uma altura de 90% para a caixa.\n\n	Um painel de configuração permite-lhe editar as suas preferências gerais, e o aspecto da caixa, de entre as alternativas disponíveis.\n	\n	Este plugin funciona em modelos que tenham a tag <code>#INSERT_HEAD</code>[ru]По умолчанию все ссылки на картинки (файлы с соответствующим mime/type атрибутом) и ссылки с CSS классом <code>.mediabox</code> выводятся в сплывающем окне.\n	\n	Вы можете настроить класс ссылки для каждого конкретного случая :\n\n-* <code>boxIframe</code> позволяет открывать ссылки в iframe ;\n\n-* <code>boxWidth-350px</code> задает ширину всплывающего окна в 350px ;\n\n-* <code>boxHeight-90pc</code> задает высоту окна в 90%.\n\nВ настройках модуля вы можете изменять 	внешний вид блоков и прочие настройки.\n	Модуль работает только в случае, если вы добавляете <code>#INSERT_HEAD</code> в ваши шаблоны.[sk]Podľa predvolených nastavení všetky odkazy k obrázkom (s typom v parametre, ktorý uvádza mime/typ obrázka) a odkazy v triede <code>.mediabox</code> obohacuje multimediálny box.\n\nKaždý odkaz môžete osobitne nastaviť pomocou doplnkových tried:\n\n-* <code>boxIframe</code> umožňuje otvárať odkaz v ráme iframe,\n\n-* <code>boxWidth-350px</code> umožňuje definovať šírku poľa 350px,\n\n-* <code>boxHeight-90pc</code> umožňuje zadať výšku poľa 90%.\n\nOvládací panel vám umožňuje všeobecné nastavenia podľa vašich želaní vybrať dizajn boxu z dostupných vzhľadov.\n\nTento zásuvný modul spolupracuje so šablónami, ktoré obsahujú tag <code>#INSERT_HEAD</code></multi>', 'a:1:{i:1;a:3:{s:3:"nom";s:14:"Collectif SPIP";s:3:"url";s:0:"";s:4:"mail";s:0:"";}}', 'a:1:{i:1;a:2:{s:3:"nom";s:12:"ColorPowered";s:3:"url";s:33:"http://colorpowered.com/colorbox/";}}', '', '', 'http://www.spip-contrib.net/MediaBox', '', '', 'stable', 4, 'a:3:{s:9:"necessite";a:0:{}s:9:"librairie";a:0:{}s:7:"utilise";a:0:{}}', '0000-00-00 00:00:00', '0000-00-00 00:00:00', 0, '', 0, '0000-00-00 00:00:00', 'mediabox', '', 'oui', 'non', 1, '', 'non', 'non', 'non', '_DIR_PLUGINS_DIST', 'faf90429016bce4a75592eb2a5b7ce21'),
(85, 85, 'MEDIAS', 'prive/themes/spip/images/portfolio-32.png', '002.007.056', '1.2.5', '[3.0.0;3.0.*]', '3.0', '<multi>[ar]أدارة الوسائط المتعددة في SPIP[de]Medienverwaltung in  SPIP[en]SPIP’s media management[es]Gestión de documentos multimedia de SPIP[fa]مديريت رسانه‌‌هاي اسپيپ[fr]Gestion des médias de SPIP[fr_fem]Gestion des médias de SPIP[it]Gestione dei media di SPIP[lb]Gestioun vun de Medien vu SPIP[nl]Beheer van de medias in SPIP[pt]Gestão multimédia de SPIP[pt_br]Gerenciamento de mídias do SPIP[ru]Управление медиа файлами[sk]Správa multimédií v SPIPe</multi>', 'a:1:{i:1;a:3:{s:3:"nom";s:14:"Collectif SPIP";s:3:"url";s:0:"";s:4:"mail";s:0:"";}}', 'a:1:{i:1;a:2:{s:3:"nom";s:57:"Cédric Morin, Romy Duhem-Verdière pour la médiathèque";s:3:"url";s:0:"";}}', '', '', '', '', '', 'stable', 4, 'a:3:{s:9:"necessite";a:0:{}s:9:"librairie";a:0:{}s:7:"utilise";a:1:{i:0;a:3:{s:1:"z";a:2:{s:3:"nom";s:1:"Z";s:13:"compatibilite";s:8:"[1.2.1;[";}s:8:"mediabox";a:2:{s:3:"nom";s:8:"mediabox";s:13:"compatibilite";s:8:"[0.5.0;[";}s:4:"mots";a:2:{s:3:"nom";s:4:"mots";s:13:"compatibilite";s:8:"[2.4.0;[";}}}}', '0000-00-00 00:00:00', '0000-00-00 00:00:00', 0, '', 0, '0000-00-00 00:00:00', 'medias', '', 'oui', 'oui', 1, '', 'non', 'non', 'non', '_DIR_PLUGINS_DIST', '847132f66c568a92ae04a11602492d9c'),
(86, 86, 'MOTS', 'prive/themes/spip/images/mot-32.png', '002.004.010', '2.1.1', '[3.0.0;3.0.*]', '3.0', '<multi>[ar]المفاتيح ومجموعات المفاتيح[de]Schlagworte und Schlagwortgruppen[en]Keywords and keywords groups[es]Palabras clave y grupos de palabras clave[fa]واژه‌ها و گروه‌ واژه‌ها[fr]Mots et Groupes de mots[fr_fem]Mots-clef et Groupes de mots-clef[it]Parole e Gruppi di parole[lb]Schlësselwierder a Gruppen[nl]Terfwoorden en groepen van trefwoorden[pt]Palavras e grupos de palavras[pt_br]Palavras-chave e seus grupos[ru]Ключи и группы ключей[sk]Kľúčové slová a skupiny kľúčových slov</multi>', 'a:1:{i:1;a:3:{s:3:"nom";s:14:"Collectif SPIP";s:3:"url";s:0:"";s:4:"mail";s:0:"";}}', '', '', '', '', '', '', 'stable', 4, 'a:3:{s:9:"necessite";a:0:{}s:9:"librairie";a:0:{}s:7:"utilise";a:0:{}}', '0000-00-00 00:00:00', '0000-00-00 00:00:00', 0, '', 0, '0000-00-00 00:00:00', 'mots', '', 'oui', 'oui', 1, '', 'non', 'non', 'non', '_DIR_PLUGINS_DIST', '836bc10091822add6dc7649f3a3ba036'),
(87, 87, 'MSIE_COMPAT', 'images/msiecompat-32.png', '001.002.000', '', '[3.0.0;3.0.*]', '3.0', '<multi>[ar]يتيح اختيار وسائل متنوعة\n\n-* لتأمين سلامة عرض ملفات PNG الشفافة في إنترنت إكسبلورر ٦\n\n-* و/او تفعيل علامات أوراق الأنماط في إنترنت إكسبلورر ٦ و٧[de]Bietet verschiedene Methoden für:\n\n-* transparente PNG Dateien unter MSIE 6 \n\n-* und /oder diverse CSS Selektoren für MSIE 6 und 7.[en]Offers different javascript methods to add support for:\n-* transparent PNG files to MSIE 6 \n-* and/or various CSS selectors to MSIE 6 and 7.[es]Permite seleccionar diferentes métodos \n\n-* para garantizar la visualización de archivos PNG transparentes en MSIE 6 \n\n-* y/o activar algunos selectores CSS en MSIE 6 y 7.[fa]مجوز گزينش روش‌هاي مختلف\n\n-* براي اطمينان از نمايش پرونده‌هاي پي.ان.گي پشفاب‌ در ام.اس.آي.اي 6\n\n-*و/يا فعال كردن بعضي از گزينشگر‌هاي اس.اس.سي در ام.اس.آي.اي 6 و 7[fr]Permet de sélectionner différentes méthodes \n\n-* pour assurer l’affichage des fichiers PNG transparents sous MSIE 6 \n\n-* et/ou activer certains sélecteurs CSS dans MSIE 6 et 7.[fr_fem]Permet de sélectionner différentes méthodes \n\n-* pour assurer l’affichage des fichiers PNG transparents sous MSIE 6 \n\n-* et/ou activer certains sélecteurs CSS dans MSIE 6 et 7.[it]Offre diversi metodi javasciprt per aggoiungere il supporto per \n-* immagini PNG trasparenti per  MSIE 6 \n-* e/o attivare alcuni selettori CSS per MSIE 6 e 7.[lb]Erlaabt verschidde Methoden ze wielen\n\n-* fir déi transparent PNG Biller ënner MSIE 6 ze gesinn\n-* an/oder verschidde CSS Selektoren am MSIE 6 a 7 anzeschalten.[nl]Geeft de mogelijkheid om verschillenden methodes te kiezen om:\n\n-* transparante PNG’s onder MSIE 6 goed te tonen\n\n-* en/of een aantal CSS-selectors in MSIE 6 en 7 te activeren[pt]Permite seleccionar diferentes métodos javascript para:\n\n-* assegurar a exibição de ficheiros transparentes PNG em MSIE 6 \n\n-* e/ou activar vários selectores CSS para MSIE 6 e 7.[pt_br]Permite selecionar métodos diferentes\n\n-* para garantir a exibição de arquivos PNG transparentes em MSIE 6 \n\n-* e/ou ativar certos seletores CSS em MSIE 6 et 7.[ru]Несколько разных javascript библиотек, которые обеспечивают:\n\n-* поддержку прозрачности PNG  для MSIE 6 \n\n-* поддержку ряда CSS селекторов для MSIE 6 et 7.[sk]Umožňuje vám zvoliť si iné metódy:\n\n-* na zabezpečenie zobrazenia priehľadných súborov PNG na MSIE 6,\n\n-* a/lebo aktivovať určité voliče CSS v MSIE 6 a 7.</multi>', 'a:1:{i:1;a:3:{s:3:"nom";s:14:"Collectif SPIP";s:3:"url";s:0:"";s:4:"mail";s:0:"";}}', 'a:2:{i:1;a:2:{s:3:"nom";s:27:"Kush M. (jquery.ifixpng.js)";s:3:"url";s:26:"http://jquery.khurshid.com";}i:2;a:2:{s:3:"nom";s:27:"Dean Edwards et al (IE7.js)";s:3:"url";s:32:"http://code.google.com/p/ie7-js/";}}', 'a:2:{i:1;a:2:{s:3:"nom";s:3:"GPL";s:3:"url";s:40:"http://www.gnu.org/licenses/gpl-3.0.html";}i:2;a:2:{s:3:"nom";s:3:"MIT";s:3:"url";s:46:"http://opensource.org/licenses/mit-license.php";}}', '', '', '', '', 'stable', 4, 'a:3:{s:9:"necessite";a:0:{}s:9:"librairie";a:0:{}s:7:"utilise";a:0:{}}', '0000-00-00 00:00:00', '0000-00-00 00:00:00', 0, '', 0, '0000-00-00 00:00:00', 'msie_compat', '', 'oui', 'non', 1, '', 'non', 'non', 'non', '_DIR_PLUGINS_DIST', 'd5aeea94ba695473d29b7fc4cadef753'),
(88, 88, 'ORGANISEUR', 'prive/themes/spip/images/calendrier-32.png', '000.008.010', '1.1.1', '[3.0.0;3.0.*]', '3.0', '<multi>[ar]أدوات عمل تحريري جماعي[de]Werkzeuge für eine Online-Redaktion[en]Collaborative editorial working tools[es]Herramientas de trabajo editorial en grupo[fa]ابزارهاي گروه سردبيري[fr]Outils de travail éditorial en groupe[fr_fem]Outils de travail éditorial en groupe[it]Strumenti per il lavoro editoriale in gruppo[lb]Gruppenaarbecht[nl]Samenwerking- en werkinstrument voor de redacteurs[pt]Ferramentas de trabalho editorial em grupo[ru]Организация совместной работы[sk]Nástroje na redakčnú prácu v skupine</multi>', 'a:1:{i:1;a:3:{s:3:"nom";s:14:"Collectif SPIP";s:3:"url";s:0:"";s:4:"mail";s:0:"";}}', 'a:1:{i:1;a:2:{s:3:"nom";s:24:"Adam Shaw (FullCalendar)";s:3:"url";s:31:"http://arshaw.com/fullcalendar/";}}', '', '', '', '', '', 'stable', 4, 'a:3:{s:9:"necessite";a:0:{}s:9:"librairie";a:0:{}s:7:"utilise";a:0:{}}', '0000-00-00 00:00:00', '0000-00-00 00:00:00', 0, '', 0, '0000-00-00 00:00:00', 'organiseur', '', 'oui', 'oui', 1, '', 'non', 'non', 'non', '_DIR_PLUGINS_DIST', 'bfb6ebaebe8424515aa9fc549883d4b2'),
(89, 89, 'PETITIONS', 'prive/themes/spip/images/petition-32.png', '001.004.004', '1.1.6', '[3.0.0;3.0.*]', '3.0', '<multi>[ar]العرائض في SPIP[de]Petitionen mit SPIP[en]Petitions in SPIP[es]Peticiones en SPIP[fa]طومارها در اسپيپ[fr]Pétitions dans SPIP[fr_fem]Pétitions dans SPIP[it]Petizioni di SPIP[nl]Petities in SPIP[pt]Petições em SPIP[pt_br]Petições do SPIP[ru]Модуль сбора подписей для SPIP[sk]Petície v SPIPe</multi>', 'a:1:{i:1;a:3:{s:3:"nom";s:14:"Collectif SPIP";s:3:"url";s:0:"";s:4:"mail";s:0:"";}}', '', '', '', '', '', '', 'stable', 4, 'a:3:{s:9:"necessite";a:0:{}s:9:"librairie";a:0:{}s:7:"utilise";a:0:{}}', '0000-00-00 00:00:00', '0000-00-00 00:00:00', 0, '', 0, '0000-00-00 00:00:00', 'petitions', '', 'oui', 'oui', 1, '', 'non', 'non', 'non', '_DIR_PLUGINS_DIST', 'c313e2c66841aa6cb715804e2ce1c194'),
(90, 90, 'PORTE_PLUME', 'images/porte-plume-32.png', '001.012.004', '', '[3.0.0;3.0.*]', '3.0', '<multi>[ar]الريشة هي شريط أدوات موسع لنظام SPIP يستخدم مكتبة جافاسكريبت [MarkItUp-&gt;http://markitup.jaysalvat.com/home/][de]Der Federhalter ist eine erweiterbare Werkzeugleiste für SPIP auf Grundlage der Javascript-Bibiliothek [MarkItUp->http://markitup.jaysalvat.com/home/][en]The Quill is a SPIP extensible toolbar which uses the [MarkItUp->http://markitup.jaysalvat.com/home/] javascript library.[es]Porta pluma es una barra de herramientas extensible para SPIP que utiliza la librería javascript [MarkItUp->http://markitup.jaysalvat.com/home/][fa]چوب قلم يك نوار ابزار قابل گسترش براي اسپيپ است كه آرشيو جاوا اسكريپت [MarkItUp->http://markitup.jaysalvat.com/home/] را مورد استفاده قرار مي‌دهد.[fr]Porte plume est une barre d’outils extensible pour SPIP qui utilise la bibliothèque javascript [MarkItUp->http://markitup.jaysalvat.com/home/][fr_fem]Porte plume est une barre d’outils extensible pour SPIP qui utilise la bibliothèque javascript [MarkItUp->http://markitup.jaysalvat.com/home/][it]Portapenne è una barra degli strumenti estensibile per SPIP che utilizza la libreria javascript [MarkItUp->http://markitup.jaysalvat.com/home/][nl]Penhouder is een rekbare werkbalk voor SPIP die gebruik van [MarkItUp->http://markitup.jaysalvat.com/home/] javascript library  maakt.[pt]Pena é uma barra de ferramentas em SPIP que usa a biblioteca javascript [MarkItUp->http://markitup.jaysalvat.com/home/][ru]Porte plume - расширение возможностей стандартного текстового редактора SPIP. Использует javascript библиотеку  [MarkItUp->http://markitup.jaysalvat.com/home/].[sk]Porte plume je rozšíriteľný panel s nástrojmi pre SPIP, ktorý využíva javascriptovú knižnicu [MarkItUp->http://markitup.jaysalvat.com/home/]</multi>', 'a:1:{i:1;a:3:{s:3:"nom";s:19:"Matthieu Marcillaud";s:3:"url";s:0:"";s:4:"mail";s:0:"";}}', 'a:2:{i:1;a:2:{s:3:"nom";s:21:"Jay Salvat (MarkitUp)";s:3:"url";s:30:"http://markitup.jaysalvat.com/";}i:2;a:2:{s:3:"nom";s:18:"FamFamFam (Icones)";s:3:"url";s:25:"http://www.famfamfam.com/";}}', 'a:1:{i:1;a:2:{s:3:"nom";s:7:"GNU/GPL";s:3:"url";s:40:"http://www.gnu.org/licenses/gpl-3.0.html";}}', '', 'http://www.spip-contrib.net/Porte-plume,3117', '', '', 'stable', 4, 'a:3:{s:9:"necessite";a:0:{}s:9:"librairie";a:0:{}s:7:"utilise";a:0:{}}', '0000-00-00 00:00:00', '0000-00-00 00:00:00', 0, '', 0, '0000-00-00 00:00:00', 'porte_plume', '', 'oui', 'non', 1, '', 'non', 'non', 'non', '_DIR_PLUGINS_DIST', '010345e8b45a0fe9fb2887c846df07b3'),
(91, 91, 'REVISIONS', 'prive/themes/spip/images/revision-32.png', '001.007.007', '1.1.4', '[3.0.0;3.0.*]', '3.0', '<multi>[ar]متابعة التغييرات في العناصر التحريرية[de]Änderungen von redaktionellen Inhalten nachvollziehen[en]Tracking changes of editorial objects[es]Seguimiento de las modificaciones de los objetos editoriales[fa]پيگيري اصلاحات موضوع‌هاي سردبيري[fr]Suivi des modifications des objets éditoriaux[fr_fem]Suivi des modifications des objets éditoriaux[it]Il rilevamento delle revisioni sugli oggetti editoriali[lb]Verwaltung vun de Versiounen vun den Objekter[nl]De revisies van de editoriale objecten volgen[pt]Seguimento das modificações dos objectos editoriais[pt_br]Acompanhamento das alterações dos objetos editoriais[ru]История изменений[sk]Sledujte zmeny redakčných objektov</multi>', 'a:1:{i:1;a:3:{s:3:"nom";s:14:"Collectif SPIP";s:3:"url";s:0:"";s:4:"mail";s:0:"";}}', '', '', '', '', '', '', 'stable', 4, 'a:3:{s:9:"necessite";a:0:{}s:9:"librairie";a:0:{}s:7:"utilise";a:0:{}}', '0000-00-00 00:00:00', '0000-00-00 00:00:00', 0, '', 0, '0000-00-00 00:00:00', 'revisions', '', 'oui', 'oui', 1, '', 'non', 'non', 'non', '_DIR_PLUGINS_DIST', 'ee01ac4d906e0aed34394bfcedfcef0e'),
(92, 92, 'SAFEHTML', 'images/safehtml-32.png', '001.004.001', '', '[3.0.0;3.0.*]', '3.0', '<multi>[ar]حماية المنتديات من هجمات من نوع الأوامرالعابرة للمواقع[en]Forums protection against cross-site scripting attacks[es]Protección de los foros contra ataques de type cross-site scripting[fr]Protection des forums contre les attaques de type cross-site scripting[fr_fem]Protection des forums contre les attaques de type cross-site scripting[it]Protezione del forum contro gli attacchi di tipo cross-site scripting[nl]Bescherming van forums tegen cross-site scripting[pt]Protecção dos fóruns contra os ataques do tipo cross-site scripting[ru]Защищает форму комментариев от межсайтового скриптинга (XSS)[sk]Ochrana diskusných fór pred útokmi, ako cross-site scripting</multi>', 'a:1:{i:1;a:3:{s:3:"nom";s:14:"Collectif SPIP";s:3:"url";s:0:"";s:4:"mail";s:0:"";}}', 'a:3:{i:1;a:2:{s:3:"nom";s:12:"Roman Ivanov";s:3:"url";s:0:"";}i:2;a:2:{s:3:"nom";s:10:"Pixel-Apes";s:3:"url";s:0:"";}i:3;a:2:{s:3:"nom";s:8:"JetStyle";s:3:"url";s:0:"";}}', 'a:1:{i:1;a:2:{s:3:"nom";s:3:"GPL";s:3:"url";s:40:"http://www.gnu.org/licenses/gpl-3.0.html";}}', '', 'http://www.ohloh.net/p/safehtml', '', '', 'stable', 4, 'a:3:{s:9:"necessite";a:0:{}s:9:"librairie";a:0:{}s:7:"utilise";a:0:{}}', '0000-00-00 00:00:00', '0000-00-00 00:00:00', 0, '', 0, '0000-00-00 00:00:00', 'safehtml', '', 'oui', 'non', 1, '', 'non', 'non', 'non', '_DIR_PLUGINS_DIST', 'fa061f5a55f464bda62d76135d2f64f0'),
(93, 93, 'SITES', 'prive/themes/spip/images/site-32.png', '001.007.012', '1.0.0', '[3.0.0;3.0.*]', '3.0', '<multi>[ar]مواقع وترخيص في SPIP (خاص وعمومي)[de]Verwaltung verlinkter und syndizierter Websites mit  SPIP (im öffentlichen und Redaktionsbereich)[en]Sites and syndication in SPIP (private and public)[es]Sitios y sindicación en SPIP (privado y público)[fa]سايت‌ها و مشترك‌سازي‌ها در اسپسپ (خصوصي و همگاني)[fr]Sites et syndication dans SPIP (privé et public)[fr_fem]Sites et syndication dans SPIP (privé et public)[it]Siti e syndication in SPIP (privato e pubblica)[lb]Websäiten a Syndicatioun am SPIP (privat an ëffentlech)[nl]Sites en Websyndicatie in SPIP (privé en publiek)[pt]Sítios e vinculação em SPIP (privado e público)[pt_br]Sites e sindicação do SPIP (privado e público)[ru]Подключение других сайтов по RSS[sk]Stránky a syndikácia v SPIPe (súkromná aj verejná)</multi>', 'a:1:{i:1;a:3:{s:3:"nom";s:14:"Collectif SPIP";s:3:"url";s:0:"";s:4:"mail";s:0:"";}}', '', '', '', '', '', '', 'stable', 4, 'a:3:{s:9:"necessite";a:0:{}s:9:"librairie";a:0:{}s:7:"utilise";a:0:{}}', '0000-00-00 00:00:00', '0000-00-00 00:00:00', 0, '', 0, '0000-00-00 00:00:00', 'sites', '', 'oui', 'oui', 1, '', 'non', 'non', 'non', '_DIR_PLUGINS_DIST', '45f6c58ab5e1c10ec917709d5ed87f3d'),
(94, 94, 'SQUELETTES_PAR_RUBRIQUE', 'squelettes_par_rubrique-32.png', '001.001.001', '', '[3.0.0;3.0.*]', '3.0', '<multi>[ar]دعم الصفحات النموذجية التي تملك لاحقة رقمية و/او لاحقة رمز لغة[de]Unterstützung der Skelette mit Rubriknummer und/oder Sprachcode als Namenszusatz: (-23.html, =23.html, et .en.html)[en]Support of suffixed templates by section number and/or by language code : (-23.html, =23.html, and .en.html)[es]Implementación de esqueletos con sufijo por numero de sección y/o por código de idioma: (-23.html, =23.html, y .en.html)[fa]پشتيبان اسكلت‌هاي پسوندي توسط تعدادي بخش و/يا توسط كدر زبان :  (-23.html, =23.html, et .en.html)[fr]Support des squelettes suffixés par numéro de rubrique et/ou par code de langue : (-23.html, =23.html, et .en.html)[fr_fem]Support des squelettes suffixés par numéro de rubrique et/ou par code de langue : (-23.html, =23.html, et .en.html)[it]Supporto dei modelli con suffisso numero di sezione e/o il codice della lingua: (-23.html, =23.html, et .en.html)[lb]Ënnerstëtzung vun de Skeletter mat engem Suffix fir d’Rubrik an/oder d’Sprooch: (-23.html, =23.html, an .en.html)[nl]Ondersteuning van de suffix ingewijden skeletten (met rubrieknummers en / of taal-code: -23.html, =23.html   en .en.html)[pt]Apoio dos modelos com sufixo por número de rubrica e/ou por código de idioma : (-23.html, =23.html, et .en.html)[pt_br]Suporte aos gabaritos com sufixo do númeor da seção e/ou por código de idioma: (-23.html, =23.html, et .en.html)[ru]Позволяет задавать отдельные шаблоны по номеру раздела, статьи, а так же языковой версии : (-23.html, =23.html, и .en.html)[sk]Podpora šablón pripojených vo forme prípony podľa čísla rubriky a/lebo kódu jazyka: (-23.html, =23.html a .en.html)</multi>', 'a:1:{i:1;a:3:{s:3:"nom";s:14:"Collectif SPIP";s:3:"url";s:0:"";s:4:"mail";s:0:"";}}', '', '', '', '', '', '', 'stable', 4, 'a:3:{s:9:"necessite";a:0:{}s:9:"librairie";a:0:{}s:7:"utilise";a:0:{}}', '0000-00-00 00:00:00', '0000-00-00 00:00:00', 0, '', 0, '0000-00-00 00:00:00', 'squelettes_par_rubrique', '', 'oui', 'non', 1, '', 'non', 'non', 'non', '_DIR_PLUGINS_DIST', '5eb2f740937d89941405c53c746eea99'),
(95, 95, 'STATS', 'prive/themes/spip/images/statistique-32.png', '000.004.022', '1.0.0', '[3.0.0;3.0.*]', '3.0', '<multi>[ar]إحصاءات SPIP[de]Estadísticas de SPIP[en]Statistics of SPIP[es]Estadísticas de SPIP[fa]آمارهاي اسپيپ[fr]Statistiques de SPIP[fr_fem]Statistiques de SPIP[it]Statistiche di SPIP[lb]SPIP-Statistiken[nl]Statistieken van SPIP[pt]Estatísticas de SPIP[pt_br]Estatísticas do SPIP[ru]Статистика посещений сайта[sk]Štatistiky SPIPu</multi>', 'a:1:{i:1;a:3:{s:3:"nom";s:14:"Collectif SPIP";s:3:"url";s:0:"";s:4:"mail";s:0:"";}}', '', '', '', '', '', '', 'stable', 4, 'a:3:{s:9:"necessite";a:0:{}s:9:"librairie";a:0:{}s:7:"utilise";a:0:{}}', '0000-00-00 00:00:00', '0000-00-00 00:00:00', 0, '', 0, '0000-00-00 00:00:00', 'statistiques', '', 'oui', 'oui', 1, '', 'non', 'non', 'non', '_DIR_PLUGINS_DIST', '983fe15a65dd613c0ad7c1367fcb5814'),
(96, 96, 'SVP', 'svp-64.png', '000.080.018', '0.4.0', '[3.0.0;3.0.*]', '3.0', '<multi>[ar]يقدم هذا الملحق، من جهة، دارة تتيح تنفيذ بحث متعدد المعايير حول الملحقات وتجميع معلومات عنها (نماذج وظيفية، نماذج تصاميمن صفحات نموذجية) ومن جهة أخرى، يقدم واجهة لإدارة الملحقات والعلاقات بينها.[de]SVP stellt ein API bereit, mit dem SPIP-Plugins (Zusatzfunktionen, Themen und  Skelette) nach mehreren Kriterien gesucht  und ausgewählt werden können, und bietet eine Oberfläche zur Verwaltung der  Plugins sowie ihrer Abhängigkeiten.[en]On one hand, this plugin provides an API to perform multi-criteria searches, to collect and present information on SPIP plugins (functional modules, themes, and skeletons) and on the other hand, proposes a new administration interface to manage the dependencies between plugins.[es]Este plugin proporciona, por un lado, una API que permite efectuar búsquedas multi-criterio, recopilar y presentar información sobre los plugins (módulos funcionales, temas y esqueletos) y, por otro lado, una nueva interfaz de administración de los plugins que gestiona las dependencias entre ellos.[fa]اين پلاگينن،‌ از يك طرف يك آي.پي.يي براي جستجو‌‌هاي چند معياره  براي گردآوري و ارايه‌ي اطلاعات در مورد پلاگين‌هاي اسپيپ (مادوول‌هاي كاركردي، تم‌ها و اسكلث‌ها) در اختيار مي‌گذارد، و از طرف ديگر، يك واسط مديريتي جديد براي مديريت وابستگي‌هاي بين پلاگين‌ها را پيشنهاد مي‌كند.[fr]Ce plugin fournit, d’une part,  une API permettant d’effectuer des recherches multi-critères, de collecter, et de présenter les informations sur les plugins SPIP (modules fonctionnels, thèmes et squelettes) et d’autre part, une nouvelle interface d’administration des plugins gérant les dépendances entre plugins.[fr_fem]Ce plugin fournit, d’une part,  une API permettant d’effectuer des recherches multi-critères, de collecter, et de présenter les informations sur les plugins SPIP (modules fonctionnels, thèmes et squelettes) et d’autre part, une nouvelle interface d’administration des plugins gérant les dépendances entre plugins.[it]Da un lato, questo plugin fornisce un’API per eseguire ricerche multi-criteri, per raccogliere e presentare informazioni su SPIP plugin (moduli funzionali, temi e scheletri) e, dall’altro, propone una nuova interfaccia di amministrazione per gestire le dipendenze tra i plugin.[nl]Enerzijds biedt deze plugin een API aan voor het multi-criteria zoeken, het verzamelen en het tonen van informatie over SPIP Plugins (functionele modules, thema’s en skeletten), anderzijds biedt het een nieuwe interface voor het beheer van plugins dat ook de onderlinge afhankelijkheden in acht neemt.[pt]Por um lado, este plugin fornece um API que permite efectuar pesquisar multi-critério, recolher e apresentar informação sobre plugins SPIP (módulos funcionais, temas e modelos). Por outro lado, propõe uma nova interface de administração, para gerir as dependências entre plugins.[ru]Этот модуль предоставляет API и интерфейс для управления плагинами SPIP.[sk]Tento zásuvný modul poskytuje, po prvé, aplikáciu umožňujúcu vykonávať vyhľadávania na základe viacerých kritérií, vyhľadať a zobraziť informácie o zásuvných moduloch SPIPu (funkčných moduloch, farebných motívoch i šablónach) a po druhé, nové rozhranie nastavení zásuvných modulov riadi závislosti medzi zásuvnými modulmi.</multi>', 'a:2:{i:1;a:3:{s:3:"nom";s:14:"Eric Lupinacci";s:3:"url";s:23:"http://blog.smellup.net";s:4:"mail";s:0:"";}i:2;a:3:{s:3:"nom";s:14:"Collectif SPIP";s:3:"url";s:0:"";s:4:"mail";s:0:"";}}', '', 'a:1:{i:1;a:2:{s:3:"nom";s:5:"GPL 3";s:3:"url";s:40:"http://www.gnu.org/licenses/gpl-3.0.html";}}', '', 'http://blog.smellup.net/spip.php?rubrique1', '', '', 'stable', 4, 'a:3:{s:9:"necessite";a:0:{}s:9:"librairie";a:0:{}s:7:"utilise";a:0:{}}', '0000-00-00 00:00:00', '0000-00-00 00:00:00', 0, '', 0, '0000-00-00 00:00:00', 'svp', '', 'oui', 'oui', 1, '', 'non', 'non', 'non', '_DIR_PLUGINS_DIST', 'f6ca7b751a8da0c6d5ea3f0152cd9ed3'),
(97, 97, 'TW', 'textwheel-32.png', '000.008.021', '', '[3.0.0;3.0.*]', '3.0', '<multi>[ar]دمج TextWheel في SPIP[de]Integration von TextWheel in SPIP[en]Integrate TextWheel in SPIP[es]Integrar TextWheel en SPIP[fa]ادغام چرخ‌نويس (TextWheel) در اسپيپ[fr]Intégrer TextWheel dans SPIP[fr_fem]Intégrer TextWheel dans SPIP[it]Integra TextWheel in SPIP[lb]TextWheel a SPIP integréieren[nl]TextWheel in SPIP integreren[pt]Integrar TextWheel em SPIP[ru]Интегрировать TextWheel в SPIP[sk]Integrovať TextWheel do SPIPu</multi>', 'a:1:{i:1;a:3:{s:3:"nom";s:14:"Collectif SPIP";s:3:"url";s:0:"";s:4:"mail";s:0:"";}}', '', 'a:1:{i:1;a:2:{s:3:"nom";s:8:"GNU/LGPL";s:3:"url";s:37:"http://www.gnu.org/licenses/lgpl.html";}}', '', '', '', '', 'stable', 4, 'a:3:{s:9:"necessite";a:0:{}s:9:"librairie";a:0:{}s:7:"utilise";a:1:{i:0;a:2:{s:4:"yaml";a:2:{s:3:"nom";s:4:"yaml";s:13:"compatibilite";s:6:"[1.3;[";}s:11:"memoization";a:2:{s:3:"nom";s:11:"memoization";s:13:"compatibilite";s:6:"[0.9;[";}}}}', '0000-00-00 00:00:00', '0000-00-00 00:00:00', 0, '', 0, '0000-00-00 00:00:00', 'textwheel', '', 'oui', 'non', 1, '', 'non', 'non', 'non', '_DIR_PLUGINS_DIST', '3255528afb14dd222e4ba9a566dd2a39'),
(98, 98, 'URLS', 'prive/themes/spip/images/url-32.png', '001.004.015', '1.1.3', '[3.0.0;3.0.*]', '3.0', '<multi>[ar]إدارة تنوعات عناوين URL ذات المعنى ام لا[de]Verwaltung von URL-Varianten[en]Management of the URL variants, meaningful or not[es]Gestión de las variantes de URL significativas o no[fa]مديريت تنوع يو.آر.ال‌هاي مهم يا غيرمهم[fr]Gestion des variantes d’URL signifiantes ou non[fr_fem]Gestion des variantes d’URL signifiantes ou non[it]Gestione delle varianti significative URL, o non[nl]Beheer van de URL’s varianten (betekenisdragend of niet)[pt_br]Gerenciamento das variantes de URLs significantes ou não[ru]SEO-friendly URLs (ЧПУ ссылки)[sk]Riadenie variantov URL, či už sémantických, alebo nie</multi>', 'a:1:{i:1;a:3:{s:3:"nom";s:14:"Collectif SPIP";s:3:"url";s:0:"";s:4:"mail";s:0:"";}}', '', '', '', '', '', '', 'stable', 4, 'a:3:{s:9:"necessite";a:0:{}s:9:"librairie";a:0:{}s:7:"utilise";a:0:{}}', '0000-00-00 00:00:00', '0000-00-00 00:00:00', 0, '', 0, '0000-00-00 00:00:00', 'urls_etendues', '', 'oui', 'oui', 1, '', 'non', 'non', 'non', '_DIR_PLUGINS_DIST', 'd2130b40edd55d7cfd92eb3a60cb2d7c'),
(99, 99, 'VERTEBRES', 'images/vertebres-32.png', '001.002.002', '', '[3.0.0;3.0.*]', '3.0', '<multi>[ar]تقدم إضافة الفقرات وسيلة عرض جداول SQL في قاعدة البيانات وذلك بإدخال متغير في عنوان الصفحة يحدد الجدول المطلوب عرضه تسبقه عبارة &quot;table:&quot;، مثلاً:\n<code>ecrire/?exec=vertebres&table=spip_articles</code>[de]Das Plugin Wirbelsäule ermöglicht SQL Tabellen zu lesen, indem im URL der Parameter &quot;table:&quot; angegeben wird. Beispiel: <code>ecrire/?exec=vertebres&table=spip_articles</code>[en]Vertebrae provides a way to read a SQL table indicating\n as an argument of the page the database table to read, preceded of\n"table", for example: <code>ecrire/?exec=vertebres&table=spip_articles</code>[es]Vértebras propone una forma de leer una tabla SQL indicando como argumento de página el nombre de la tabla a leer precedido de &quot;table:&quot;, por ejemplo : <code>ecrire/?exec=vertebres&table=spip_articles</code>[fa]فقرات روشي براي خواندن يك جدول اس.كيو.ال كه به يك آرگومان صفحه‌ي جدول پايگاه داده‌ةا دلالت دارد، ارايه مي‌كند، پيش از «جدول»، به عنوان نمونه:\n<code>ecrire/?exec=vertebres&table=spip_articles</code>[fr]Vertèbres propose un moyen de lire une table SQL en indiquant comme argument de page la table à lire, précédé de &quot;table :&quot;, par exemple : <code>ecrire/ ?exec=vertebres&table=spip_articles</code>[fr_fem]Vertèbres propose un moyen de lire une table SQL en indiquant comme argument de page la table à lire, précédé de &quot;table :&quot;, par exemple : <code>ecrire/ ?exec=vertebres&table=spip_articles</code>[it]Vertèbres offre un modo per leggere una tabella SQL passata come parametro, preceduta da  &quot;table:&quot;, per esempio : <code>ecrire/?exec=vertebres&table=spip_articles</code>[lb]Vertèbres erlaabt eng SQL-Tafel ze liesen andeem en als Argument de Numm vun der Tafel ugett, mat virdrun "table:", z.B.: <code>ecrire/?exec=vertebres&table=spip_articles</code>[nl]Wervels geeft je de mogelijkheid om SQL-tabels te lezen. Schrijf "table=naam_van_de_tabel" als argument van de pagina, bijvoorbeeld: <code>ecrire/?exec=vertebres&table=spip_articles</code>[ru]Это плагин (Vertèbres) позволяет получать информацию из таблиц базы данных (SQL) передавая в адресной строке название таблицы, например : <code>ecrire/?exec=vertebres&table=spip_articles</code>[sk]Vertebres ponúka spôsob na čítanie tabuľky SQL ako parameter, ktorý požaduje od stránky, aby prečítala tabuľku, pred ktorou je "table:", napríklad: <code>ecrire/?exec=vertebres&table=spip_articles</code></multi>', 'a:1:{i:1;a:3:{s:3:"nom";s:14:"Collectif SPIP";s:3:"url";s:0:"";s:4:"mail";s:0:"";}}', 'a:1:{i:1;a:2:{s:3:"nom";s:19:"FatCow pour l''icone";s:3:"url";s:33:"http://www.fatcow.com/free-icons/";}}', 'a:1:{i:1;a:2:{s:3:"nom";s:7:"GNU/GPL";s:3:"url";s:40:"http://www.gnu.org/licenses/gpl-3.0.html";}}', '', '', '', '', 'stable', 4, 'a:3:{s:9:"necessite";a:0:{}s:9:"librairie";a:0:{}s:7:"utilise";a:0:{}}', '0000-00-00 00:00:00', '0000-00-00 00:00:00', 0, '', 0, '0000-00-00 00:00:00', 'vertebres', '', 'oui', 'non', 1, '', 'non', 'non', 'non', '_DIR_PLUGINS_DIST', '4fcd719b712ada19c69b3bc9335db277'),
(100, 100, 'MOSAIQUE', 'images/mosaique-64.png', '000.003.003', '0.0.1', '[3.0.0;3.0.*]', '3.0', '<multi>[fr]Ce plugin propose de trier les documents associés aux articles (via la page d''édition de l''article) par simple glisser-déposer des vignettes d''une mosaique.</multi>', 'a:1:{i:1;a:3:{s:3:"nom";s:4:"Thom";s:3:"url";s:0:"";s:4:"mail";s:0:"";}}', '', 'a:1:{i:1;a:2:{s:3:"nom";s:7:"GNU/GPL";s:3:"url";s:0:"";}}', '', 'http://contrib.spip.net/4232', '', '', 'test', 3, 'a:3:{s:9:"necessite";a:1:{i:0;a:3:{s:7:"cextras";a:2:{s:3:"nom";s:7:"cextras";s:13:"compatibilite";s:8:"[3.0.5;[";}s:7:"saisies";a:2:{s:3:"nom";s:7:"saisies";s:13:"compatibilite";s:9:"[1.25.3;[";}s:4:"yaml";a:2:{s:3:"nom";s:4:"yaml";s:13:"compatibilite";s:8:"[1.5.1;[";}}}s:9:"librairie";a:0:{}s:7:"utilise";a:0:{}}', '0000-00-00 00:00:00', '0000-00-00 00:00:00', 0, '', 0, '0000-00-00 00:00:00', 'mosaique', '', 'oui', 'oui', 0, '', 'non', 'non', 'non', '_DIR_PLUGINS', '24a6527a849e0499c4105de7d45f6c12'),
(101, 101, 'RSSCONFIG', 'prive/themes/spip/images/rssconfig-32.png', '002.000.001', '', '[3.0.0;3.0.*]', '3.0', '<multi>[fr]Ce plugin vous permet de personnaliser le fonctionnement de votre flux RSS à l’aide d’un formulaire dans l’espace privé.</multi>', 'a:1:{i:1;a:3:{s:3:"nom";s:6:"Joseph";s:3:"url";s:34:"http://www.spip-contrib.net/Joseph";s:4:"mail";s:0:"";}}', '', 'a:1:{i:1;a:2:{s:3:"nom";s:5:"GPL 3";s:3:"url";s:40:"http://www.gnu.org/licenses/gpl-3.0.html";}}', '', 'http://www.spip-contrib.net/?article3793', '', '', 'stable', 4, 'a:3:{s:9:"necessite";a:0:{}s:9:"librairie";a:0:{}s:7:"utilise";a:1:{i:0;a:2:{s:1:"z";a:1:{s:3:"nom";s:1:"Z";}s:5:"zdist";a:1:{s:3:"nom";s:5:"Zdist";}}}}', '0000-00-00 00:00:00', '0000-00-00 00:00:00', 0, '', 0, '0000-00-00 00:00:00', 'rss_configurable_v2', '', 'oui', 'non', 0, '', 'non', 'non', 'non', '_DIR_PLUGINS', '522e465c85dbedbe057ed31b4ead5a11'),
(102, 75, 'VIDEOS', 'theme/img/videos-32.png', '000.009.008', '0.3', '[2.0.0;3.0.*]', '2.0,2.1,3.0', '<multi>[en]This plugin allows the integration, using a simple copy/paste of URL, of videos hosted on major platforms (Dailymotion, Vimeo, YouTube, Culturebox) and manage them as spip documents. It also allows the HTML5 display of video in MP4, H.264, Ogg, WebM anf Mkv formats, even in mobile browsers.[fr]Ce plugin permet d’intégrer, à partir d’un\n			simple copier/coller d’URL, des vidéos hébergées\n			sur les principales plateformes (Dailymotion, Vimeo, Youtube, CultureBox)\n			et de les gérer comme des documents spip. Il permet également\n			l’affichage HTML5 des vidéos aux formats MP4, H264, Ogg,\n			WebM et Mkv même dans les navigateurs mobiles.[sk]Tento zásuvný modul vám umožňuje vkladať z jednoduchej kópie/prilepenia internetových adries videí zo všetkých významných sietí (Dailymotion, Vimeo, Youtube, CultureBox)\n			a ovládať ich ako objekty SPIPu. Umožňuje zobraziť aj HTML5 pre videá  formátov MP4, H264, Ogg,\n			WebM a Mkv, a dokonca aj v prehliadačoch mobilných telefónov.</multi>', 'a:1:{i:1;a:3:{s:3:"nom";s:5:"XDjuj";s:3:"url";s:23:"http://demo.apsulis.com";s:4:"mail";s:20:"XDjuj AT apsulis.com";}}', '', 'a:1:{i:1;a:2:{s:3:"nom";s:5:"GPL 3";s:3:"url";s:40:"http://www.gnu.org/licenses/gpl-3.0.html";}}', 'a:1:{i:1;s:4:"2010";}', 'http://www.spip-contrib.net/?article3636', '', '', 'dev', 2, 'a:3:{s:9:"necessite";a:1:{i:0;a:1:{s:6:"medias";a:2:{s:3:"nom";s:6:"medias";s:13:"compatibilite";s:8:"[1.6.0;[";}}}s:9:"librairie";a:0:{}s:7:"utilise";a:0:{}}', '0000-00-00 00:00:00', '0000-00-00 00:00:00', 0, '', 0, '0000-00-00 00:00:00', 'videos_0_9_8', '', 'non', 'non', 0, '', 'non', 'oui', 'non', '_DIR_PLUGINS', '1e89c1835f8230df5da04b6dd2221e87');

-- --------------------------------------------------------

--
-- Structure de la table `spip_petitions`
--

CREATE TABLE IF NOT EXISTS `spip_petitions` (
  `id_petition` bigint(21) NOT NULL AUTO_INCREMENT,
  `id_article` bigint(21) NOT NULL DEFAULT '0',
  `email_unique` char(3) NOT NULL DEFAULT '',
  `site_obli` char(3) NOT NULL DEFAULT '',
  `site_unique` char(3) NOT NULL DEFAULT '',
  `message` char(3) NOT NULL DEFAULT '',
  `texte` longtext NOT NULL,
  `statut` varchar(10) NOT NULL DEFAULT 'publie',
  `maj` timestamp NOT NULL DEFAULT CURRENT_TIMESTAMP ON UPDATE CURRENT_TIMESTAMP,
  PRIMARY KEY (`id_petition`),
  UNIQUE KEY `id_article` (`id_article`)
) ENGINE=InnoDB DEFAULT CHARSET=utf8 AUTO_INCREMENT=1 ;

-- --------------------------------------------------------

--
-- Structure de la table `spip_plugins`
--

CREATE TABLE IF NOT EXISTS `spip_plugins` (
  `id_plugin` bigint(21) NOT NULL AUTO_INCREMENT,
  `prefixe` varchar(30) NOT NULL DEFAULT '',
  `nom` text NOT NULL,
  `slogan` text NOT NULL,
  `categorie` varchar(100) NOT NULL DEFAULT '',
  `tags` text NOT NULL,
  `vmax` varchar(24) NOT NULL DEFAULT '',
  `date_crea` datetime NOT NULL DEFAULT '0000-00-00 00:00:00',
  `date_modif` datetime NOT NULL DEFAULT '0000-00-00 00:00:00',
  `compatibilite_spip` varchar(24) NOT NULL DEFAULT '',
  `branches_spip` varchar(255) NOT NULL DEFAULT '',
  PRIMARY KEY (`id_plugin`),
  KEY `prefixe` (`prefixe`)
) ENGINE=InnoDB  DEFAULT CHARSET=utf8 AUTO_INCREMENT=102 ;

--
-- Contenu de la table `spip_plugins`
--

INSERT INTO `spip_plugins` (`id_plugin`, `prefixe`, `nom`, `slogan`, `categorie`, `tags`, `vmax`, `date_crea`, `date_modif`, `compatibilite_spip`, `branches_spip`) VALUES
(35, 'MELIMELO', 'melimelo', '', 'squelette', '', '', '0000-00-00 00:00:00', '0000-00-00 00:00:00', '', ''),
(65, 'CEXTRAS', '<multi>[de]Zusatzfelder[en]Extra fields[es]Campos Extras[fr]Champs Extras[it]Campi Extra[nl]Extra Velden[ru]Создание новых полей (Champs Extras)[sk]Doplnkové polia</multi>', '<multi>[de]Zusätzliche Felder für die Standardobjekte von SPIP anlegen[en]Create new edit fields for SPIP objects[es]API de gestión de nuevos campos en los objetos editoriales[fr]API de gestion de nouveaux champs dans les objets éditoriaux.[it]Crea nuovi campi per gli oggetti editoriali di SPIP[nl]API voor het beheer van nieuw velden in redactionele objecten.[ru]API для создания новых полей у существующих объектов (статей, разделов и т. д.).[sk]Aplikácia na riadenie nových polí v redakčných objektoch</multi>', 'outil', '', '', '0000-00-00 00:00:00', '0000-00-00 00:00:00', '', ''),
(66, 'IEXTRAS', '<multi>[en]Extra fields (Interface)[es]Campos Adicionales (Interfaz)[fr]Champs Extras (Interface)[it]Campi Extra (Interfaccia)[ru]Создание новых полей - интерфейс (Champs Extras Interface)[sk]Ďalšie polia (rozhranie)</multi>', '<multi>[en]Interface to manage the extra fields on SPIP objects[es]Ofrece una interfaz gráfica para administrar campos adicionales[fr]Offre une interface graphique pour gérer des champs extras[it]Interfaccia per gestire i campi extra[ru]Интерфейс для добавления новых полей к существующим объектам[sk]Ponúka grafické rozhranie na riadenie ďalších polí</multi>', 'outil', '', '', '0000-00-00 00:00:00', '0000-00-00 00:00:00', '', ''),
(67, 'CKEDITOR', '<multi>[fr]ckeditor-spip3-plugin</multi>', '<multi>[fr]CKeditor pour SPIP3</multi>', 'edition', '', '', '0000-00-00 00:00:00', '0000-00-00 00:00:00', '', ''),
(68, 'FACTEUR', '<multi>[de]Briefräger[en]Postman[es]Cartero[fr]Facteur[nl]Postbode[ru]Почтальон (Facteur)[sk]Poštár</multi>', '<multi>[de]Er befördert ihre Emails[en]He delivers emails[es]Distribuye sus correos electrónicos[fr]Il distribue vos courriels[nl]Hij verzendt uw mail[ru]Он отправляет письма[sk]Posiela vašu poštu</multi>', 'communication', '', '', '0000-00-00 00:00:00', '0000-00-00 00:00:00', '', ''),
(69, 'FORMIDABLE', 'Formidable', '<multi>[fr]Générateur de formulaires</multi>', 'communication', '', '', '0000-00-00 00:00:00', '0000-00-00 00:00:00', '', ''),
(70, 'FULLTEXT', 'Fulltext', '<multi>[ar]فهرسة فول تكست لتسريع البحث[de]Volltext-Indexierung zur Beschleunigung von Suchvorgängen[en]FULLTEXT indexation to speed up searches[es]Indexación FULLTEXT para agilizar las búsquedas[fr]Indexation FULLTEXT pour accélérer les recherches[nl]FULLTEXT indexeert voor sneller zoeken[sk]Indexovanie CELÉHO TEXTU na zrýchlenie vyhľadávaní</multi>', 'navigation', '', '', '0000-00-00 00:00:00', '0000-00-00 00:00:00', '', ''),
(71, 'MAILSUBSCRIBERS', 'MailSubscribers', '<multi>[de]E-Mail Newsletter-Anmeldung[en]Subscribe to e-mail distribution[fr]Inscription à la diffusion par courriel[nl]Aanmelden e-mail distributie</multi>', 'communication', '', '', '0000-00-00 00:00:00', '0000-00-00 00:00:00', '', ''),
(72, 'SAISIES', '<multi>[ar]إدخال للاستمارات[de]Eingabefelder für Formulare[en]Entries for forms[es]Entradas para formularios[fr]Saisies pour formulaires[nl]Saisies (Invoer) voor formulieren[ru]Поля для форм (saises)[sk]Vstupy pre formuláre</multi>', '<multi>[ar]إنشاء حقول استمارات بسهولة[de]Unkompliziertes Erstellen von Eingabefeldern für Formulare.[en]Create easily forms fields.[es]Escribir fácilmente los campos de formularios.[fr]Écrire facilement des champs de formulaires.[nl]Eenvoudig formuliervelden maken.[ru]Упрощение работы по созданию форм[sk]Jednoduchý zápis polí formulárov.</multi>', 'outil', '', '', '0000-00-00 00:00:00', '0000-00-00 00:00:00', '', ''),
(73, 'SPIP_BONUX', 'SPIP Bonux', '<multi>[ar]الملحق الذي يجعل SPIP أكثر بياضاً من.[de]Der Plug-in, der SPIPer wäscht als SPIP.[en]The plugin that make SPIP better than SPIP.[es]El plugin que lava más SPIP que SPIP.[fr]Le plugin qui lave plus SPIP que SPIP.[nl]De plugin die SPIP nog SPIPper maakt.[ru]SPIP Bonux существенно расширяет возможности SPIP, делая его лучше чем SPIP :)))[sk]Zásuvný modul, ktorý prečistí SPIP ako SPIP.</multi>', 'outil', '', '', '0000-00-00 00:00:00', '0000-00-00 00:00:00', '', ''),
(74, 'VERIFIER', '<multi>[de]API Wertprüfung[en]Control API[es]API de verificación[fr]API de vérification[ru]API для валидации данных (verifier)[sk]Aplikácia na overenie</multi>', '<multi>[de]API zur Prüfung von Werten[en]A generic API to control a value[es]Una API genérica para verificar un valor[fr]Une API générique pour vérifier une valeur[ru]Плагин обеспечивает API для валидации данных. Необходим для работы многих плагинов.[sk]Spoločná aplikácia na overenie hodnoty</multi>', 'outil', '', '', '0000-00-00 00:00:00', '0000-00-00 00:00:00', '', ''),
(75, 'VIDEOS', '<multi>[en]Video(s)[fr]Vidéo(s)[sk]Videá</multi>', '<multi>[en]Management interface and integration models of videos[fr]Interface de gestion et modèles d''insertion de vidéos[sk]Rozhranie na riadenie videí a šablóny na ich vkladanie</multi>', 'multimedia', '', '', '0000-00-00 00:00:00', '0000-00-00 00:00:00', '', ''),
(76, 'YAML', 'YAML', '<multi>[en]A simple file format for editing lists of data[es]Un formato de archivo simple para editar listas de datos[fa]فرمتي براي پروند‌ه ساده براي ويرايش فهرست‌هاي داده‌ها[fr]Un format de fichier simple pour éditer des listes de données[ru]Позволяет работать с YAML форматом[sk]Jednoduchý formát súborov na upravovanie zoznamov dát</multi>', 'outil', '', '', '0000-00-00 00:00:00', '0000-00-00 00:00:00', '', ''),
(77, 'BREVES', 'Brèves', '<multi>[ar]إدارة الأخبار في SPIP[de]Meldungen in  SPIP verwalten[en]Management of news items in SPIP[eo]Mastrumado de fulm-informoj en SPIP[es]Gestión de los breves en SPIP[fa]مديريت خبرها در اسپيپ[fr]Gestion des brèves dans SPIP[fr_fem]Gestion des brèves dans SPIP[fr_tu]Gestion des brèves dans SPIP[it]Gestione delle brevi in SPIP[lb]Gestioun vun de Kuerzmeldungen am SPIP[nl]Beheer van nieuwsberichten in SPIP[pt]Gestão das notícias em SPIP[pt_br]Gerenciamento de notas no SPIP[ru]Настройки ленты новостей[sk]Správa noviniek v SPIPe</multi>', 'edition', '', '', '0000-00-00 00:00:00', '0000-00-00 00:00:00', '', ''),
(78, 'COMPAGNON', '<multi>[ar]الرفيق[de]Begleiter[en]Companion[eo]Kompano[es]Compañero[fa]همراه[fr]Compagnon[fr_fem]Compagnon[it]Assistente[lb]Compagnon[nl]Metgezel[pt]Guia[pt_br]Companheiro[ru]Помощник (Companion)[sk]Compagnon</multi>', '<multi>[ar]مرافق الخطوات الأولى في SPIP[de]Assistent für die ersten Schritte mit SPIP[en]First steps wizard with SPIP[eo]Helpanto por SPIP-komencantoj[es]Asistente para dar los primeros pasos con SPIP[fa]همراه اول با اسپيپ نيست[fr]Assistant de premiers pas avec SPIP[fr_fem]Assistant de premiers pas avec SPIP[it]Assistente per il primo utilizzo di SPIP[lb]Assistent fir déi éischt Schrëtt mat SPIP[nl]Assistent van de eerste steppen met SPIP[pt]Assistente de iniciação a SPIP[pt_br]Assistente de primeiros passos do SPIP[ru]Начальная помощь при работе со SPIP[sk]Sprievodca pri prvých krokoch so SPIPom</multi>', 'divers', '', '', '0000-00-00 00:00:00', '0000-00-00 00:00:00', '', ''),
(79, 'COMPRESSEUR', 'Compresseur', '<multi>[ar]ضغط أوراق الأنماط ورموز جافاسكريبت[de]Kompression von CSS und Javascript-Code[en]CSS and javascript compression[eo]Densigo css kaj javascript[es]Compresión de css y javascript[fa]فشرده سازي سي.اس.اس‌ها و جاوااسكريبت[fr]Compression des css et javascript[fr_fem]Compression des css et javascript[it]Compressione di CSS e javascript[lb]Compressioun vun CSS a Javascript[nl]Compressie van css en javascript[pt]Compressão de css e javascript[pt_br]Compressão dos css e javascript[ru]Плагин для сжатия CSS и Javascript файлов[sk]Kompresia css a javascriptu</multi>', 'performance', '', '', '0000-00-00 00:00:00', '0000-00-00 00:00:00', '', ''),
(80, 'DUMP', 'Dump', '<multi>[ar]نسخ احتياطي لقاعدة بيانات SPIP واسترجاعها[de]Sicherung und Wiederherstellung der  SPIP-Datenbank[en]Backup and restore database SPIP[eo]Savkopio kaj restaŭro de la datumbazo SPIP[es]Copia de seguridad y recuperación de la base de datos de SPIP[fa]بك‌آپ و ذخيره سازي پايگاه داده‌‌هاي اسپيپ[fr]Sauvegarde et restauration de la base SPIP[fr_fem]Sauvegarde et restauration de la base de données SPIP[it]Backup e ripristino del database di SPIP[lb]Backup an Zeréckspillen vun der SPIP-Datebank[nl]Back-up en restauratie van de SPIP database[pt]Cópia de segurança e restauro da base de dados SPIP[pt_br]Cópia de segurança e restauro da base SPIP[ru]Резервное копирование[sk]Záloha a obnovenie databázy SPIPu</multi>', 'maintenance', '', '', '0000-00-00 00:00:00', '0000-00-00 00:00:00', '', ''),
(81, 'IMAGES', 'Images', '<multi>[ar]مرشحات معالجة الصور والألوان[de]Bild- und Farbfilter[en]Images processing and colors filters[es]Filtros de transformación de imágenes y de colores[fa]فيلترهاي پردازش تصوير‌ها و رنگ‌ها[fr]Filtres de transformation d’images et de couleurs[fr_fem]Filtres de transformation d’images et de couleurs[it]Filtri di trasformazione delle immagini e dei colori[lb]Ännerungs-Filteren fir d’Biller an d’Faarwen[nl]Beeld en kleur transformatie filters[pt]Processamento de imagens e filtros de cores[pt_br]Filtros de transformação de imagens e de cores[ru]Набор фильтров по работе с изображениями[sk]Filtre na transformáciu obrázkov a farieb</multi>', 'multimedia', '', '', '0000-00-00 00:00:00', '0000-00-00 00:00:00', '', ''),
(82, 'FORUM', 'Forum', '<multi>[ar]إدارة المنتديات الخاصة والعمومي في SPIP[de]Verwaltung der privaten und öffentlichen SPIP-Foren[en]Management of private and public forums in SPIP[es]Administración de los foros privados y públicos en SPIP[fa]مديريت سخنگاه‌هاي خصوصي و همگاني در اسپيپ[fr]Gestion des forums privés et publics dans SPIP[fr_fem]Gestion des forums privés et publics dans SPIP[it]Gestione dei forum privati e pubblici di SPIP[lb]Beaarbechte vun de privaten an ëffentleche Forumen am SPIP[nl]Beheer van de private en openbare SPIP fora[pt]Gestião dos fóruns públicos e privados em SPIP[pt_br]Gerenciamento dos fóruns privados e públicos do SPIP[ru]Управление форумами и комментариями[sk]Riadenie súkromných aj verejných diskusných fór v SPIPe</multi>', 'communication', '', '', '0000-00-00 00:00:00', '0000-00-00 00:00:00', '', ''),
(83, 'JQUERYUI', 'jQuery UI', '<multi>[ar]إنتاج الحركة والمؤثرات وتوسيع أدواة jQuery[de]Animationen, Effekte und Widgets für jQuery[en]Animations, effects and jQuery widgets[es]Animaciones, efetos y widgets jQuery[fr]Animations, effets et widgets jQuery[fr_fem]Animations, effets et widgets jQuery[it]Animazioni, effetti e widget jQuery[lb]jQuery Animatiounen, Effekter a Widgets[nl]jQuery Animatie, effecten en widgets[pt]Animações, efeitos e widgets jQuery[ru]Анимация, эффекты и плагины jQuery[sk]Animácie, efekty a widgety jQuery</multi>', 'outil', '', '', '0000-00-00 00:00:00', '0000-00-00 00:00:00', '', ''),
(84, 'MEDIABOX', '<multi>[ar]صندوق الفرجة[de]MediaBox[en]MediaBox[es]MediaBox[fa]مدياباكس[fr]MediaBox[fr_fem]MediaBox[it]MediaBox[lb]MediaBox[nl]MediaBox[pt]MediaBox[ru]MediaBox[sk]Multimediálny box</multi>', '<multi>[ar]صندوق الفرجة[de]Multimedia-Box[en]Media box[es]Caja multimedia[fa]صندوق چندرسانه‌اي[fr]Boîte multimédia[fr_fem]Boîte multimédia[it]Media box[lb]Mediabox[nl]Multimedia Box[pt]Media box[ru]Медиабокс[sk]Multimediálny box</multi>', 'multimedia', '', '', '0000-00-00 00:00:00', '0000-00-00 00:00:00', '', ''),
(85, 'MEDIAS', 'Medias', '<multi>[ar]أدارة الوسائط المتعددة في SPIP[de]Medienverwaltung in  SPIP[en]SPIP’s media management[es]Gestión de documentos multimedia en SPIP[fa]مديريت رسانه‌ها دراسپيپ[fr]Gestion des médias dans SPIP[fr_fem]Gestion des médias dans SPIP[it]Gestione dei media di SPIP[lb]Gestioun vun de Medien am SPIP[nl]Beheer van de digitale documenten in SPIP[pt]Gestão multimédia de SPIP[pt_br]Gerenciamento de mídias do SPIP[ru]Управление медиа файлами[sk]Správa multimédií v SPIPe</multi>', 'multimedia', '', '', '0000-00-00 00:00:00', '0000-00-00 00:00:00', '', ''),
(86, 'MOTS', 'Mots', '<multi>[ar]إدارة المفاتيح ومجموعات المفاتيح في SPIP[de]Verwaltung von Schlagworten und Schlagwortgruppen mit  SPIP[en]Management of keywords and keywords groups in SPIP[es]Administración de las palabras clave y los grupos de palabras clave en SPIP[fa]مديريت واژه‌ها و گروه‌واژه‌ها در اسپيپ[fr]Gestion des mots et groupes de mots dans SPIP[fr_fem]Gestion des mots-clef et groupes de mots-clef dans SPIP[it]Gestione delle parole e dei gruppi di parole di SPIP[lb]Gestioun vun de Schlësselwierder a Gruppen am SPIP[nl]Beheer van trefwoorden en groepen van trefwoorden in SPIP[pt]Gestão de palavras e grupos de palavras em SPIP[pt_br]Gerenciamento de palavras-chave e grupos de palavras chave do SPIP[ru]Настройка групп ключей и ключей в SPIP[sk]Riadenie kľúčových slov a skupín kľúčových slov v SPIPe</multi>', 'edition', '', '', '0000-00-00 00:00:00', '0000-00-00 00:00:00', '', ''),
(87, 'MSIE_COMPAT', '<multi>[ar]دعم برامج التصفح القديمة[de]Unterstützung älterer Webbrowser[en]Support of older browsers[es]Soporte para navegadores antiguos[fa]پشتيباني از مرورگر‌هاي قديمي[fr]Support vieux navigateurs[fr_fem]Support vieux navigateurs[it]Supporto ai vecchi browser[lb]Ënnerstëtzung vun ale Browseren[nl]Support voor oudere browsers[pt]Suporte para navegadores antigos[pt_br]Suporte a navegadores antigos[ru]Поддержка старых броузеров[sk]Podpora starších prehliadačov</multi>', '<multi>[ar]ملفات PNG وعلامات أوراق الأنماط في برامج التصفح القديمة[de]PNG und CSS-Selektoren für alte Browser[en]PNG files and various CSS selectors for old browsers[es]PNG y selectores CSS para los navegadores antiguos[fa]پي.ان.جي و گزينشگر‌هاي سي.اس.اس براي مرورگرهاي قديمي[fr]PNG et sélecteurs CSS pour les vieux navigateurs[fr_fem]PNG et sélecteurs CSS pour les vieux navigateurs[it]Immagini in formato PNG e selettori CSS per i vecchi browser[lb]PNG an CSS Selektoren fir déi al Browseren[nl]PNG en CSS-selectors voor ouder browsers[pt]Ficheiros PNG e selectores CSS para os navegadores antigos[pt_br]PNG e seletores CSS para os navegadores antigos[ru]Поддержка прозрачности PNG и расширенная поддержка селекторов CSS для старых броузеров[sk]PNG a voliče CSS pre staršie prehliadače</multi>', 'outil', '', '', '0000-00-00 00:00:00', '0000-00-00 00:00:00', '', ''),
(88, 'ORGANISEUR', 'Organiseur', '<multi>[ar]أدوات عمل تحريري جماعي[de]Werkzeuge für eine Online-Redaktion[en]Collaborative editorial working tools[es]Herramientas de trabajo editorial en grupo[fa]ابزارهاي كار گروه سردبيري[fr]Outils de travail éditorial en groupe[fr_fem]Outils de travail éditorial en groupe[it]Strumenti per il lavoro editoriale in gruppo[lb]Gruppenaarbecht[nl]Samenwerking- en werkinstrument voor de redacteurs[pt]Ferramentas de trabalho editorial em grupo[ru]Организация совместной работы[sk]Nástroje na redakčnú prácu v skupine</multi>', 'date', '', '', '0000-00-00 00:00:00', '0000-00-00 00:00:00', '', ''),
(89, 'PETITIONS', 'Pétitions', '<multi>[ar]إدارة العرائض في SPIP[de]Verwaltung von Petitionen mit SPIP[en]Petitions management in SPIP[es]Administración de las peticiones en SPIP[fa]مديريت طومارها در اسپيپ[fr]Gestion des pétitions dans SPIP[fr_fem]Gestion des pétitions dans SPIP[it]Gestione delle petizioni di SPIP[nl]Beheer van petities in SPIP[pt]Gestão das petições em SPIP[pt_br]Gerenciamento de petições do SPIP[ru]Модуль сбора подписей для SPIP[sk]Správa petícií v SPIPe</multi>', 'communication', '', '', '0000-00-00 00:00:00', '0000-00-00 00:00:00', '', ''),
(90, 'PORTE_PLUME', '<multi>[ar]الريشة[de]Federhalter[en]Quill[es]Porta pluma[fa]چوب قلم[fr]Porte plume[fr_fem]Porte plume[it]Portapenne[nl]Penhouder[pt]Pena[ru]Панель инструментов (Porte plume)[sk]Porte plume</multi>', '<multi>[ar]شريط أدوات لتحسين الكتابة[de]Eine Menüleiste zum Formatieren der Texte[en]A toolbar to enhance your texts[es]Una barra de herramientas para escribir bien[fa]نوار ابزاري براي بهترنويسي[fr]Une barre d’outils pour bien écrire[fr_fem]Une barre d’outils pour bien écrire[it]Una barra degli strumenti per scrivere bene[nl]Een penhouder om mooi te schrijven[pt]Uma barra de ferramentas para abrilhantar os seus textos[ru]Дополнительные возможности для текстового редактора[sk]Panel s nástrojmi, vďaka ktorému môžete vylepšiť svoje texty</multi>', 'edition', '', '', '0000-00-00 00:00:00', '0000-00-00 00:00:00', '', ''),
(91, 'REVISIONS', 'Révisions', '<multi>[ar]متابعة التغييرات في العناصر التحريرية[de]Änderungen von redaktionellen Inhalten nachvollziehen[en]Tracking changes of editorial objects[es]Seguimiento de las modificaciones de los objetos editoriales[fa]پيگيري اصلاحات موضوع‌هاي سردبيري[fr]Suivi des modifications des objets éditoriaux[fr_fem]Suivi des modifications des objets éditoriaux[it]Il rilevamento delle revisioni sugli oggetti editoriali[lb]Verwaltung vun de Versiounen vun den Objekter[nl]Revisies laat je toe de  veranderingen van de editorialen objecten zien en volgen.[pt]Seguimento das modificações dos objectos editoriais[pt_br]Acompanhamento das alterações dos objetos editoriais[ru]История изменений[sk]Sledovanie zmien redakčných objektov</multi>', 'edition', '', '', '0000-00-00 00:00:00', '0000-00-00 00:00:00', '', ''),
(92, 'SAFEHTML', 'SafeHTML', '<multi>[ar]حماية المنتديات من الأوامرالعابرة للمواقع[en]Forums protection against cross-site scripting[es]Protección de los foros contra el cross-site scripting[fr]Protection des forums contre le cross-site scripting[fr_fem]Protection des forums contre le cross-site scripting[it]Protezione del forum contro gli attacchi di tipo cross-site scripting[nl]Bescherming van forums tegen cross-site scripting[pt]Protecção dos fóruns contra o cross-site scripting[ru]Защищает форму комментариев от межсайтового скриптинга (XSS)[sk]Ochrana diskusných fór pred útokmi, ako cross-site scripting</multi>', 'performance', '', '', '0000-00-00 00:00:00', '0000-00-00 00:00:00', '', ''),
(93, 'SITES', 'Sites', '<multi>[ar]إدارة المواقع والترخيص في SPIP[de]Verwaltung verlinkter und syndizierter Websites mit  SPIP[en]Management of sites and syndication in SPIP[es]Administración de los sitios y de la sindicación en SPIP[fa]مديريت سايت‌ها و مشترك‌سازي در اسپيپ[fr]Gestion des sites et de la syndication dans SPIP[fr_fem]Gestion des sites et de la syndication dans SPIP[it]Gestione dei siti e syndication in SPIP[lb]Gestioun vun de Websäiten a Syndicatioun am SPIP[nl]Beheer van de sites en van de Websyndicatie in SPIP[pt]Gestão dos sítios e da vinculação em SPIP[pt_br]Gerenciamento de sites e da sindicação do SPIP[ru]Подключение других сайтов по RSS[sk]Riadenie stránok a syndikácie v SPIPe</multi>', 'edition', '', '', '0000-00-00 00:00:00', '0000-00-00 00:00:00', '', ''),
(94, 'SQUELETTES_PAR_RUBRIQUE', 'Squelettes par Rubrique', '<multi>[ar]دعم الصفحات النموذجية ذات اللواحق في SPIP[de]Unterstützung von Skeletten mit Namenszusatz in SPIP[en]Support of suffixed templates in SPIP[es]Implementación de esqueletos con sufijos de SPIP[fa]پشتيباني از اسكليت‌هاي  پسوندي در اسپيپ[fr]Support des squelettes suffixés dans SPIP[fr_fem]Support des squelettes suffixés dans SPIP[it]Supporto di modelli con suffisso in SPIP[lb]Ënnerstëtzung fir Skeletter mat Suffix am SPIP[nl]Ondersteuning van suffix ingewijden skeletten in SPIP[pt]Apoio de modelos com sufixo em SPIP[pt_br]Suporte aos gabaritos com sufixo do SPIP[ru]Номерные шаблоны для SPIP[sk]Podpora pripojených šablón v SPIPe</multi>', 'outil', '', '', '0000-00-00 00:00:00', '0000-00-00 00:00:00', '', ''),
(95, 'STATS', '<multi>[ar]الإحصاءات[de]Estadísticas[en]Statistics[es]Estadísticas[fa]آمارها[fr]Statistiques[fr_fem]Statistiques[it]Statistiche[lb]Statistiken[nl]Statistieken[pt]Estatísticas[pt_br]Estatísticas[ru]Статистика посещений сайта[sk]Štatistiky</multi>', '<multi>[ar]إدارة الإحصاءات في SPIP[de]Administración de las estadísticas de SPIP[en]Statistics management in SPIP[es]Administración de las estadísticas de SPIP[fa]مديريت آمارها در اسپيپ[fr]Gestion des statistiques dans SPIP[fr_fem]Gestion des statistiques dans SPIP[it]Gestione delle statistiche di SPIP[lb]Verwalte vun de SPIP-Statistiken[nl]Beheer van de bezoekenstatistieken in SPIP[pt]Gerir as estatísticas em SPIP[pt_br]Gerenciamento das estatísticas do SPIP[ru]Плагин по учету статистики посещений вашего сайта[sk]Správa štatistík v SPIPe</multi>', 'statistique', '', '', '0000-00-00 00:00:00', '0000-00-00 00:00:00', '', ''),
(96, 'SVP', 'SVP', '<multi>[ar]خادم معلومات الملحقات وتحميلها[de]Informations- und Download-SerVer für Plugins[en]Information and download server of plugins[es]Servidor de información y descarga de plugins[fa]سرور اطلاعات و بارگذاري پلاگين‌ها[fr]SerVeur d’information et de téléchargement des Plugins[fr_fem]SerVeur d’information et de téléchargement des Plugins[it]Informazioni e server per il download dei plugin[nl]SerVer voor informatie en downloaden van Plugins[pt]Servidor de informação e download de Plugins[ru]Управление плагинами[sk]Server na zisťovanie informácií o zásuvných moduloch a ich sťahovanie</multi>', 'maintenance', '', '', '0000-00-00 00:00:00', '0000-00-00 00:00:00', '', ''),
(97, 'TW', 'TextWheel pour SPIP', '<multi>[ar]إدارة الكتابة في SPIP بواسطة TextWheel[de]Typographie in SPIP mit TextWheel steuern[en]Management of SPIP typography with TextWheel[es]Administración de la tipografía SPIP con TextWheel[fa]مديريت حروف‌نگاري در اسپيپ با چرخ‌نويس[fr]Gestion de la typographie SPIP avec TextWheel[fr_fem]Gestion de la typographie SPIP avec TextWheel[it]Gestione della tipografia di SPIP con TextWheel[lb]Verwalte vun der SPIP-Typografie mat TextWheel[nl]Beheer van de SPIP typografie dank zij TextWheel[pt]Gestão da tipografia SPIP com TextWheel[ru]Управлять оформлением SPIP c помощью TextWheel[sk]Správa typografie SPIPu s modulom TextWheel</multi>', 'edition', '', '', '0000-00-00 00:00:00', '0000-00-00 00:00:00', '', ''),
(98, 'URLS', 'Urls Etendues', '<multi>[ar]إدارة تنوعات عناوين URL ذات المعنى ام لا[de]Verwaltung von URL-Varianten[en]Management of the URL variants, meaningful or not[es]Gestión de las variantes de URL significativas o no[fa]مديريت يو.آر.ال‌هاي مهم يا غيرمهم[fr]Gestion des variantes d’URL signifiantes ou non[fr_fem]Gestion des variantes d’URL signifiantes ou non[it]Gestione delle varianti significative URL, o non[nl]Beheer van de URL varianten (betekenisdragend of niet)[pt_br]Gerenciamento das variantes de URLs significantes ou não[ru]SEO-friendly URLs (ЧПУ ссылки)[sk]Riadenie variantov URL, či už sémantických, alebo nie</multi>', 'statistique', '', '', '0000-00-00 00:00:00', '0000-00-00 00:00:00', '', ''),
(99, 'VERTEBRES', '<multi>[ar]الفقرات[de]Wirbelsäule[en]Vertebrae[es]Vértebras[fa]فقرات[fr]Vertèbres[fr_fem]Vertèbres[it]Vertèbres[lb]Vertèbres[nl]Wervels[ru]Просмотр SQL таблиц[sk]Vertèbres</multi>', '<multi>[ar]قارئ جداول SQL[de]SQL Tabellen lesen[en]SQL tables reader[es]Lector de tablas SQL[fa]خواندن جدول‌هاي اس.كيو.ال[fr]Lecteur de tables SQL[fr_fem]Lecteur de tables SQL[it]Lettore di tabelle SQL[lb]Lieser vir SQL-Tafelen[nl]Een SQL-tabels lezer[ru]Просмотр SQL таблиц[sk]Čítanie tabuliek SQL</multi>', 'outil', '', '', '0000-00-00 00:00:00', '0000-00-00 00:00:00', '', ''),
(100, 'MOSAIQUE', 'Mosaïque', '<multi>[fr]Tri intuitif du portfolio.</multi>', 'multimedia', '', '', '0000-00-00 00:00:00', '0000-00-00 00:00:00', '', ''),
(101, 'RSSCONFIG', 'Flux RSS configurable', '<multi>[fr]Personnaliser le flux RSS des articles du site</multi>', 'communication', '', '', '0000-00-00 00:00:00', '0000-00-00 00:00:00', '', '');

-- --------------------------------------------------------

--
-- Structure de la table `spip_referers`
--

CREATE TABLE IF NOT EXISTS `spip_referers` (
  `referer_md5` bigint(20) unsigned NOT NULL,
  `date` date NOT NULL,
  `referer` varchar(255) DEFAULT NULL,
  `visites` int(10) unsigned NOT NULL,
  `visites_jour` int(10) unsigned NOT NULL,
  `visites_veille` int(10) unsigned NOT NULL,
  `maj` timestamp NOT NULL DEFAULT CURRENT_TIMESTAMP ON UPDATE CURRENT_TIMESTAMP,
  PRIMARY KEY (`referer_md5`)
) ENGINE=InnoDB DEFAULT CHARSET=utf8;

-- --------------------------------------------------------

--
-- Structure de la table `spip_referers_articles`
--

CREATE TABLE IF NOT EXISTS `spip_referers_articles` (
  `id_article` int(10) unsigned NOT NULL,
  `referer_md5` bigint(20) unsigned NOT NULL,
  `referer` varchar(255) NOT NULL DEFAULT '',
  `visites` int(10) unsigned NOT NULL,
  `maj` timestamp NOT NULL DEFAULT CURRENT_TIMESTAMP ON UPDATE CURRENT_TIMESTAMP,
  PRIMARY KEY (`id_article`,`referer_md5`),
  KEY `referer_md5` (`referer_md5`)
) ENGINE=InnoDB DEFAULT CHARSET=utf8;

-- --------------------------------------------------------

--
-- Structure de la table `spip_resultats`
--

CREATE TABLE IF NOT EXISTS `spip_resultats` (
  `recherche` char(16) NOT NULL DEFAULT '',
  `id` int(10) unsigned NOT NULL,
  `points` int(10) unsigned NOT NULL DEFAULT '0',
  `table_objet` varchar(30) NOT NULL DEFAULT '',
  `serveur` char(16) NOT NULL DEFAULT '',
  `maj` timestamp NOT NULL DEFAULT CURRENT_TIMESTAMP ON UPDATE CURRENT_TIMESTAMP
) ENGINE=InnoDB DEFAULT CHARSET=utf8;

-- --------------------------------------------------------

--
-- Structure de la table `spip_rubriques`
--

CREATE TABLE IF NOT EXISTS `spip_rubriques` (
  `id_rubrique` bigint(21) NOT NULL AUTO_INCREMENT,
  `id_parent` bigint(21) NOT NULL DEFAULT '0',
  `titre` text NOT NULL,
  `descriptif` text NOT NULL,
  `texte` longtext NOT NULL,
  `id_secteur` bigint(21) NOT NULL DEFAULT '0',
  `maj` timestamp NOT NULL DEFAULT CURRENT_TIMESTAMP ON UPDATE CURRENT_TIMESTAMP,
  `statut` varchar(10) NOT NULL DEFAULT '0',
  `date` datetime NOT NULL DEFAULT '0000-00-00 00:00:00',
  `lang` varchar(10) NOT NULL DEFAULT '',
  `langue_choisie` varchar(3) DEFAULT 'non',
  `statut_tmp` varchar(10) NOT NULL DEFAULT '0',
  `date_tmp` datetime NOT NULL DEFAULT '0000-00-00 00:00:00',
  `profondeur` smallint(5) NOT NULL DEFAULT '0',
  PRIMARY KEY (`id_rubrique`),
  KEY `lang` (`lang`),
  KEY `id_parent` (`id_parent`)
) ENGINE=InnoDB  DEFAULT CHARSET=utf8 AUTO_INCREMENT=20 ;

--
-- Contenu de la table `spip_rubriques`
--

INSERT INTO `spip_rubriques` (`id_rubrique`, `id_parent`, `titre`, `descriptif`, `texte`, `id_secteur`, `maj`, `statut`, `date`, `lang`, `langue_choisie`, `statut_tmp`, `date_tmp`, `profondeur`) VALUES
(1, 0, 'Mélimélo', '', '', 1, '2014-02-19 02:23:14', 'publie', '2014-02-19 03:23:14', 'fr', 'non', '0', '0000-00-00 00:00:00', 0),
(2, 1, '2. Pourquoi Mélimelo', '', '', 1, '2014-02-17 22:15:46', 'publie', '2014-02-14 07:38:12', 'fr', 'non', '0', '0000-00-00 00:00:00', 1),
(3, 1, '3. L''eau chez vous', '', '', 1, '2014-02-17 22:24:10', 'publie', '2014-02-15 07:30:47', 'fr', 'non', '0', '0000-00-00 00:00:00', 1),
(4, 1, '5. L''eau dans la ville', '', '', 1, '2014-02-17 22:26:03', 'publie', '2014-02-14 23:04:57', 'fr', 'non', '0', '0000-00-00 00:00:00', 1),
(5, 1, '4. L''eau et la sante', '', '', 1, '2014-02-17 22:25:26', 'publie', '2014-02-14 23:04:59', 'fr', 'non', '0', '0000-00-00 00:00:00', 1),
(6, 1, '6. L''eau dans la nature', '', '', 1, '2014-02-17 22:26:21', 'publie', '2014-02-15 19:38:17', 'fr', 'non', '0', '0000-00-00 00:00:00', 1),
(7, 1, 'Questions', 'Les questions', '', 1, '2014-02-18 15:09:52', 'publie', '2014-02-17 23:41:28', 'fr', 'non', '0', '0000-00-00 00:00:00', 1),
(8, 7, '1. Le prix de l''eau', 'Descriptif du prix de l''eau', '', 1, '2014-02-17 22:41:28', 'publie', '2014-02-17 23:41:28', 'fr', 'non', '0', '0000-00-00 00:00:00', 2),
(9, 3, '1. Le prix de l''eau', '', '', 1, '2014-02-17 22:24:27', 'publie', '2014-02-14 11:04:30', 'fr', 'non', '0', '0000-00-00 00:00:00', 2),
(10, 1, '1. Accueil', '', '', 1, '2014-02-17 22:15:13', 'publie', '2014-02-17 20:21:00', 'fr', 'non', '0', '0000-00-00 00:00:00', 1),
(11, 3, '2. La rareté de l''eau', '', '', 1, '2014-02-17 22:25:01', 'publie', '2014-02-15 07:30:47', 'fr', 'non', '0', '0000-00-00 00:00:00', 2),
(12, 6, '1. Les médicaments dans l''eau', '', '', 1, '2014-02-17 22:26:56', 'publie', '2014-02-15 19:38:17', 'fr', 'non', '0', '0000-00-00 00:00:00', 2),
(13, 10, 'slider', '', '', 1, '2014-02-17 19:21:00', 'publie', '2014-02-17 20:21:00', 'fr', 'non', '0', '0000-00-00 00:00:00', 2),
(14, 1, 'Contactez-nous', '', '', 1, '2014-02-18 15:18:46', 'publie', '2014-02-18 16:14:51', 'fr', 'non', '0', '0000-00-00 00:00:00', 1),
(18, 1, 'Plan du site', '', '', 1, '2014-02-19 02:22:14', 'publie', '2014-02-19 03:22:14', 'fr', 'non', '0', '0000-00-00 00:00:00', 1),
(19, 1, 'Mentions légales', '', '', 1, '2014-02-19 02:23:14', 'publie', '2014-02-19 03:23:14', 'fr', 'non', '0', '0000-00-00 00:00:00', 1);

-- --------------------------------------------------------

--
-- Structure de la table `spip_signatures`
--

CREATE TABLE IF NOT EXISTS `spip_signatures` (
  `id_signature` bigint(21) NOT NULL AUTO_INCREMENT,
  `id_petition` bigint(21) NOT NULL DEFAULT '0',
  `date_time` datetime NOT NULL DEFAULT '0000-00-00 00:00:00',
  `nom_email` text NOT NULL,
  `ad_email` text NOT NULL,
  `nom_site` text NOT NULL,
  `url_site` text NOT NULL,
  `message` mediumtext NOT NULL,
  `statut` varchar(10) NOT NULL DEFAULT '0',
  `maj` timestamp NOT NULL DEFAULT CURRENT_TIMESTAMP ON UPDATE CURRENT_TIMESTAMP,
  PRIMARY KEY (`id_signature`),
  KEY `id_petition` (`id_petition`),
  KEY `statut` (`statut`)
) ENGINE=InnoDB DEFAULT CHARSET=utf8 AUTO_INCREMENT=1 ;

-- --------------------------------------------------------

--
-- Structure de la table `spip_syndic`
--

CREATE TABLE IF NOT EXISTS `spip_syndic` (
  `id_syndic` bigint(21) NOT NULL AUTO_INCREMENT,
  `id_rubrique` bigint(21) NOT NULL DEFAULT '0',
  `id_secteur` bigint(21) NOT NULL DEFAULT '0',
  `nom_site` text NOT NULL,
  `url_site` text NOT NULL,
  `url_syndic` text NOT NULL,
  `descriptif` text NOT NULL,
  `maj` timestamp NOT NULL DEFAULT CURRENT_TIMESTAMP ON UPDATE CURRENT_TIMESTAMP,
  `syndication` varchar(3) NOT NULL DEFAULT '',
  `statut` varchar(10) NOT NULL DEFAULT '0',
  `date` datetime NOT NULL DEFAULT '0000-00-00 00:00:00',
  `date_syndic` datetime NOT NULL DEFAULT '0000-00-00 00:00:00',
  `date_index` datetime NOT NULL DEFAULT '0000-00-00 00:00:00',
  `moderation` varchar(3) DEFAULT 'non',
  `miroir` varchar(3) DEFAULT 'non',
  `oubli` varchar(3) DEFAULT 'non',
  `resume` varchar(3) DEFAULT 'oui',
  PRIMARY KEY (`id_syndic`),
  KEY `id_rubrique` (`id_rubrique`),
  KEY `id_secteur` (`id_secteur`),
  KEY `statut` (`statut`,`date_syndic`)
) ENGINE=InnoDB DEFAULT CHARSET=utf8 AUTO_INCREMENT=1 ;

-- --------------------------------------------------------

--
-- Structure de la table `spip_syndic_articles`
--

CREATE TABLE IF NOT EXISTS `spip_syndic_articles` (
  `id_syndic_article` bigint(21) NOT NULL AUTO_INCREMENT,
  `id_syndic` bigint(21) NOT NULL DEFAULT '0',
  `titre` text NOT NULL,
  `url` varchar(255) NOT NULL DEFAULT '',
  `date` datetime NOT NULL DEFAULT '0000-00-00 00:00:00',
  `lesauteurs` text NOT NULL,
  `maj` timestamp NOT NULL DEFAULT CURRENT_TIMESTAMP ON UPDATE CURRENT_TIMESTAMP,
  `statut` varchar(10) NOT NULL DEFAULT '0',
  `descriptif` text NOT NULL,
  `lang` varchar(10) NOT NULL DEFAULT '',
  `url_source` tinytext NOT NULL,
  `source` tinytext NOT NULL,
  `tags` text NOT NULL,
  PRIMARY KEY (`id_syndic_article`),
  KEY `id_syndic` (`id_syndic`),
  KEY `statut` (`statut`),
  KEY `url` (`url`)
) ENGINE=InnoDB DEFAULT CHARSET=utf8 AUTO_INCREMENT=1 ;

-- --------------------------------------------------------

--
-- Structure de la table `spip_types_documents`
--

CREATE TABLE IF NOT EXISTS `spip_types_documents` (
  `extension` varchar(10) NOT NULL DEFAULT '',
  `titre` text NOT NULL,
  `descriptif` text NOT NULL,
  `mime_type` varchar(100) NOT NULL DEFAULT '',
  `inclus` enum('non','image','embed') NOT NULL DEFAULT 'non',
  `upload` enum('oui','non') NOT NULL DEFAULT 'oui',
  `media_defaut` varchar(10) NOT NULL DEFAULT 'file',
  `maj` timestamp NOT NULL DEFAULT CURRENT_TIMESTAMP ON UPDATE CURRENT_TIMESTAMP,
  PRIMARY KEY (`extension`),
  KEY `inclus` (`inclus`)
) ENGINE=InnoDB DEFAULT CHARSET=utf8;

--
-- Contenu de la table `spip_types_documents`
--

INSERT INTO `spip_types_documents` (`extension`, `titre`, `descriptif`, `mime_type`, `inclus`, `upload`, `media_defaut`, `maj`) VALUES
('3ga', '3GP Audio File', '', 'audio/3ga', 'embed', 'oui', 'audio', '2014-02-12 17:00:18'),
('3gp', '3rd Generation Partnership Project', '', 'video/3gpp', 'embed', 'oui', 'video', '2014-02-12 17:00:18'),
('7z', '7 Zip', '', 'application/x-7z-compressed', 'non', 'oui', 'file', '2014-02-12 17:00:18'),
('aac', 'Advanced Audio Coding', '', 'audio/mp4a-latm', 'embed', 'oui', 'audio', '2014-02-12 17:00:18'),
('abw', 'Abiword', '', 'application/abiword', 'non', 'oui', 'file', '2014-02-12 17:00:18'),
('ac3', 'AC-3 Compressed Audio', '', 'audio/x-aac', 'embed', 'oui', 'audio', '2014-02-12 17:00:18'),
('ai', 'Adobe Illustrator', '', 'application/illustrator', 'non', 'oui', 'image', '2014-02-12 17:00:18'),
('aifc', 'Compressed AIFF Audio', '', 'audio/x-aifc', 'embed', 'oui', 'audio', '2014-02-12 17:00:18'),
('aiff', 'AIFF', '', 'audio/x-aiff', 'embed', 'oui', 'audio', '2014-02-12 17:00:18'),
('amr', 'Adaptive Multi-Rate Audio', '', 'audio/amr', 'embed', 'oui', 'audio', '2014-02-12 17:00:18'),
('anx', 'Annodex', '', 'application/annodex', 'embed', 'oui', 'file', '2014-02-12 17:00:18'),
('ape', 'Monkey''s Audio File', '', 'audio/x-monkeys-audio', 'embed', 'oui', 'audio', '2014-02-12 17:00:18'),
('asf', 'Windows Media', '', 'video/x-ms-asf', 'embed', 'oui', 'video', '2014-02-12 17:00:18'),
('asx', 'Advanced Stream Redirector', '', 'video/x-ms-asf', 'non', 'oui', 'video', '2014-02-12 17:00:18'),
('avi', 'AVI', '', 'video/x-msvideo', 'embed', 'oui', 'video', '2014-02-12 17:00:18'),
('axa', 'Annodex Audio', '', 'audio/annodex', 'embed', 'oui', 'audio', '2014-02-12 17:00:18'),
('axv', 'Annodex Video', '', 'video/annodex', 'embed', 'oui', 'video', '2014-02-12 17:00:18'),
('bib', 'BibTeX', '', 'application/x-bibtex', 'non', 'oui', 'file', '2014-02-12 17:00:18'),
('bin', 'Binary Data', '', 'application/octet-stream', 'non', 'oui', 'file', '2014-02-12 17:00:18'),
('blend', 'Blender', '', 'application/x-blender', 'non', 'oui', 'file', '2014-02-12 17:00:18'),
('bmp', 'BMP', '', 'image/x-ms-bmp', 'image', 'oui', 'image', '2014-02-12 17:00:18'),
('bz2', 'BZip', '', 'application/x-bzip2', 'non', 'oui', 'file', '2014-02-12 17:00:18'),
('c', 'C source', '', 'text/x-csrc', 'non', 'oui', 'file', '2014-02-12 17:00:18'),
('cls', 'LaTeX Class', '', 'text/x-tex', 'non', 'oui', 'file', '2014-02-12 17:00:18'),
('csl', 'Citation Style Language', '', 'application/xml', 'non', 'oui', 'file', '2014-02-12 17:00:18'),
('css', 'Cascading Style Sheet', '', 'text/css', 'non', 'oui', 'file', '2014-02-12 17:00:18'),
('csv', 'Comma Separated Values', '', 'text/csv', 'non', 'oui', 'file', '2014-02-12 17:00:18'),
('deb', 'Debian', '', 'application/x-debian-package', 'non', 'oui', 'file', '2014-02-12 17:00:18'),
('djvu', 'DjVu', '', 'image/vnd.djvu', 'non', 'oui', 'image', '2014-02-12 17:00:18'),
('doc', 'Word', '', 'application/msword', 'non', 'oui', 'file', '2014-02-12 17:00:18'),
('docm', 'Word', '', 'application/vnd.ms-word.document.macroEnabled.12', 'non', 'oui', 'file', '2014-02-12 17:00:18'),
('docx', 'Word', '', 'application/vnd.openxmlformats-officedocument.wordprocessingml.document', 'non', 'oui', 'file', '2014-02-12 17:00:18'),
('dot', 'Word Template', '', 'application/msword', 'non', 'oui', 'file', '2014-02-12 17:00:18'),
('dotm', 'Word template', '', 'application/vnd.ms-word.template.macroEnabled.12', 'non', 'oui', 'file', '2014-02-12 17:00:18'),
('dotx', 'Word template', '', 'application/vnd.openxmlformats-officedocument.wordprocessingml.template', 'non', 'oui', 'file', '2014-02-12 17:00:18'),
('dv', 'Digital Video', '', 'video/x-dv', 'embed', 'oui', 'video', '2014-02-12 17:00:18'),
('dvi', 'LaTeX DVI', '', 'application/x-dvi', 'non', 'oui', 'file', '2014-02-12 17:00:18'),
('emf', 'Enhanced Metafile', '', 'image/x-emf', 'non', 'oui', 'image', '2014-02-12 17:00:18'),
('enl', 'EndNote Library', '', 'application/octet-stream', 'non', 'oui', 'file', '2014-02-12 17:00:18'),
('ens', 'EndNote Style', '', 'application/octet-stream', 'non', 'oui', 'file', '2014-02-12 17:00:18'),
('eps', 'PostScript', '', 'application/postscript', 'non', 'oui', 'file', '2014-02-12 17:00:18'),
('epub', 'EPUB', '', 'application/epub+zip', 'non', 'oui', 'file', '2014-02-12 17:00:18'),
('f4a', 'Audio for Adobe Flash Player', '', 'audio/mp4', 'embed', 'oui', 'audio', '2014-02-12 17:00:18'),
('f4b', 'Audio Book for Adobe Flash Player', '', 'audio/mp4', 'embed', 'oui', 'audio', '2014-02-12 17:00:18'),
('f4p', 'Protected Video for Adobe Flash Player', '', 'video/mp4', 'embed', 'oui', 'video', '2014-02-12 17:00:18'),
('f4v', 'Video for Adobe Flash Player', '', 'video/mp4', 'embed', 'oui', 'video', '2014-02-12 17:00:18'),
('flac', 'Free Lossless Audio Codec', '', 'audio/x-flac', 'embed', 'oui', 'audio', '2014-02-12 17:00:18'),
('flv', 'Flash Video', '', 'video/x-flv', 'embed', 'oui', 'video', '2014-02-12 17:00:18'),
('gif', 'GIF', '', 'image/gif', 'image', 'oui', 'image', '2014-02-12 17:00:18'),
('gpx', 'GPS eXchange Format', '', 'application/gpx+xml', 'non', 'oui', 'file', '2014-02-12 17:00:18'),
('gz', 'GZ', '', 'application/x-gzip', 'non', 'oui', 'file', '2014-02-12 17:00:18'),
('h', 'C header', '', 'text/x-chdr', 'non', 'oui', 'file', '2014-02-12 17:00:18'),
('html', 'HTML', '', 'text/html', 'non', 'oui', 'file', '2014-02-12 17:00:18'),
('jar', 'Java Archive', '', 'application/java-archive', 'non', 'oui', 'file', '2014-02-12 17:00:18'),
('jpg', 'JPEG', '', 'image/jpeg', 'image', 'oui', 'image', '2014-02-12 17:00:18'),
('json', '', '', 'application/json', 'non', 'oui', 'file', '2014-02-12 17:00:18'),
('kml', 'Keyhole Markup Language', '', 'application/vnd.google-earth.kml+xml', 'non', 'oui', 'file', '2014-02-12 17:00:18'),
('kmz', 'Google Earth Placemark File', '', 'application/vnd.google-earth.kmz', 'non', 'oui', 'file', '2014-02-12 17:00:18'),
('lyx', 'Lyx file', '', 'application/x-lyx', 'non', 'oui', 'file', '2014-02-12 17:00:18'),
('m2p', 'MPEG-PS', '', 'video/MP2P', 'embed', 'oui', 'video', '2014-02-12 17:00:18'),
('m2ts', 'BDAV MPEG-2 Transport Stream', '', 'video/MP2T', 'embed', 'oui', 'video', '2014-02-12 17:00:18'),
('m3u', 'M3U Playlist', '', 'text/plain', 'non', 'oui', 'file', '2014-02-12 17:00:18'),
('m3u8', 'M3U8 Playlist', '', 'text/plain', 'non', 'oui', 'file', '2014-02-12 17:00:18'),
('m4a', 'MPEG4 Audio', '', 'audio/mp4a-latm', 'embed', 'oui', 'audio', '2014-02-12 17:00:18'),
('m4b', 'MPEG4 Audio', '', 'audio/mp4a-latm', 'embed', 'oui', 'audio', '2014-02-12 17:00:18'),
('m4p', 'MPEG4 Audio', '', 'audio/mp4a-latm', 'embed', 'oui', 'audio', '2014-02-12 17:00:18'),
('m4r', 'iPhone Ringtone', '', 'audio/aac', 'embed', 'oui', 'audio', '2014-02-12 17:00:18'),
('m4u', 'MPEG4 Playlist', '', 'video/vnd.mpegurl', 'non', 'oui', 'video', '2014-02-12 17:00:18'),
('m4v', 'MPEG4 Video', '', 'video/x-m4v', 'embed', 'oui', 'video', '2014-02-12 17:00:18'),
('mathml', 'MathML', '', 'application/mathml+xml', 'non', 'oui', 'file', '2014-02-12 17:00:18'),
('mbtiles', 'MBTiles', '', 'application/x-sqlite3', 'non', 'oui', 'file', '2014-02-12 17:00:18'),
('mid', 'Midi', '', 'audio/midi', 'embed', 'oui', 'audio', '2014-02-12 17:00:18'),
('mka', 'Matroska Audio', '', 'audio/mka', 'embed', 'oui', 'audio', '2014-02-12 17:00:18'),
('mkv', 'Matroska Video', '', 'video/mkv', 'embed', 'oui', 'video', '2014-02-12 17:00:18'),
('mng', 'MNG', '', 'video/x-mng', 'embed', 'oui', 'video', '2014-02-12 17:00:18'),
('mov', 'QuickTime', '', 'video/quicktime', 'embed', 'oui', 'video', '2014-02-12 17:00:18'),
('mp3', 'MP3', '', 'audio/mpeg', 'embed', 'oui', 'audio', '2014-02-12 17:00:18'),
('mp4', 'MPEG4', '', 'application/mp4', 'embed', 'oui', 'video', '2014-02-12 17:00:18'),
('mpc', 'Musepack', '', 'audio/x-musepack', 'embed', 'oui', 'audio', '2014-02-12 17:00:18'),
('mpg', 'MPEG', '', 'video/mpeg', 'embed', 'oui', 'video', '2014-02-12 17:00:18'),
('mts', 'AVCHD MPEG-2 transport stream', '', 'video/MP2T', 'embed', 'oui', 'video', '2014-02-12 17:00:18'),
('odb', 'OpenDocument Database', '', 'application/vnd.oasis.opendocument.database', 'non', 'oui', 'file', '2014-02-12 17:00:18'),
('odc', 'OpenDocument Chart', '', 'application/vnd.oasis.opendocument.chart', 'non', 'oui', 'file', '2014-02-12 17:00:18'),
('odf', 'OpenDocument Formula', '', 'application/vnd.oasis.opendocument.formula', 'non', 'oui', 'file', '2014-02-12 17:00:18'),
('odg', 'OpenDocument Graphics', '', 'application/vnd.oasis.opendocument.graphics', 'non', 'oui', 'file', '2014-02-12 17:00:18'),
('odi', 'OpenDocument Image', '', 'application/vnd.oasis.opendocument.image', 'non', 'oui', 'file', '2014-02-12 17:00:18'),
('odm', 'OpenDocument Text-master', '', 'application/vnd.oasis.opendocument.text-master', 'non', 'oui', 'file', '2014-02-12 17:00:18'),
('odp', 'OpenDocument Presentation', '', 'application/vnd.oasis.opendocument.presentation', 'non', 'oui', 'file', '2014-02-12 17:00:18'),
('ods', 'OpenDocument Spreadsheet', '', 'application/vnd.oasis.opendocument.spreadsheet', 'non', 'oui', 'file', '2014-02-12 17:00:18'),
('odt', 'OpenDocument Text', '', 'application/vnd.oasis.opendocument.text', 'non', 'oui', 'file', '2014-02-12 17:00:18'),
('oga', 'Ogg Audio', '', 'audio/ogg', 'embed', 'oui', 'audio', '2014-02-12 17:00:18'),
('ogg', 'Ogg Vorbis', '', 'audio/ogg', 'embed', 'oui', 'audio', '2014-02-12 17:00:18'),
('ogv', 'Ogg Video', '', 'video/ogg', 'embed', 'oui', 'video', '2014-02-12 17:00:18'),
('ogx', 'Ogg Multiplex', '', 'application/ogg', 'embed', 'oui', 'video', '2014-02-12 17:00:18'),
('otg', 'OpenDocument Graphics-template', '', 'application/vnd.oasis.opendocument.graphics-template', 'non', 'oui', 'file', '2014-02-12 17:00:18'),
('otp', 'OpenDocument Presentation-template', '', 'application/vnd.oasis.opendocument.presentation-template', 'non', 'oui', 'file', '2014-02-12 17:00:18'),
('ots', 'OpenDocument Spreadsheet-template', '', 'application/vnd.oasis.opendocument.spreadsheet-template', 'non', 'oui', 'file', '2014-02-12 17:00:18'),
('ott', 'OpenDocument Text-template', '', 'application/vnd.oasis.opendocument.text-template', 'non', 'oui', 'file', '2014-02-12 17:00:18'),
('pas', 'Pascal', '', 'text/x-pascal', 'non', 'oui', 'file', '2014-02-12 17:00:18'),
('pdf', 'PDF', '', 'application/pdf', 'non', 'oui', 'file', '2014-02-12 17:00:18'),
('pgn', 'Portable Game Notation', '', 'application/x-chess-pgn', 'non', 'oui', 'file', '2014-02-12 17:00:18'),
('pls', 'Playlist', '', 'text/plain', 'non', 'oui', 'file', '2014-02-12 17:00:18'),
('png', 'PNG', '', 'image/png', 'image', 'oui', 'image', '2014-02-12 17:00:18'),
('pot', 'PowerPoint Template', '', 'application/vnd.ms-powerpoint', 'non', 'oui', 'file', '2014-02-12 17:00:18'),
('potm', 'Powerpoint template', '', 'application/vnd.ms-powerpoint.template.macroEnabled.12', 'non', 'oui', 'file', '2014-02-12 17:00:18'),
('potx', 'Powerpoint template', '', 'application/vnd.openxmlformats-officedocument.presentationml.template', 'non', 'oui', 'file', '2014-02-12 17:00:18'),
('ppam', 'Powerpoint addin', '', 'application/vnd.ms-powerpoint.addin.macroEnabled.12', 'non', 'oui', 'file', '2014-02-12 17:00:18'),
('ppsm', 'Powerpoint slideshow', '', 'application/vnd.ms-powerpoint.slideshow.macroEnabled.12', 'non', 'oui', 'file', '2014-02-12 17:00:18'),
('ppsx', 'Powerpoint slideshow', '', 'application/vnd.openxmlformats-officedocument.presentationml.slideshow', 'non', 'oui', 'file', '2014-02-12 17:00:18'),
('ppt', 'PowerPoint', '', 'application/vnd.ms-powerpoint', 'non', 'oui', 'file', '2014-02-12 17:00:18'),
('pptm', 'Powerpoint', '', 'application/vnd.ms-powerpoint.presentation.macroEnabled.12', 'non', 'oui', 'file', '2014-02-12 17:00:18'),
('pptx', 'Powerpoint', '', 'application/vnd.openxmlformats-officedocument.presentationml.presentation', 'non', 'oui', 'file', '2014-02-12 17:00:18'),
('ps', 'PostScript', '', 'application/postscript', 'non', 'oui', 'file', '2014-02-12 17:00:18'),
('psd', 'Photoshop', '', 'image/x-photoshop', 'non', 'oui', 'image', '2014-02-12 17:00:18'),
('qt', 'QuickTime', '', 'video/quicktime', 'embed', 'oui', 'video', '2014-02-12 17:00:18'),
('ra', 'RealAudio', '', 'audio/x-pn-realaudio', 'embed', 'oui', 'audio', '2014-02-12 17:00:18'),
('ram', 'RealAudio', '', 'audio/x-pn-realaudio', 'embed', 'oui', 'audio', '2014-02-12 17:00:18'),
('rar', 'WinRAR', '', 'application/x-rar-compressed', 'non', 'oui', 'file', '2014-02-12 17:00:18'),
('rdf', 'Resource Description Framework', '', 'application/rdf+xml', 'non', 'oui', 'file', '2014-02-12 17:00:18'),
('ris', 'RIS', '', 'application/x-research-info-systems', 'non', 'oui', 'file', '2014-02-12 17:00:18'),
('rm', 'RealAudio', '', 'audio/x-pn-realaudio', 'embed', 'oui', 'audio', '2014-02-12 17:00:18'),
('rpm', 'RedHat/Mandrake/SuSE', '', 'application/x-redhat-package-manager', 'non', 'oui', 'file', '2014-02-12 17:00:18'),
('rtf', 'RTF', '', 'application/rtf', 'non', 'oui', 'file', '2014-02-12 17:00:18'),
('sdc', 'StarOffice Spreadsheet', '', 'application/vnd.stardivision.calc', 'non', 'oui', 'file', '2014-02-12 17:00:18'),
('sdd', 'StarOffice Presentation', '', 'application/vnd.stardivision.impress', 'non', 'oui', 'file', '2014-02-12 17:00:18'),
('sdw', 'StarOffice Writer document', '', 'application/vnd.stardivision.writer', 'non', 'oui', 'file', '2014-02-12 17:00:18'),
('sit', 'Stuffit', '', 'application/x-stuffit', 'non', 'oui', 'file', '2014-02-12 17:00:18'),
('sla', 'Scribus', '', 'application/x-scribus', 'non', 'oui', 'file', '2014-02-12 17:00:18'),
('spx', 'Ogg Speex', '', 'audio/ogg', 'embed', 'oui', 'audio', '2014-02-12 17:00:18'),
('srt', 'SubRip Subtitle', '', 'text/plain', 'non', 'oui', 'file', '2014-02-12 17:00:18'),
('ssa', 'SubStation Alpha Subtitle', '', 'text/plain', 'non', 'oui', 'file', '2014-02-12 17:00:18'),
('sty', 'LaTeX Style Sheet', '', 'text/x-tex', 'non', 'oui', 'file', '2014-02-12 17:00:18'),
('svg', 'Scalable Vector Graphics', '', 'image/svg+xml', 'embed', 'oui', 'image', '2014-02-12 17:00:18'),
('svgz', 'Compressed Scalable Vector Graphic', '', 'image/svg+xml', 'embed', 'oui', 'image', '2014-02-12 17:00:18'),
('swf', 'Flash', '', 'application/x-shockwave-flash', 'embed', 'oui', 'video', '2014-02-12 17:00:18'),
('sxc', 'OpenOffice.org Calc', '', 'application/vnd.sun.xml.calc', 'non', 'oui', 'file', '2014-02-12 17:00:18'),
('sxi', 'OpenOffice.org Impress', '', 'application/vnd.sun.xml.impress', 'non', 'oui', 'file', '2014-02-12 17:00:18'),
('sxw', 'OpenOffice.org', '', 'application/vnd.sun.xml.writer', 'non', 'oui', 'file', '2014-02-12 17:00:18'),
('tar', 'Tar', '', 'application/x-tar', 'non', 'oui', 'file', '2014-02-12 17:00:18'),
('tex', 'LaTeX', '', 'text/x-tex', 'non', 'oui', 'file', '2014-02-12 17:00:18'),
('tgz', 'TGZ', '', 'application/x-gtar', 'non', 'oui', 'file', '2014-02-12 17:00:18'),
('tif', 'TIFF', '', 'image/tiff', 'embed', 'oui', 'image', '2014-02-12 17:00:18'),
('torrent', 'BitTorrent', '', 'application/x-bittorrent', 'non', 'oui', 'file', '2014-02-12 17:00:18'),
('ts', 'MPEG transport stream', '', 'video/MP2T', 'embed', 'oui', 'video', '2014-02-12 17:00:18'),
('ttf', 'TTF Font', '', 'application/x-font-ttf', 'non', 'oui', 'file', '2014-02-12 17:00:18'),
('txt', 'Texte', '', 'text/plain', 'non', 'oui', 'file', '2014-02-12 17:00:18'),
('usf', 'Universal Subtitle Format', '', 'application/xml', 'non', 'oui', 'file', '2014-02-12 17:00:18'),
('wav', 'WAV', '', 'audio/x-wav', 'embed', 'oui', 'audio', '2014-02-12 17:00:18'),
('webm', 'WebM', '', 'video/webm', 'embed', 'oui', 'video', '2014-02-12 17:00:18'),
('wma', 'Windows Media Audio', '', 'audio/x-ms-wma', 'embed', 'oui', 'audio', '2014-02-12 17:00:18'),
('wmf', 'Windows Metafile', '', 'image/x-emf', 'non', 'oui', 'image', '2014-02-12 17:00:18'),
('wmv', 'Windows Media Video', '', 'video/x-ms-wmv', 'embed', 'oui', 'video', '2014-02-12 17:00:18'),
('wpl', 'Windows Media Player Playlist', '', 'application/vnd.ms-wpl', 'non', 'oui', 'file', '2014-02-12 17:00:18'),
('xcf', 'GIMP multi-layer', '', 'application/x-xcf', 'non', 'oui', 'file', '2014-02-12 17:00:18'),
('xlam', 'Excel', '', 'application/vnd.ms-excel.addin.macroEnabled.12', 'non', 'oui', 'file', '2014-02-12 17:00:18'),
('xls', 'Excel', '', 'application/vnd.ms-excel', 'non', 'oui', 'file', '2014-02-12 17:00:18'),
('xlsb', 'Excel binary', '', 'application/vnd.ms-excel.sheet.binary.macroEnabled.12', 'non', 'oui', 'file', '2014-02-12 17:00:18'),
('xlsm', 'Excel', '', 'application/vnd.ms-excel.sheet.macroEnabled.12', 'non', 'oui', 'file', '2014-02-12 17:00:18'),
('xlsx', 'Excel', '', 'application/vnd.openxmlformats-officedocument.spreadsheetml.sheet', 'non', 'oui', 'file', '2014-02-12 17:00:18'),
('xlt', 'Excel Template', '', 'application/vnd.ms-excel', 'non', 'oui', 'file', '2014-02-12 17:00:18'),
('xltm', 'Excel template', '', 'application/vnd.ms-excel.template.macroEnabled.12', 'non', 'oui', 'file', '2014-02-12 17:00:18'),
('xltx', 'Excel template', '', 'application/vnd.openxmlformats-officedocument.spreadsheetml.template', 'non', 'oui', 'file', '2014-02-12 17:00:18'),
('xml', 'XML', '', 'application/xml', 'non', 'oui', 'file', '2014-02-12 17:00:18'),
('xspf', 'XSPF', '', 'application/xspf+xml', 'non', 'oui', 'file', '2014-02-12 17:00:18'),
('y4m', 'YUV4MPEG2', '', 'video/x-raw-yuv', 'embed', 'oui', 'video', '2014-02-12 17:00:18'),
('yaml', 'YAML', '', 'text/yaml', 'non', 'oui', 'file', '2014-02-12 17:00:18'),
('zip', 'Zip', '', 'application/zip', 'non', 'oui', 'file', '2014-02-12 17:00:18');

-- --------------------------------------------------------

--
-- Structure de la table `spip_urls`
--

CREATE TABLE IF NOT EXISTS `spip_urls` (
  `id_parent` bigint(21) NOT NULL DEFAULT '0',
  `url` varchar(255) NOT NULL,
  `type` varchar(15) NOT NULL DEFAULT 'article',
  `id_objet` bigint(21) NOT NULL,
  `date` datetime NOT NULL DEFAULT '0000-00-00 00:00:00',
  `segments` smallint(3) NOT NULL DEFAULT '1',
  `perma` tinyint(1) NOT NULL DEFAULT '0',
  PRIMARY KEY (`id_parent`,`url`),
  KEY `type` (`type`,`id_objet`)
) ENGINE=InnoDB DEFAULT CHARSET=utf8;

-- --------------------------------------------------------

--
-- Structure de la table `spip_versions`
--

CREATE TABLE IF NOT EXISTS `spip_versions` (
  `id_version` bigint(21) NOT NULL DEFAULT '0',
  `id_objet` bigint(21) NOT NULL DEFAULT '0',
  `objet` varchar(25) NOT NULL DEFAULT '',
  `date` datetime NOT NULL DEFAULT '0000-00-00 00:00:00',
  `id_auteur` varchar(23) NOT NULL DEFAULT '',
  `titre_version` text NOT NULL,
  `permanent` char(3) NOT NULL DEFAULT '',
  `champs` text NOT NULL,
  PRIMARY KEY (`id_version`,`id_objet`,`objet`),
  KEY `id_version` (`id_version`),
  KEY `id_objet` (`id_objet`),
  KEY `objet` (`objet`)
) ENGINE=InnoDB DEFAULT CHARSET=utf8;

-- --------------------------------------------------------

--
-- Structure de la table `spip_versions_fragments`
--

CREATE TABLE IF NOT EXISTS `spip_versions_fragments` (
  `id_fragment` int(10) unsigned NOT NULL DEFAULT '0',
  `version_min` int(10) unsigned NOT NULL DEFAULT '0',
  `version_max` int(10) unsigned NOT NULL DEFAULT '0',
  `id_objet` bigint(21) NOT NULL,
  `objet` varchar(25) NOT NULL DEFAULT '',
  `compress` tinyint(4) NOT NULL,
  `fragment` longblob,
  PRIMARY KEY (`id_objet`,`objet`,`id_fragment`,`version_min`)
) ENGINE=InnoDB DEFAULT CHARSET=utf8;

-- --------------------------------------------------------

--
-- Structure de la table `spip_visites`
--

CREATE TABLE IF NOT EXISTS `spip_visites` (
  `date` date NOT NULL,
  `visites` int(10) unsigned NOT NULL DEFAULT '0',
  `maj` timestamp NOT NULL DEFAULT CURRENT_TIMESTAMP ON UPDATE CURRENT_TIMESTAMP,
  PRIMARY KEY (`date`)
) ENGINE=InnoDB DEFAULT CHARSET=utf8;

-- --------------------------------------------------------

--
-- Structure de la table `spip_visites_articles`
--

CREATE TABLE IF NOT EXISTS `spip_visites_articles` (
  `date` date NOT NULL,
  `id_article` int(10) unsigned NOT NULL,
  `visites` int(10) unsigned NOT NULL DEFAULT '0',
  `maj` timestamp NOT NULL DEFAULT CURRENT_TIMESTAMP ON UPDATE CURRENT_TIMESTAMP,
  PRIMARY KEY (`date`,`id_article`)
) ENGINE=InnoDB DEFAULT CHARSET=utf8;

